{"id":1281,"date":"2016-10-25T12:51:49","date_gmt":"2016-10-25T12:51:49","guid":{"rendered":"http:\/\/www.ahnenforschung-jackmuth.de\/?page_id=1281"},"modified":"2016-10-25T13:03:49","modified_gmt":"2016-10-25T13:03:49","slug":"osterspai-taufen-1652-1680-10","status":"publish","type":"page","link":"https:\/\/www.ahnenforschung-jackmuth.de\/?page_id=1281","title":{"rendered":"Osterspai &#8211; Taufen 1652-1680 (10)"},"content":{"rendered":"<h5><strong>Eisenhut<\/strong><\/h5>\n<hr \/>\n<p><strong><span style=\"color: #ff0000;\">Eisenhut, Ambrosius: <\/span><\/strong>Schreiner<strong><em><br \/>\n<\/em><\/strong><\/p>\n<p style=\"padding-left: 30px;\"><strong>Name: <\/strong>bei Taufe 1673 <em>Ambrosius Eisenhut, schrinarius<br \/>\n<\/em><strong>Herkunft: <\/strong>St. P\u00f6lten, \u00d6sterreich<br \/>\n<strong>Bem.: <\/strong>der Pfarrer vermerkt <em>parens Ambrosius Eisenhut oriundus ex civitate S. P\u00f6lten in Austria, habitat modo in valle e regione Confluentiae in aedibus Domini Schmaltz<\/em><\/p>\n<p><strong>oo <\/strong>mit<\/p>\n<p style=\"padding-left: 60px;\"><strong>Christina<br \/>\n<\/strong><\/p>\n<p style=\"padding-left: 90px;\"><strong>Name: <\/strong>bei Taufe 1673 nur<em> Christina<\/em><\/p>\n<table border=\"0\" width=\"100%\" cellspacing=\"0\" cellpadding=\"1\">\n<tbody>\n<tr valign=\"TOP\">\n<td width=\"7%\">1)<\/td>\n<td width=\"20%\">Paul<\/td>\n<td width=\"30%\">gt. 22.07.1673 [194]<\/td>\n<td width=\"43%\"><\/td>\n<\/tr>\n<\/tbody>\n<\/table>\n<p><strong>Paten<br \/>\n<\/strong>zu 1) <em>Paulus Bertram ex Osterspey et Gertrudis, uxor Simonis Kerpensis, cellerarii D[omini] de Carpen<\/em><\/p>\n<hr \/>\n<p><span style=\"font-size: small;\"><b>Letztes Update: Oktober 2016<\/b><\/span><br \/>\n<span style=\"font-size: small;\"><b>Ralph Jackmuth<\/b><\/span><\/p>\n","protected":false},"excerpt":{"rendered":"<p>Eisenhut Eisenhut, Ambrosius: Schreiner Name: bei Taufe 1673 Ambrosius Eisenhut, schrinarius Herkunft: St. P\u00f6lten, \u00d6sterreich Bem.: der Pfarrer vermerkt parens Ambrosius Eisenhut oriundus ex civitate S. P\u00f6lten in Austria, habitat modo in valle e regione Confluentiae in aedibus Domini Schmaltz oo mit Christina Name: bei Taufe 1673 nur Christina 1) Paul gt. 22.07.1673 [194] Paten &hellip; <a href=\"https:\/\/www.ahnenforschung-jackmuth.de\/?page_id=1281\" class=\"more-link\"><span class=\"screen-reader-text\">\u201eOsterspai &#8211; Taufen 1652-1680 (10)\u201c<\/span> weiterlesen<\/a><\/p>\n","protected":false},"author":1,"featured_media":0,"parent":0,"menu_order":0,"comment_status":"closed","ping_status":"closed","template":"","meta":{"footnotes":""},"class_list":["post-1281","page","type-page","status-publish","hentry"],"_links":{"self":[{"href":"https:\/\/www.ahnenforschung-jackmuth.de\/index.php?rest_route=\/wp\/v2\/pages\/1281","targetHints":{"allow":["GET"]}}],"collection":[{"href":"https:\/\/www.ahnenforschung-jackmuth.de\/index.php?rest_route=\/wp\/v2\/pages"}],"about":[{"href":"https:\/\/www.ahnenforschung-jackmuth.de\/index.php?rest_route=\/wp\/v2\/types\/page"}],"author":[{"embeddable":true,"href":"https:\/\/www.ahnenforschung-jackmuth.de\/index.php?rest_route=\/wp\/v2\/users\/1"}],"replies":[{"embeddable":true,"href":"https:\/\/www.ahnenforschung-jackmuth.de\/index.php?rest_route=%2Fwp%2Fv2%2Fcomments&post=1281"}],"version-history":[{"count":0,"href":"https:\/\/www.ahnenforschung-jackmuth.de\/index.php?rest_route=\/wp\/v2\/pages\/1281\/revisions"}],"wp:attachment":[{"href":"https:\/\/www.ahnenforschung-jackmuth.de\/index.php?rest_route=%2Fwp%2Fv2%2Fmedia&parent=1281"}],"curies":[{"name":"wp","href":"https:\/\/api.w.org\/{rel}","templated":true}]}}