{"id":11669,"date":"2024-06-08T13:08:41","date_gmt":"2024-06-08T13:08:41","guid":{"rendered":"https:\/\/www.ahnenforschung-jackmuth.de\/?page_id=11669"},"modified":"2024-06-08T13:10:48","modified_gmt":"2024-06-08T13:10:48","slug":"ofb-becheln-ohne-nachname","status":"publish","type":"page","link":"https:\/\/www.ahnenforschung-jackmuth.de\/?page_id=11669","title":{"rendered":"OFB Becheln &#8211; Ohne Nachname"},"content":{"rendered":"<p><span style=\"font-family: times new roman, times, serif; font-size: 10pt;\"><span style=\"color: #ff0000;\"><strong>Gela:<\/strong><\/span> nassau-diezisch leibeigen; ist nach dem EV 1648 33 Jahre alt, ohne Kinder, und hat hat 1 Ochsen, 1 Kuh, Schatzung: 175 fl.<\/span><\/p>\n<hr \/>\n<p><span style=\"font-family: times new roman, times, serif; font-size: 10pt;\"><span style=\"color: #ff0000;\"><strong>Hans Th\u00f6nges:<\/strong> <\/span>nassau-diezisch leibeigen; ein lediger Geselle; ist nach dem EV 1648 16 Jahre alt, Schatzung: 360 fl.<\/span><\/p>\n<hr \/>\n<p><span style=\"font-family: times new roman, times, serif; font-size: 10pt;\"><span style=\"color: #ff0000;\"><strong>Arnold:<\/strong><\/span> der Hofmann: ist nach dem EV 1665 38 Jahre alt<\/span><\/p>\n<p><span style=\"font-family: times new roman, times, serif; font-size: 10pt;\"><strong>oo<\/strong> mit <strong>Christina:<\/strong> ist nach dem EV 1665 30 Jahre alt<\/span><\/p>\n<table>\n<tbody>\n<tr>\n<td style=\"text-align: center;\" width=\"30\"><span style=\"font-family: times new roman, times, serif; font-size: 10pt;\"><strong>Nr.<\/strong><\/span><\/td>\n<td width=\"138\"><span style=\"font-family: times new roman, times, serif; font-size: 10pt;\"><strong>Vorname (normiert)<\/strong><\/span><\/td>\n<td style=\"text-align: center;\" width=\"68\"><span style=\"font-family: times new roman, times, serif; font-size: 10pt;\"><strong>geboren<\/strong><\/span><\/td>\n<td style=\"text-align: center;\" width=\"77\"><span style=\"font-family: times new roman, times, serif; font-size: 10pt;\"><strong>getauft<\/strong><\/span><\/td>\n<td style=\"text-align: center;\" width=\"70\"><span style=\"font-family: times new roman, times, serif; font-size: 10pt;\"><strong>konfirmiert<\/strong><\/span><\/td>\n<td style=\"text-align: center;\" width=\"70\"><span style=\"font-family: times new roman, times, serif; font-size: 10pt;\"><strong>gestorben<\/strong><\/span><\/td>\n<td style=\"text-align: center;\" width=\"68\"><span style=\"font-family: times new roman, times, serif; font-size: 10pt;\"><strong>begraben<\/strong><\/span><\/td>\n<td style=\"text-align: center;\" width=\"38\"><span style=\"font-family: times new roman, times, serif; font-size: 10pt;\"><strong>Alter<\/strong><\/span><\/td>\n<td style=\"text-align: center;\" width=\"44\"><span style=\"font-family: times new roman, times, serif; font-size: 10pt;\"><strong>Stand<\/strong><\/span><\/td>\n<\/tr>\n<tr>\n<td style=\"text-align: center;\" width=\"30\"><span style=\"font-family: times new roman, times, serif; font-size: 10pt;\">1<\/span><\/td>\n<td width=\"138\"><span style=\"font-family: times new roman, times, serif; font-size: 10pt;\">Anna Maria<\/span><\/td>\n<td style=\"text-align: center;\" width=\"68\"><span style=\"font-family: times new roman, times, serif; font-size: 10pt;\">ca. 1661<\/span><\/td>\n<td style=\"text-align: center;\" width=\"77\"><span style=\"font-family: times new roman, times, serif; font-size: 10pt;\"><strong>\u00a0<\/strong><\/span><\/td>\n<td style=\"text-align: center;\" width=\"70\"><span style=\"font-family: times new roman, times, serif; font-size: 10pt;\"><strong>\u00a0<\/strong><\/span><\/td>\n<td style=\"text-align: center;\" width=\"70\"><span style=\"font-family: times new roman, times, serif; font-size: 10pt;\"><strong>\u00a0<\/strong><\/span><\/td>\n<td style=\"text-align: center;\" width=\"68\"><span style=\"font-family: times new roman, times, serif; font-size: 10pt;\"><strong>\u00a0<\/strong><\/span><\/td>\n<td style=\"text-align: center;\" width=\"38\"><span style=\"font-family: times new roman, times, serif; font-size: 10pt;\"><strong>\u00a0<\/strong><\/span><\/td>\n<td style=\"text-align: center;\" width=\"44\"><\/td>\n<\/tr>\n<tr>\n<td style=\"text-align: center;\" width=\"30\"><span style=\"font-family: times new roman, times, serif; font-size: 10pt;\">2<\/span><\/td>\n<td width=\"138\"><span style=\"font-family: times new roman, times, serif; font-size: 10pt;\"><em>Eltz<\/em><\/span><\/td>\n<td style=\"text-align: center;\" width=\"68\"><span style=\"font-family: times new roman, times, serif; font-size: 10pt;\">ca. 1663<\/span><\/td>\n<td style=\"text-align: center;\" width=\"77\"><span style=\"font-family: times new roman, times, serif; font-size: 10pt;\"><strong>\u00a0<\/strong><\/span><\/td>\n<td style=\"text-align: center;\" width=\"70\"><span style=\"font-family: times new roman, times, serif; font-size: 10pt;\"><strong>\u00a0<\/strong><\/span><\/td>\n<td style=\"text-align: center;\" width=\"70\"><span style=\"font-family: times new roman, times, serif; font-size: 10pt;\"><strong>\u00a0<\/strong><\/span><\/td>\n<td style=\"text-align: center;\" width=\"68\"><span style=\"font-family: times new roman, times, serif; font-size: 10pt;\"><strong>\u00a0<\/strong><\/span><\/td>\n<td style=\"text-align: center;\" width=\"38\"><span style=\"font-family: times new roman, times, serif; font-size: 10pt;\"><strong>\u00a0<\/strong><\/span><\/td>\n<td style=\"text-align: center;\" width=\"44\"><\/td>\n<\/tr>\n<\/tbody>\n<\/table>\n<p><span style=\"font-family: times new roman, times, serif; font-size: 10pt;\">Kind Nr. 1) ist nach dem EV 1665 4 Jahre alt<br \/>\n<\/span><span style=\"font-family: times new roman, times, serif; font-size: 10pt;\">Kind Nr. 2) ist nach dem EV 1665 2 Jahre alt<\/span><\/p>\n<hr \/>\n<p><span style=\"font-family: times new roman, times, serif; font-size: 10pt;\"><span style=\"color: #ff0000;\"><strong>Katharina:<\/strong> <\/span>Mutter des Sch\u00e4fers Johannes zu Miehlen; bg. 14.04.1667 Becheln<\/span><\/p>\n<hr \/>\n<p><span style=\"font-family: times new roman, times, serif; font-size: 10pt;\"><span style=\"color: #ff0000;\"><strong>Anna Katharina:<\/strong><\/span> T\u00f6chterlein des Th\u00f6nges, gewesener Kuhhirte auf dem Hinterwald; + 30.03.1675 Becheln (bg. 31.03.)<\/span><\/p>\n<hr \/>\n<p style=\"text-align: justify;\"><span style=\"font-family: times new roman, times, serif; font-size: 10pt; color: #ff0000;\"><strong>N. <\/strong><\/span><span style=\"font-family: times new roman, times, serif; font-size: 10pt;\"><span style=\"color: #ff0000;\"><strong>N.:<\/strong><\/span> + 1686 Becheln; <em>NB. Gleich zu Anfang meiner Bedienung ist ein alte Fraw zu Becheln v[er]storben, hat &#8230; H[err] &#8230;, Pfarrer zu Holtzhausen begraben.<\/em><\/span><\/p>\n<hr \/>\n<p style=\"text-align: justify;\"><span style=\"font-family: times new roman, times, serif; font-size: 10pt;\"><span style=\"color: #ff0000;\"><strong>N. N.:<\/strong><\/span> <em>ein armer Mann, so mit seiner Frau daselbsten ein Kind taufen la\u00dfen, so in die Mitte der beyden vorhergehenden zu setzen; der Nahme ist mir entfallen: die Eltern waren Catholicken, die im Land umherziehen<\/em><\/span><\/p>\n<table style=\"width: 100%;\">\n<tbody>\n<tr>\n<td style=\"text-align: center; width: 5.83333%;\" width=\"22\"><span style=\"font-family: times new roman, times, serif; font-size: 10pt;\"><strong>Nr.<\/strong><\/span><\/td>\n<td style=\"width: 20.8333%;\" width=\"145\"><span style=\"font-family: times new roman, times, serif; font-size: 10pt;\"><strong>Vorname (normiert)<\/strong><\/span><\/td>\n<td style=\"text-align: center; width: 12.7381%;\" width=\"79\"><span style=\"font-family: times new roman, times, serif; font-size: 10pt;\"><strong>geboren<\/strong><\/span><\/td>\n<td style=\"text-align: center; width: 11.3095%;\" width=\"69\"><span style=\"font-family: times new roman, times, serif; font-size: 10pt;\"><strong>getauft<\/strong><\/span><\/td>\n<td style=\"text-align: center; width: 11.3095%;\" width=\"69\"><span style=\"font-family: times new roman, times, serif; font-size: 10pt;\"><strong>konfirmiert<\/strong><\/span><\/td>\n<td style=\"text-align: center; width: 11.3095%;\" width=\"69\"><span style=\"font-family: times new roman, times, serif; font-size: 10pt;\"><strong>gestorben<\/strong><\/span><\/td>\n<td style=\"text-align: center; width: 10.9524%;\" width=\"66\"><span style=\"font-family: times new roman, times, serif; font-size: 10pt;\"><strong>begraben<\/strong><\/span><\/td>\n<td style=\"text-align: center; width: 7.85714%;\" width=\"43\"><span style=\"font-family: times new roman, times, serif; font-size: 10pt;\"><strong>Alter<\/strong><\/span><\/td>\n<td style=\"text-align: center; width: 7.7381%;\" width=\"42\"><span style=\"font-family: times new roman, times, serif; font-size: 10pt;\"><strong>Stand<\/strong><\/span><\/td>\n<\/tr>\n<tr>\n<td style=\"text-align: center; width: 5.83333%;\" width=\"22\"><span style=\"font-family: times new roman, times, serif; font-size: 10pt;\">1<\/span><\/td>\n<td style=\"width: 20.8333%;\" width=\"145\"><span style=\"font-family: times new roman, times, serif; font-size: 10pt;\">N. N.<\/span><\/td>\n<td style=\"text-align: center; width: 12.7381%;\" width=\"79\"><span style=\"font-family: times new roman, times, serif; font-size: 10pt;\">xx.xx.1763<\/span><\/td>\n<td style=\"text-align: center; width: 11.3095%;\" width=\"69\"><\/td>\n<td style=\"text-align: center; width: 11.3095%;\" width=\"69\"><\/td>\n<td style=\"text-align: center; width: 11.3095%;\" width=\"69\"><\/td>\n<td style=\"text-align: center; width: 10.9524%;\" width=\"66\"><\/td>\n<td style=\"text-align: center; width: 7.85714%;\" width=\"43\"><\/td>\n<td style=\"text-align: center; width: 7.7381%;\" width=\"42\"><\/td>\n<\/tr>\n<\/tbody>\n<\/table>\n<p><span style=\"font-family: times new roman, times, serif; font-size: 10pt;\"><strong>Paten: <\/strong><em>Tauffzeugen sind aus Becheln gewe\u00dfen, des Schulth. G\u00f6tten Hau\u00dffrau; it. jemand von den adelsheimischen Hoffm\u00e4nnern<\/em><\/span><\/p>\n<hr \/>\n<p><span style=\"font-family: times new roman, times, serif; font-size: 10pt;\"><strong><span style=\"color: #ff0000;\">N. N.:<\/span> <\/strong>ein armer Mann, sich im Hofhaus aufgehalten, kath. Religion<\/span><\/p>\n<p><span style=\"font-family: times new roman, times, serif; font-size: 10pt;\"><strong>oo<\/strong> mit <strong>N. N.<\/strong><\/span><\/p>\n<table style=\"width: 100%;\">\n<tbody>\n<tr>\n<td style=\"text-align: center; width: 5.83333%;\" width=\"23\"><span style=\"font-family: times new roman, times, serif; font-size: 10pt;\"><strong>Nr.<\/strong><\/span><\/td>\n<td style=\"width: 21.1905%;\" width=\"148\"><span style=\"font-family: times new roman, times, serif; font-size: 10pt;\"><strong>Vorname (normiert)<\/strong><\/span><\/td>\n<td style=\"text-align: center; width: 12.619%;\" width=\"79\"><span style=\"font-family: times new roman, times, serif; font-size: 10pt;\"><strong>geboren<\/strong><\/span><\/td>\n<td style=\"text-align: center; width: 11.3095%;\" width=\"69\"><span style=\"font-family: times new roman, times, serif; font-size: 10pt;\"><strong>getauft<\/strong><\/span><\/td>\n<td style=\"text-align: center; width: 11.3095%;\" width=\"69\"><span style=\"font-family: times new roman, times, serif; font-size: 10pt;\"><strong>konfirmiert<\/strong><\/span><\/td>\n<td style=\"text-align: center; width: 11.3095%;\" width=\"69\"><span style=\"font-family: times new roman, times, serif; font-size: 10pt;\"><strong>gestorben<\/strong><\/span><\/td>\n<td style=\"text-align: center; width: 10.9524%;\" width=\"66\"><span style=\"font-family: times new roman, times, serif; font-size: 10pt;\"><strong>begraben<\/strong><\/span><\/td>\n<td style=\"text-align: center; width: 7.61905%;\" width=\"42\"><span style=\"font-family: times new roman, times, serif; font-size: 10pt;\"><strong>Alter<\/strong><\/span><\/td>\n<td style=\"text-align: center; width: 7.61905%;\" width=\"42\"><span style=\"font-family: times new roman, times, serif; font-size: 10pt;\"><strong>Stand<\/strong><\/span><\/td>\n<\/tr>\n<tr>\n<td style=\"text-align: center; width: 5.83333%;\" width=\"23\"><span style=\"font-family: times new roman, times, serif; font-size: 10pt;\">1<\/span><\/td>\n<td style=\"width: 21.1905%;\" width=\"148\"><span style=\"font-family: times new roman, times, serif; font-size: 10pt;\">Johann Andreas<\/span><\/td>\n<td style=\"text-align: center; width: 12.619%;\" width=\"79\"><span style=\"font-family: times new roman, times, serif; font-size: 10pt;\">11.11.1770<\/span><\/td>\n<td style=\"text-align: center; width: 11.3095%;\" width=\"69\"><\/td>\n<td style=\"text-align: center; width: 11.3095%;\" width=\"69\"><\/td>\n<td style=\"text-align: center; width: 11.3095%;\" width=\"69\"><\/td>\n<td style=\"text-align: center; width: 10.9524%;\" width=\"66\"><\/td>\n<td style=\"text-align: center; width: 7.61905%;\" width=\"42\"><\/td>\n<td style=\"text-align: center; width: 7.61905%;\" width=\"42\"><\/td>\n<\/tr>\n<\/tbody>\n<\/table>\n<hr \/>\n<p><span style=\"font-size: 10pt; font-family: times new roman, times, serif;\"><b>Letztes Update: 8. Juni 2024<\/b><\/span><br \/>\n<span style=\"font-size: 10pt; font-family: times new roman, times, serif;\"><b>Ralph Jackmuth<\/b><\/span><\/p>\n","protected":false},"excerpt":{"rendered":"<p>Gela: nassau-diezisch leibeigen; ist nach dem EV 1648 33 Jahre alt, ohne Kinder, und hat hat 1 Ochsen, 1 Kuh, Schatzung: 175 fl. Hans Th\u00f6nges: nassau-diezisch leibeigen; ein lediger Geselle; ist nach dem EV 1648 16 Jahre alt, Schatzung: 360 fl. Arnold: der Hofmann: ist nach dem EV 1665 38 Jahre alt oo mit Christina: &hellip; <a href=\"https:\/\/www.ahnenforschung-jackmuth.de\/?page_id=11669\" class=\"more-link\"><span class=\"screen-reader-text\">\u201eOFB Becheln &#8211; Ohne Nachname\u201c<\/span> weiterlesen<\/a><\/p>\n","protected":false},"author":1,"featured_media":0,"parent":0,"menu_order":0,"comment_status":"closed","ping_status":"closed","template":"","meta":{"footnotes":""},"class_list":["post-11669","page","type-page","status-publish","hentry"],"_links":{"self":[{"href":"https:\/\/www.ahnenforschung-jackmuth.de\/index.php?rest_route=\/wp\/v2\/pages\/11669","targetHints":{"allow":["GET"]}}],"collection":[{"href":"https:\/\/www.ahnenforschung-jackmuth.de\/index.php?rest_route=\/wp\/v2\/pages"}],"about":[{"href":"https:\/\/www.ahnenforschung-jackmuth.de\/index.php?rest_route=\/wp\/v2\/types\/page"}],"author":[{"embeddable":true,"href":"https:\/\/www.ahnenforschung-jackmuth.de\/index.php?rest_route=\/wp\/v2\/users\/1"}],"replies":[{"embeddable":true,"href":"https:\/\/www.ahnenforschung-jackmuth.de\/index.php?rest_route=%2Fwp%2Fv2%2Fcomments&post=11669"}],"version-history":[{"count":0,"href":"https:\/\/www.ahnenforschung-jackmuth.de\/index.php?rest_route=\/wp\/v2\/pages\/11669\/revisions"}],"wp:attachment":[{"href":"https:\/\/www.ahnenforschung-jackmuth.de\/index.php?rest_route=%2Fwp%2Fv2%2Fmedia&parent=11669"}],"curies":[{"name":"wp","href":"https:\/\/api.w.org\/{rel}","templated":true}]}}

<p><span style="font-family: times new roman, times, serif; font-size: 10pt;"><span style="color: #ff0000;"><strong>Gela:</strong></span> nassau-diezisch leibeigen; ist nach dem EV 1648 33 Jahre alt, ohne Kinder, und hat hat 1 Ochsen, 1 Kuh, Schatzung: 175 fl.</span></p>
<hr />
<p><span style="font-family: times new roman, times, serif; font-size: 10pt;"><span style="color: #ff0000;"><strong>Hans Thönges:</strong> </span>nassau-diezisch leibeigen; ein lediger Geselle; ist nach dem EV 1648 16 Jahre alt, Schatzung: 360 fl.</span></p>
<hr />
<p><span style="font-family: times new roman, times, serif; font-size: 10pt;"><span style="color: #ff0000;"><strong>Arnold:</strong></span> der Hofmann: ist nach dem EV 1665 38 Jahre alt</span></p>
<p><span style="font-family: times new roman, times, serif; font-size: 10pt;"><strong>oo</strong> mit <strong>Christina:</strong> ist nach dem EV 1665 30 Jahre alt</span></p>
<table>
<tbody>
<tr>
<td style="text-align: center;" width="30"><span style="font-family: times new roman, times, serif; font-size: 10pt;"><strong>Nr.</strong></span></td>
<td width="138"><span style="font-family: times new roman, times, serif; font-size: 10pt;"><strong>Vorname (normiert)</strong></span></td>
<td style="text-align: center;" width="68"><span style="font-family: times new roman, times, serif; font-size: 10pt;"><strong>geboren</strong></span></td>
<td style="text-align: center;" width="77"><span style="font-family: times new roman, times, serif; font-size: 10pt;"><strong>getauft</strong></span></td>
<td style="text-align: center;" width="70"><span style="font-family: times new roman, times, serif; font-size: 10pt;"><strong>konfirmiert</strong></span></td>
<td style="text-align: center;" width="70"><span style="font-family: times new roman, times, serif; font-size: 10pt;"><strong>gestorben</strong></span></td>
<td style="text-align: center;" width="68"><span style="font-family: times new roman, times, serif; font-size: 10pt;"><strong>begraben</strong></span></td>
<td style="text-align: center;" width="38"><span style="font-family: times new roman, times, serif; font-size: 10pt;"><strong>Alter</strong></span></td>
<td style="text-align: center;" width="44"><span style="font-family: times new roman, times, serif; font-size: 10pt;"><strong>Stand</strong></span></td>
</tr>
<tr>
<td style="text-align: center;" width="30"><span style="font-family: times new roman, times, serif; font-size: 10pt;">1</span></td>
<td width="138"><span style="font-family: times new roman, times, serif; font-size: 10pt;">Anna Maria</span></td>
<td style="text-align: center;" width="68"><span style="font-family: times new roman, times, serif; font-size: 10pt;">ca. 1661</span></td>
<td style="text-align: center;" width="77"><span style="font-family: times new roman, times, serif; font-size: 10pt;"><strong> </strong></span></td>
<td style="text-align: center;" width="70"><span style="font-family: times new roman, times, serif; font-size: 10pt;"><strong> </strong></span></td>
<td style="text-align: center;" width="70"><span style="font-family: times new roman, times, serif; font-size: 10pt;"><strong> </strong></span></td>
<td style="text-align: center;" width="68"><span style="font-family: times new roman, times, serif; font-size: 10pt;"><strong> </strong></span></td>
<td style="text-align: center;" width="38"><span style="font-family: times new roman, times, serif; font-size: 10pt;"><strong> </strong></span></td>
<td style="text-align: center;" width="44"></td>
</tr>
<tr>
<td style="text-align: center;" width="30"><span style="font-family: times new roman, times, serif; font-size: 10pt;">2</span></td>
<td width="138"><span style="font-family: times new roman, times, serif; font-size: 10pt;"><em>Eltz</em></span></td>
<td style="text-align: center;" width="68"><span style="font-family: times new roman, times, serif; font-size: 10pt;">ca. 1663</span></td>
<td style="text-align: center;" width="77"><span style="font-family: times new roman, times, serif; font-size: 10pt;"><strong> </strong></span></td>
<td style="text-align: center;" width="70"><span style="font-family: times new roman, times, serif; font-size: 10pt;"><strong> </strong></span></td>
<td style="text-align: center;" width="70"><span style="font-family: times new roman, times, serif; font-size: 10pt;"><strong> </strong></span></td>
<td style="text-align: center;" width="68"><span style="font-family: times new roman, times, serif; font-size: 10pt;"><strong> </strong></span></td>
<td style="text-align: center;" width="38"><span style="font-family: times new roman, times, serif; font-size: 10pt;"><strong> </strong></span></td>
<td style="text-align: center;" width="44"></td>
</tr>
</tbody>
</table>
<p><span style="font-family: times new roman, times, serif; font-size: 10pt;">Kind Nr. 1) ist nach dem EV 1665 4 Jahre alt<br />
</span><span style="font-family: times new roman, times, serif; font-size: 10pt;">Kind Nr. 2) ist nach dem EV 1665 2 Jahre alt</span></p>
<hr />
<p><span style="font-family: times new roman, times, serif; font-size: 10pt;"><span style="color: #ff0000;"><strong>Katharina:</strong> </span>Mutter des Schäfers Johannes zu Miehlen; bg. 14.04.1667 Becheln</span></p>
<hr />
<p><span style="font-family: times new roman, times, serif; font-size: 10pt;"><span style="color: #ff0000;"><strong>Anna Katharina:</strong></span> Töchterlein des Thönges, gewesener Kuhhirte auf dem Hinterwald; + 30.03.1675 Becheln (bg. 31.03.)</span></p>
<hr />
<p style="text-align: justify;"><span style="font-family: times new roman, times, serif; font-size: 10pt; color: #ff0000;"><strong>N. </strong></span><span style="font-family: times new roman, times, serif; font-size: 10pt;"><span style="color: #ff0000;"><strong>N.:</strong></span> + 1686 Becheln; <em>NB. Gleich zu Anfang meiner Bedienung ist ein alte Fraw zu Becheln v[er]storben, hat &#8230; H[err] &#8230;, Pfarrer zu Holtzhausen begraben.</em></span></p>
<hr />
<p style="text-align: justify;"><span style="font-family: times new roman, times, serif; font-size: 10pt;"><span style="color: #ff0000;"><strong>N. N.:</strong></span> <em>ein armer Mann, so mit seiner Frau daselbsten ein Kind taufen laßen, so in die Mitte der beyden vorhergehenden zu setzen; der Nahme ist mir entfallen: die Eltern waren Catholicken, die im Land umherziehen</em></span></p>
<table style="width: 100%;">
<tbody>
<tr>
<td style="text-align: center; width: 5.83333%;" width="22"><span style="font-family: times new roman, times, serif; font-size: 10pt;"><strong>Nr.</strong></span></td>
<td style="width: 20.8333%;" width="145"><span style="font-family: times new roman, times, serif; font-size: 10pt;"><strong>Vorname (normiert)</strong></span></td>
<td style="text-align: center; width: 12.7381%;" width="79"><span style="font-family: times new roman, times, serif; font-size: 10pt;"><strong>geboren</strong></span></td>
<td style="text-align: center; width: 11.3095%;" width="69"><span style="font-family: times new roman, times, serif; font-size: 10pt;"><strong>getauft</strong></span></td>
<td style="text-align: center; width: 11.3095%;" width="69"><span style="font-family: times new roman, times, serif; font-size: 10pt;"><strong>konfirmiert</strong></span></td>
<td style="text-align: center; width: 11.3095%;" width="69"><span style="font-family: times new roman, times, serif; font-size: 10pt;"><strong>gestorben</strong></span></td>
<td style="text-align: center; width: 10.9524%;" width="66"><span style="font-family: times new roman, times, serif; font-size: 10pt;"><strong>begraben</strong></span></td>
<td style="text-align: center; width: 7.85714%;" width="43"><span style="font-family: times new roman, times, serif; font-size: 10pt;"><strong>Alter</strong></span></td>
<td style="text-align: center; width: 7.7381%;" width="42"><span style="font-family: times new roman, times, serif; font-size: 10pt;"><strong>Stand</strong></span></td>
</tr>
<tr>
<td style="text-align: center; width: 5.83333%;" width="22"><span style="font-family: times new roman, times, serif; font-size: 10pt;">1</span></td>
<td style="width: 20.8333%;" width="145"><span style="font-family: times new roman, times, serif; font-size: 10pt;">N. N.</span></td>
<td style="text-align: center; width: 12.7381%;" width="79"><span style="font-family: times new roman, times, serif; font-size: 10pt;">xx.xx.1763</span></td>
<td style="text-align: center; width: 11.3095%;" width="69"></td>
<td style="text-align: center; width: 11.3095%;" width="69"></td>
<td style="text-align: center; width: 11.3095%;" width="69"></td>
<td style="text-align: center; width: 10.9524%;" width="66"></td>
<td style="text-align: center; width: 7.85714%;" width="43"></td>
<td style="text-align: center; width: 7.7381%;" width="42"></td>
</tr>
</tbody>
</table>
<p><span style="font-family: times new roman, times, serif; font-size: 10pt;"><strong>Paten: </strong><em>Tauffzeugen sind aus Becheln geweßen, des Schulth. Götten Haußfrau; it. jemand von den adelsheimischen Hoffmännern</em></span></p>
<hr />
<p><span style="font-family: times new roman, times, serif; font-size: 10pt;"><strong><span style="color: #ff0000;">N. N.:</span> </strong>ein armer Mann, sich im Hofhaus aufgehalten, kath. Religion</span></p>
<p><span style="font-family: times new roman, times, serif; font-size: 10pt;"><strong>oo</strong> mit <strong>N. N.</strong></span></p>
<table style="width: 100%;">
<tbody>
<tr>
<td style="text-align: center; width: 5.83333%;" width="23"><span style="font-family: times new roman, times, serif; font-size: 10pt;"><strong>Nr.</strong></span></td>
<td style="width: 21.1905%;" width="148"><span style="font-family: times new roman, times, serif; font-size: 10pt;"><strong>Vorname (normiert)</strong></span></td>
<td style="text-align: center; width: 12.619%;" width="79"><span style="font-family: times new roman, times, serif; font-size: 10pt;"><strong>geboren</strong></span></td>
<td style="text-align: center; width: 11.3095%;" width="69"><span style="font-family: times new roman, times, serif; font-size: 10pt;"><strong>getauft</strong></span></td>
<td style="text-align: center; width: 11.3095%;" width="69"><span style="font-family: times new roman, times, serif; font-size: 10pt;"><strong>konfirmiert</strong></span></td>
<td style="text-align: center; width: 11.3095%;" width="69"><span style="font-family: times new roman, times, serif; font-size: 10pt;"><strong>gestorben</strong></span></td>
<td style="text-align: center; width: 10.9524%;" width="66"><span style="font-family: times new roman, times, serif; font-size: 10pt;"><strong>begraben</strong></span></td>
<td style="text-align: center; width: 7.61905%;" width="42"><span style="font-family: times new roman, times, serif; font-size: 10pt;"><strong>Alter</strong></span></td>
<td style="text-align: center; width: 7.61905%;" width="42"><span style="font-family: times new roman, times, serif; font-size: 10pt;"><strong>Stand</strong></span></td>
</tr>
<tr>
<td style="text-align: center; width: 5.83333%;" width="23"><span style="font-family: times new roman, times, serif; font-size: 10pt;">1</span></td>
<td style="width: 21.1905%;" width="148"><span style="font-family: times new roman, times, serif; font-size: 10pt;">Johann Andreas</span></td>
<td style="text-align: center; width: 12.619%;" width="79"><span style="font-family: times new roman, times, serif; font-size: 10pt;">11.11.1770</span></td>
<td style="text-align: center; width: 11.3095%;" width="69"></td>
<td style="text-align: center; width: 11.3095%;" width="69"></td>
<td style="text-align: center; width: 11.3095%;" width="69"></td>
<td style="text-align: center; width: 10.9524%;" width="66"></td>
<td style="text-align: center; width: 7.61905%;" width="42"></td>
<td style="text-align: center; width: 7.61905%;" width="42"></td>
</tr>
</tbody>
</table>
<hr />
<p><span style="font-size: 10pt; font-family: times new roman, times, serif;"><b>Letztes Update: 8. Juni 2024</b></span><br />
<span style="font-size: 10pt; font-family: times new roman, times, serif;"><b>Ralph Jackmuth</b></span></p>

<p>Gela: nassau-diezisch leibeigen; ist nach dem EV 1648 33 Jahre alt, ohne Kinder, und hat hat 1 Ochsen, 1 Kuh, Schatzung: 175 fl. Hans Thönges: nassau-diezisch leibeigen; ein lediger Geselle; ist nach dem EV 1648 16 Jahre alt, Schatzung: 360 fl. Arnold: der Hofmann: ist nach dem EV 1665 38 Jahre alt oo mit Christina: &hellip; <a href="https://www.ahnenforschung-jackmuth.de/?page_id=11669" class="more-link"><span class="screen-reader-text">„OFB Becheln &#8211; Ohne Nachname“</span> weiterlesen</a></p>
