{"id":11525,"date":"2024-06-05T11:46:15","date_gmt":"2024-06-05T11:46:15","guid":{"rendered":"https:\/\/www.ahnenforschung-jackmuth.de\/?page_id=11525"},"modified":"2024-06-05T11:46:15","modified_gmt":"2024-06-05T11:46:15","slug":"ofb-becheln-neuhard","status":"publish","type":"page","link":"https:\/\/www.ahnenforschung-jackmuth.de\/?page_id=11525","title":{"rendered":"OFB Becheln &#8211; Neuhard"},"content":{"rendered":"<p style=\"text-align: justify;\"><span style=\"font-family: 'times new roman', times, serif; font-size: 10pt;\"><span style=\"color: #ff0000;\"><strong><u>Neuhard<\/u><\/strong><strong>, Johann Philipp:<\/strong> <\/span>Schuhmacher aus Greifenstein (so im Sterbeeintrag des Sohnes Johann Friedrich 1819); + 06.12.1810 Becheln, 76 Jahre, 4 Monate weniger 3 Tage alt (bg. 08.12.)<\/span><\/p>\n<p style=\"text-align: justify;\"><span style=\"font-family: 'times new roman', times, serif; font-size: 10pt;\"><strong>oo I. <\/strong>mit <strong><u>Wahl<\/u>, Katharina Elisabeth:<\/strong> * 28.11.1731 Becheln (gt. 01.12.); konf. 22.05.1746; + 07.04.1771 Becheln; Eltern: Johann Peter Wahl und Anna Katharina geb. Freund<\/span><\/p>\n<table style=\"width: 100%;\">\n<tbody>\n<tr>\n<td style=\"text-align: center; width: 5.47619%;\" width=\"21\"><span style=\"font-family: 'times new roman', times, serif; font-size: 10pt;\"><strong>Nr.<\/strong><\/span><\/td>\n<td style=\"width: 19.5238%;\" width=\"134\"><span style=\"font-family: 'times new roman', times, serif; font-size: 10pt;\"><strong>Vorname (normiert)<\/strong><\/span><\/td>\n<td style=\"text-align: center; width: 12.381%;\" width=\"77\"><span style=\"font-family: 'times new roman', times, serif; font-size: 10pt;\"><strong>geboren<\/strong><\/span><\/td>\n<td style=\"text-align: center; width: 11.9048%;\" width=\"73\"><span style=\"font-family: 'times new roman', times, serif; font-size: 10pt;\"><strong>getauft<\/strong><\/span><\/td>\n<td style=\"text-align: center; width: 11.9048%;\" width=\"73\"><span style=\"font-family: 'times new roman', times, serif; font-size: 10pt;\"><strong>konfirmiert<\/strong><\/span><\/td>\n<td style=\"text-align: center; width: 11.9048%;\" width=\"73\"><span style=\"font-family: 'times new roman', times, serif; font-size: 10pt;\"><strong>gestorben<\/strong><\/span><\/td>\n<td style=\"text-align: center; width: 11.4286%;\" width=\"70\"><span style=\"font-family: 'times new roman', times, serif; font-size: 10pt;\"><strong>begraben<\/strong><\/span><\/td>\n<td style=\"text-align: center; width: 7.85714%;\" width=\"43\"><span style=\"font-family: 'times new roman', times, serif; font-size: 10pt;\"><strong>Alter<\/strong><\/span><\/td>\n<td style=\"text-align: center; width: 7.7381%;\" width=\"42\"><span style=\"font-family: 'times new roman', times, serif; font-size: 10pt;\"><strong>Stand<\/strong><\/span><\/td>\n<\/tr>\n<tr>\n<td style=\"text-align: center; width: 5.47619%;\" width=\"21\"><span style=\"font-family: 'times new roman', times, serif; font-size: 10pt;\">1<\/span><\/td>\n<td style=\"width: 19.5238%;\" width=\"134\"><span style=\"font-family: 'times new roman', times, serif; font-size: 10pt;\">Maria Elisabeth<\/span><\/td>\n<td style=\"text-align: center; width: 12.381%;\" width=\"77\"><span style=\"font-family: 'times new roman', times, serif; font-size: 10pt;\">27.11.1762<\/span><\/td>\n<td style=\"text-align: center; width: 11.9048%;\" width=\"73\"><\/td>\n<td style=\"text-align: center; width: 11.9048%;\" width=\"73\"><span style=\"font-family: 'times new roman', times, serif; font-size: 10pt;\">21.04.1776<\/span><\/td>\n<td style=\"text-align: center; width: 11.9048%;\" width=\"73\"><span style=\"font-family: 'times new roman', times, serif; font-size: 10pt;\">02.04.1836<\/span><\/td>\n<td style=\"text-align: center; width: 11.4286%;\" width=\"70\"><span style=\"font-family: 'times new roman', times, serif; font-size: 10pt;\">05.04.1836<\/span><\/td>\n<td style=\"text-align: center; width: 7.85714%;\" width=\"43\"><span style=\"font-family: 'times new roman', times, serif; font-size: 10pt;\">73,39<\/span><\/td>\n<td style=\"text-align: center; width: 7.7381%;\" width=\"42\"><span style=\"font-family: 'times new roman', times, serif; font-size: 10pt;\">verh.<\/span><\/td>\n<\/tr>\n<tr>\n<td style=\"text-align: center; width: 5.47619%;\"><span style=\"font-family: 'times new roman', times, serif; font-size: 10pt;\">2<\/span><\/td>\n<td style=\"width: 19.5238%;\"><span style=\"font-family: 'times new roman', times, serif; font-size: 10pt;\">Johann Friedrich<\/span><\/td>\n<td style=\"text-align: center; width: 12.381%;\"><span style=\"font-family: 'times new roman', times, serif; font-size: 10pt;\">25.11.1764<\/span><\/td>\n<td style=\"text-align: center; width: 11.9048%;\"><\/td>\n<td style=\"text-align: center; width: 11.9048%;\"><span style=\"font-family: 'times new roman', times, serif; font-size: 10pt;\">25.04.1779<\/span><\/td>\n<td style=\"text-align: center; width: 11.9048%;\"><span style=\"font-family: 'times new roman', times, serif; font-size: 10pt;\">08.09.1819<\/span><\/td>\n<td style=\"text-align: center; width: 11.4286%;\"><span style=\"font-family: 'times new roman', times, serif; font-size: 10pt;\">10.09.1819<\/span><\/td>\n<td style=\"text-align: center; width: 7.85714%;\"><span style=\"font-family: 'times new roman', times, serif; font-size: 10pt;\">54,82<\/span><\/td>\n<td style=\"text-align: center; width: 7.7381%;\"><span style=\"font-family: 'times new roman', times, serif; font-size: 10pt;\">verh.<\/span><\/td>\n<\/tr>\n<tr>\n<td style=\"text-align: center; width: 5.47619%;\"><span style=\"font-family: 'times new roman', times, serif; font-size: 10pt;\">3<\/span><\/td>\n<td style=\"width: 19.5238%;\"><span style=\"font-family: 'times new roman', times, serif; font-size: 10pt;\">Johann Philipp<\/span><\/td>\n<td style=\"text-align: center; width: 12.381%;\"><span style=\"font-family: 'times new roman', times, serif; font-size: 10pt;\">06.10.1767<\/span><\/td>\n<td style=\"text-align: center; width: 11.9048%;\"><span style=\"font-family: 'times new roman', times, serif; font-size: 10pt;\">07.10.1767<\/span><\/td>\n<td style=\"text-align: center; width: 11.9048%;\"><span style=\"font-family: 'times new roman', times, serif; font-size: 10pt;\">10.06.1781<\/span><\/td>\n<td style=\"text-align: center; width: 11.9048%;\"><\/td>\n<td style=\"text-align: center; width: 11.4286%;\"><\/td>\n<td style=\"text-align: center; width: 7.85714%;\"><\/td>\n<td style=\"text-align: center; width: 7.7381%;\"><\/td>\n<\/tr>\n<\/tbody>\n<\/table>\n<p style=\"text-align: justify;\"><span style=\"font-family: 'times new roman', times, serif; font-size: 10pt;\">Kind Nr. 1) oo 22.02.1785 Becheln mit Johann Christian Deutesfeld aus H\u00f6mberg (* 29.12.1763 Scheuern (gt. 31.12.); + 06.11.1832 Scheuern (bg. 08.11.); Eltern: Johann Christian Deutesfeld (Sohn von Johann Adam Deutesfeld aus Dausenau) und Elisabeth Christina geb. M\u00e4urer; hinterl\u00e4sst lt. Sterbeeintrag 3 S\u00f6hne und 6 T\u00f6chter (1 Tochter gestorben), ca. 35 Enkel<br \/>\n<\/span><span style=\"font-family: 'times new roman', times, serif; font-size: 10pt;\">Kind Nr. 2) oo 28.02.1797 Becheln mit Anna Margaretha Sommer aus Kehlbach<\/span><\/p>\n<p style=\"text-align: justify;\"><span style=\"font-family: 'times new roman', times, serif; font-size: 10pt;\"><strong>Paten: zu 1) <\/strong><em>1) Johannes Conrad Neuhart von Greifenstein; 2) die Wittib Joh. Georg Wahls; 3) und Maria Margaretha Wahlin aus Becheln <\/em>\u2014 <strong>zu 2) <\/strong><em>1) Joh. David Veldentz; 2) Friedrich Wahl; Elis: Cath: Wahlin <\/em>\u2014 <strong>zu 3) <\/strong><em>1) Joh. Michael Wahl von Becheln; 2) Joh. Phi[lipp] Mager von Becheln; 3) Cath. Elis. Wahlin von Becheln<\/em><\/span><\/p>\n<p style=\"text-align: justify;\"><span style=\"font-family: 'times new roman', times, serif; font-size: 10pt;\"><strong>oo II. 18.08.1772 Becheln <\/strong>mit <strong><u>Sommer<\/u>, Maria Margaretha:<\/strong> * 22.11.1742 Kehlbach (gt. 24.11.); + 15.11.1783 Becheln, 41 Jahre weniger 7 Tage alt (bg. 17.11.); Eltern: Johann Daniel Sommer und Anna Sibylla (Niederbachheim, KB 2, Bild 24 auf archion.de)<\/span><\/p>\n<table style=\"width: 100%;\">\n<tbody>\n<tr>\n<td style=\"text-align: center; width: 5.35714%;\" width=\"21\"><span style=\"font-family: 'times new roman', times, serif; font-size: 10pt;\"><strong>Nr.<\/strong><\/span><\/td>\n<td style=\"width: 20%;\" width=\"137\"><span style=\"font-family: 'times new roman', times, serif; font-size: 10pt;\"><strong>Vorname (normiert)<\/strong><\/span><\/td>\n<td style=\"text-align: center; width: 12.381%;\" width=\"77\"><span style=\"font-family: 'times new roman', times, serif; font-size: 10pt;\"><strong>geboren<\/strong><\/span><\/td>\n<td style=\"text-align: center; width: 11.9048%;\" width=\"73\"><span style=\"font-family: 'times new roman', times, serif; font-size: 10pt;\"><strong>getauft<\/strong><\/span><\/td>\n<td style=\"text-align: center; width: 11.9048%;\" width=\"73\"><span style=\"font-family: 'times new roman', times, serif; font-size: 10pt;\"><strong>konfirmiert<\/strong><\/span><\/td>\n<td style=\"text-align: center; width: 11.9048%;\" width=\"73\"><span style=\"font-family: 'times new roman', times, serif; font-size: 10pt;\"><strong>gestorben<\/strong><\/span><\/td>\n<td style=\"text-align: center; width: 11.6667%;\" width=\"71\"><span style=\"font-family: 'times new roman', times, serif; font-size: 10pt;\"><strong>begraben<\/strong><\/span><\/td>\n<td style=\"text-align: center; width: 7.85714%;\" width=\"43\"><span style=\"font-family: 'times new roman', times, serif; font-size: 10pt;\"><strong>Alter<\/strong><\/span><\/td>\n<td style=\"text-align: center; width: 7.02381%;\" width=\"37\"><span style=\"font-family: 'times new roman', times, serif; font-size: 10pt;\"><strong>Stand<\/strong><\/span><\/td>\n<\/tr>\n<tr>\n<td style=\"text-align: center; width: 5.35714%;\" width=\"21\"><span style=\"font-family: 'times new roman', times, serif; font-size: 10pt;\">1<\/span><\/td>\n<td style=\"width: 20%;\" width=\"137\"><span style=\"font-family: 'times new roman', times, serif; font-size: 10pt;\">Johann Gottfried<\/span><\/td>\n<td style=\"text-align: center; width: 12.381%;\" width=\"77\"><span style=\"font-family: 'times new roman', times, serif; font-size: 10pt;\">02.05.1773<\/span><\/td>\n<td style=\"text-align: center; width: 11.9048%;\" width=\"73\"><span style=\"font-family: 'times new roman', times, serif; font-size: 10pt;\">05.05.1773<\/span><\/td>\n<td style=\"text-align: center; width: 11.9048%;\" width=\"73\"><\/td>\n<td style=\"text-align: center; width: 11.9048%;\" width=\"73\"><span style=\"font-family: 'times new roman', times, serif; font-size: 10pt;\">20.11.1773<\/span><\/td>\n<td style=\"text-align: center; width: 11.6667%;\" width=\"71\"><span style=\"font-family: 'times new roman', times, serif; font-size: 10pt;\">22.11.1773<\/span><\/td>\n<td style=\"text-align: center; width: 7.85714%;\" width=\"43\"><span style=\"font-family: 'times new roman', times, serif; font-size: 10pt;\">0,55<\/span><\/td>\n<td style=\"text-align: center; width: 7.02381%;\" width=\"37\"><\/td>\n<\/tr>\n<tr>\n<td style=\"text-align: center; width: 5.35714%;\"><span style=\"font-family: 'times new roman', times, serif; font-size: 10pt;\">2<\/span><\/td>\n<td style=\"width: 20%;\"><span style=\"font-family: 'times new roman', times, serif; font-size: 10pt;\">Maria Katharina<\/span><\/td>\n<td style=\"text-align: center; width: 12.381%;\"><span style=\"font-family: 'times new roman', times, serif; font-size: 10pt;\">04.10.1774<\/span><\/td>\n<td style=\"text-align: center; width: 11.9048%;\"><span style=\"font-family: 'times new roman', times, serif; font-size: 10pt;\">07.10.1774<\/span><\/td>\n<td style=\"text-align: center; width: 11.9048%;\"><\/td>\n<td style=\"text-align: center; width: 11.9048%;\"><span style=\"font-family: 'times new roman', times, serif; font-size: 10pt;\">22.01.1776<\/span><\/td>\n<td style=\"text-align: center; width: 11.6667%;\"><span style=\"font-family: 'times new roman', times, serif; font-size: 10pt;\">23.01.1776<\/span><\/td>\n<td style=\"text-align: center; width: 7.85714%;\"><span style=\"font-family: 'times new roman', times, serif; font-size: 10pt;\">1,30<\/span><\/td>\n<td style=\"text-align: center; width: 7.02381%;\"><\/td>\n<\/tr>\n<tr>\n<td style=\"text-align: center; width: 5.35714%;\"><span style=\"font-family: 'times new roman', times, serif; font-size: 10pt;\">3<\/span><\/td>\n<td style=\"width: 20%;\"><span style=\"font-family: 'times new roman', times, serif; font-size: 10pt;\">Maria Katharina<\/span><\/td>\n<td style=\"text-align: center; width: 12.381%;\"><span style=\"font-family: 'times new roman', times, serif; font-size: 10pt;\">12.11.1776<\/span><\/td>\n<td style=\"text-align: center; width: 11.9048%;\"><span style=\"font-family: 'times new roman', times, serif; font-size: 10pt;\">14.11.1776<\/span><\/td>\n<td style=\"text-align: center; width: 11.9048%;\"><span style=\"font-family: 'times new roman', times, serif; font-size: 10pt;\">02.06.1790<\/span><\/td>\n<td style=\"text-align: center; width: 11.9048%;\"><\/td>\n<td style=\"text-align: center; width: 11.6667%;\"><\/td>\n<td style=\"text-align: center; width: 7.85714%;\"><\/td>\n<td style=\"text-align: center; width: 7.02381%;\"><\/td>\n<\/tr>\n<tr>\n<td style=\"text-align: center; width: 5.35714%;\"><span style=\"font-family: 'times new roman', times, serif; font-size: 10pt;\">4<\/span><\/td>\n<td style=\"width: 20%;\"><span style=\"font-family: 'times new roman', times, serif; font-size: 10pt;\">Philipp Jakob<\/span><\/td>\n<td style=\"text-align: center; width: 12.381%;\"><span style=\"font-family: 'times new roman', times, serif; font-size: 10pt;\">17.10.1778<\/span><\/td>\n<td style=\"text-align: center; width: 11.9048%;\"><span style=\"font-family: 'times new roman', times, serif; font-size: 10pt;\">18.10.1778<\/span><\/td>\n<td style=\"text-align: center; width: 11.9048%;\"><\/td>\n<td style=\"text-align: center; width: 11.9048%;\"><span style=\"font-family: 'times new roman', times, serif; font-size: 10pt;\">15.01.1783<\/span><\/td>\n<td style=\"text-align: center; width: 11.6667%;\"><span style=\"font-family: 'times new roman', times, serif; font-size: 10pt;\">17.01.1783<\/span><\/td>\n<td style=\"text-align: center; width: 7.85714%;\"><span style=\"font-family: 'times new roman', times, serif; font-size: 10pt;\">4,25<\/span><\/td>\n<td style=\"text-align: center; width: 7.02381%;\"><\/td>\n<\/tr>\n<tr>\n<td style=\"text-align: center; width: 5.35714%;\"><span style=\"font-family: 'times new roman', times, serif; font-size: 10pt;\">5<\/span><\/td>\n<td style=\"width: 20%;\"><span style=\"font-family: 'times new roman', times, serif; font-size: 10pt;\">Henrich Peter<\/span><\/td>\n<td style=\"text-align: center; width: 12.381%;\"><span style=\"font-family: 'times new roman', times, serif; font-size: 10pt;\">13.04.1781<\/span><\/td>\n<td style=\"text-align: center; width: 11.9048%;\"><span style=\"font-family: 'times new roman', times, serif; font-size: 10pt;\">14.04.1781<\/span><\/td>\n<td style=\"text-align: center; width: 11.9048%;\"><span style=\"font-family: 'times new roman', times, serif; font-size: 10pt;\">xx.xx.1795<\/span><\/td>\n<td style=\"text-align: center; width: 11.9048%;\"><\/td>\n<td style=\"text-align: center; width: 11.6667%;\"><\/td>\n<td style=\"text-align: center; width: 7.85714%;\"><\/td>\n<td style=\"text-align: center; width: 7.02381%;\"><\/td>\n<\/tr>\n<\/tbody>\n<\/table>\n<p style=\"text-align: justify;\"><span style=\"font-family: 'times new roman', times, serif; font-size: 10pt;\"><strong>Paten: zu 1) <\/strong><em>1) Anton Goeth aus Becheln; 2) Johann Gottfried Sommer von Kelbach; 3) Catharina Elisabetha Breterin <\/em>[Br\u00f6der]<em> vom Hinterwald <\/em>\u2014 <strong>zu 2) <\/strong><em>1) Johann Adam Sommer von Kellbach; 2) Maria Elisabetha Sommerin ex eod: loco; 3) Catharina Veldentzin, des adelsheimischen Hofmanns Tochter, papistischer Religion aus Bechlen <\/em>\u2014 <strong>zu 3) <\/strong><em>1) Johann Philipp Sommer aus Kehlbach; 2) Maria Catharina, Philipp L\u00f6wensteins ehe[liche] Hau\u00dffrau [au]s Bechlen; Catharina Elisabetha, Gottfried Schmidts ehe[liche] Tochter [au]s Bechlen <\/em>\u2014 <strong>zu 4) <\/strong><em>1) Joh. Jacob Rincker aus Bechlen; 2) Joh. Philip Br\u00f6der vom Hinterwald; 3) Maria Christina, Joh. Gottfried Sommers zu Kehlbach Ehefrau <\/em>\u2014 <strong>zu 5) <\/strong><em>1) Jost Henrich Nebendorf aus N: Bachheim; 2) Peter Veldenz aus Bechlen; 3) Maria Margaretha, Anton Goetten Tochter<\/em><\/span><\/p>\n<hr \/>\n<p style=\"text-align: justify;\"><span style=\"font-family: 'times new roman', times, serif; font-size: 10pt;\"><span style=\"color: #ff0000;\"><strong><u>Neuhard<\/u><\/strong><strong>, Johann Friedrich:<\/strong> <\/span>Bauer; * 25.11.1764 Becheln; konf. 25.04.1779; + 08.09.1819 Becheln (bg. 10.09.); Eltern: Johann Philipp Neuhard und Katharina Elisabeth geb. Wahl<\/span><\/p>\n<p style=\"text-align: justify;\"><span style=\"font-family: 'times new roman', times, serif; font-size: 10pt;\"><strong>oo 28.02.1797 Becheln<\/strong> mit <strong><u>Sommer<\/u>, Anna Margaretha:<\/strong> * 03.04.1775 Kehlbach; + 18.03.1834 Becheln (bg. 21.03.); Eltern: Johann Gottfried Sommer und Elisabeth Margaretha; hat lt. Sterbeeintrag 1 Sohn und 2 T\u00f6chter<\/span><\/p>\n<table style=\"width: 100%;\">\n<tbody>\n<tr>\n<td style=\"text-align: center; width: 5.59524%;\" width=\"21\"><span style=\"font-family: 'times new roman', times, serif; font-size: 10pt;\"><strong>Nr.<\/strong><\/span><\/td>\n<td style=\"width: 20.4762%;\" width=\"145\"><span style=\"font-family: 'times new roman', times, serif; font-size: 10pt;\"><strong>Vorname (normiert)<\/strong><\/span><\/td>\n<td style=\"text-align: center; width: 12.1429%;\" width=\"76\"><span style=\"font-family: 'times new roman', times, serif; font-size: 10pt;\"><strong>geboren<\/strong><\/span><\/td>\n<td style=\"text-align: center; width: 11.6667%;\" width=\"73\"><span style=\"font-family: 'times new roman', times, serif; font-size: 10pt;\"><strong>getauft<\/strong><\/span><\/td>\n<td style=\"text-align: center; width: 11.6667%;\" width=\"73\"><span style=\"font-family: 'times new roman', times, serif; font-size: 10pt;\"><strong>konfirmiert<\/strong><\/span><\/td>\n<td style=\"text-align: center; width: 11.6667%;\" width=\"73\"><span style=\"font-family: 'times new roman', times, serif; font-size: 10pt;\"><strong>gestorben<\/strong><\/span><\/td>\n<td style=\"text-align: center; width: 11.3095%;\" width=\"70\"><span style=\"font-family: 'times new roman', times, serif; font-size: 10pt;\"><strong>begraben<\/strong><\/span><\/td>\n<td style=\"text-align: center; width: 7.7381%;\" width=\"43\"><span style=\"font-family: 'times new roman', times, serif; font-size: 10pt;\"><strong>Alter<\/strong><\/span><\/td>\n<td style=\"text-align: center; width: 7.61905%;\" width=\"42\"><span style=\"font-family: 'times new roman', times, serif; font-size: 10pt;\"><strong>Stand<\/strong><\/span><\/td>\n<\/tr>\n<tr>\n<td style=\"text-align: center; width: 5.59524%;\" width=\"21\"><span style=\"font-family: 'times new roman', times, serif; font-size: 10pt;\">1<\/span><\/td>\n<td style=\"width: 20.4762%;\" width=\"145\"><span style=\"font-family: 'times new roman', times, serif; font-size: 10pt;\">Johann Christian<\/span><\/td>\n<td style=\"text-align: center; width: 12.1429%;\" width=\"76\"><span style=\"font-family: 'times new roman', times, serif; font-size: 10pt;\">04.03.1798<\/span><\/td>\n<td style=\"text-align: center; width: 11.6667%;\" width=\"73\"><span style=\"font-family: 'times new roman', times, serif; font-size: 10pt;\">06.03.1798<\/span><\/td>\n<td style=\"text-align: center; width: 11.6667%;\" width=\"73\"><\/td>\n<td style=\"text-align: center; width: 11.6667%;\" width=\"73\"><span style=\"font-family: 'times new roman', times, serif; font-size: 10pt;\">19.09.1855<\/span><\/td>\n<td style=\"text-align: center; width: 11.3095%;\" width=\"70\"><span style=\"font-family: 'times new roman', times, serif; font-size: 10pt;\">21.09.1855<\/span><\/td>\n<td style=\"text-align: center; width: 7.7381%;\" width=\"43\"><span style=\"font-family: 'times new roman', times, serif; font-size: 10pt;\">57,58<\/span><\/td>\n<td style=\"text-align: center; width: 7.61905%;\" width=\"42\"><span style=\"font-family: 'times new roman', times, serif; font-size: 10pt;\">verh.<\/span><\/td>\n<\/tr>\n<tr>\n<td style=\"text-align: center; width: 5.59524%;\"><span style=\"font-family: 'times new roman', times, serif; font-size: 10pt;\">2<\/span><\/td>\n<td style=\"width: 20.4762%;\"><span style=\"font-family: 'times new roman', times, serif; font-size: 10pt;\">Maria Elisabeth<\/span><\/td>\n<td style=\"text-align: center; width: 12.1429%;\"><span style=\"font-family: 'times new roman', times, serif; font-size: 10pt;\">14.01.1802<\/span><\/td>\n<td style=\"text-align: center; width: 11.6667%;\"><span style=\"font-family: 'times new roman', times, serif; font-size: 10pt;\">16.01.1802<\/span><\/td>\n<td style=\"text-align: center; width: 11.6667%;\"><\/td>\n<td style=\"text-align: center; width: 11.6667%;\"><span style=\"font-family: 'times new roman', times, serif; font-size: 10pt;\">29.11.1837<\/span><\/td>\n<td style=\"text-align: center; width: 11.3095%;\"><span style=\"font-family: 'times new roman', times, serif; font-size: 10pt;\">02.12.1837<\/span><\/td>\n<td style=\"text-align: center; width: 7.7381%;\"><span style=\"font-family: 'times new roman', times, serif; font-size: 10pt;\">35,90<\/span><\/td>\n<td style=\"text-align: center; width: 7.61905%;\"><span style=\"font-family: 'times new roman', times, serif; font-size: 10pt;\">verh.<\/span><\/td>\n<\/tr>\n<tr>\n<td style=\"text-align: center; width: 5.59524%;\"><span style=\"font-family: 'times new roman', times, serif; font-size: 10pt;\">3<\/span><\/td>\n<td style=\"width: 20.4762%;\"><span style=\"font-family: 'times new roman', times, serif; font-size: 10pt;\">Maria Christina Philippina<\/span><\/td>\n<td style=\"text-align: center; width: 12.1429%;\"><span style=\"font-family: 'times new roman', times, serif; font-size: 10pt;\">25.10.1809<\/span><\/td>\n<td style=\"text-align: center; width: 11.6667%;\"><span style=\"font-family: 'times new roman', times, serif; font-size: 10pt;\">29.10.1809<\/span><\/td>\n<td style=\"text-align: center; width: 11.6667%;\"><span style=\"font-family: 'times new roman', times, serif; font-size: 10pt;\">19.05.1823<\/span><\/td>\n<td style=\"text-align: center; width: 11.6667%;\"><span style=\"font-family: 'times new roman', times, serif; font-size: 10pt;\">20.06.1879<\/span><\/td>\n<td style=\"text-align: center; width: 11.3095%;\"><\/td>\n<td style=\"text-align: center; width: 7.7381%;\"><span style=\"font-family: 'times new roman', times, serif; font-size: 10pt;\">69,70<\/span><\/td>\n<td style=\"text-align: center; width: 7.61905%;\"><span style=\"font-family: 'times new roman', times, serif; font-size: 10pt;\">verh.<\/span><\/td>\n<\/tr>\n<\/tbody>\n<\/table>\n<p style=\"text-align: justify;\"><span style=\"font-family: 'times new roman', times, serif; font-size: 10pt;\">Kind Nr. 1) oo 05.04.1825 Becheln mit Anna Elisabetha Singhof (* 17.11.1802 Dornholzhausen (gt. 21.11.); Eltern: Philipp Henrich Singhof und Christiana Eleonora geb. M\u00fcller); hinterl\u00e4sst lt. Sterbeeintrag von 4 Kindern 2 am Leben<br \/>\n<\/span><span style=\"font-family: 'times new roman', times, serif; font-size: 10pt;\">Kind Nr. 2) oo 29.10.1820 Becheln mit Johann Peter G\u00f6th aus Becheln; hinterl\u00e4sst lt. Sterbeeintrag 3 S\u00f6hne und 2 T\u00f6chter, 2 Kinder sind schon fr\u00fcher gestorben<br \/>\n<\/span><span style=\"font-family: 'times new roman', times, serif; font-size: 10pt;\">Kind Nr. 3) oo 12.04.1830 Becheln mit Georg Philipp Karl Wolf, Schneider aus Becheln<\/span><\/p>\n<p style=\"text-align: justify;\"><span style=\"font-family: 'times new roman', times, serif; font-size: 10pt;\"><strong>Paten: zu 1) <\/strong><em>1) Henrich Peter Neuhardt; 2) Johann Christian Deutesfeld; 3) Maria Margaretha Sommerin von Kehlbach <\/em>\u2014 <strong>zu 2) <\/strong><em>1) Anna Elisabetha, des Johann Philipp Neuhards von Dachsenhausen Ehefrau; 2) Maria Catharina, des Johann Philipp Kreidels Ehefrau von Dienenthal; 2) Maria Elisabetha Zimmerm\u00e4nnin von \u00a0Kehlbach; 3) Johann Henrich Deutesfeld von Bechlen <\/em>\u2014 <strong>zu 3) <\/strong><em>1) des Joh. Philipp Wahls Sohn Joh. Philipp v[on] Becheln; 2) Maria Katharina Kreidelin von Dienethal und 3) Christina Sommer von Kellbach<\/em><\/span><\/p>\n<hr \/>\n<p><span style=\"font-size: 10pt; font-family: times new roman, times, serif;\"><b>Letztes Update: 5. Juni 2024<\/b><\/span><br \/>\n<span style=\"font-size: 10pt; font-family: times new roman, times, serif;\"><b>Ralph Jackmuth<\/b><\/span><\/p>\n","protected":false},"excerpt":{"rendered":"<p>Neuhard, Johann Philipp: Schuhmacher aus Greifenstein (so im Sterbeeintrag des Sohnes Johann Friedrich 1819); + 06.12.1810 Becheln, 76 Jahre, 4 Monate weniger 3 Tage alt (bg. 08.12.) oo I. mit Wahl, Katharina Elisabeth: * 28.11.1731 Becheln (gt. 01.12.); konf. 22.05.1746; + 07.04.1771 Becheln; Eltern: Johann Peter Wahl und Anna Katharina geb. Freund Nr. Vorname (normiert) &hellip; <a href=\"https:\/\/www.ahnenforschung-jackmuth.de\/?page_id=11525\" class=\"more-link\"><span class=\"screen-reader-text\">\u201eOFB Becheln &#8211; Neuhard\u201c<\/span> weiterlesen<\/a><\/p>\n","protected":false},"author":1,"featured_media":0,"parent":0,"menu_order":0,"comment_status":"closed","ping_status":"closed","template":"","meta":{"footnotes":""},"class_list":["post-11525","page","type-page","status-publish","hentry"],"_links":{"self":[{"href":"https:\/\/www.ahnenforschung-jackmuth.de\/index.php?rest_route=\/wp\/v2\/pages\/11525","targetHints":{"allow":["GET"]}}],"collection":[{"href":"https:\/\/www.ahnenforschung-jackmuth.de\/index.php?rest_route=\/wp\/v2\/pages"}],"about":[{"href":"https:\/\/www.ahnenforschung-jackmuth.de\/index.php?rest_route=\/wp\/v2\/types\/page"}],"author":[{"embeddable":true,"href":"https:\/\/www.ahnenforschung-jackmuth.de\/index.php?rest_route=\/wp\/v2\/users\/1"}],"replies":[{"embeddable":true,"href":"https:\/\/www.ahnenforschung-jackmuth.de\/index.php?rest_route=%2Fwp%2Fv2%2Fcomments&post=11525"}],"version-history":[{"count":0,"href":"https:\/\/www.ahnenforschung-jackmuth.de\/index.php?rest_route=\/wp\/v2\/pages\/11525\/revisions"}],"wp:attachment":[{"href":"https:\/\/www.ahnenforschung-jackmuth.de\/index.php?rest_route=%2Fwp%2Fv2%2Fmedia&parent=11525"}],"curies":[{"name":"wp","href":"https:\/\/api.w.org\/{rel}","templated":true}]}}