{"id":11514,"date":"2024-06-05T11:35:41","date_gmt":"2024-06-05T11:35:41","guid":{"rendered":"https:\/\/www.ahnenforschung-jackmuth.de\/?page_id=11514"},"modified":"2024-06-08T13:42:04","modified_gmt":"2024-06-08T13:42:04","slug":"ofb-becheln-moeseler","status":"publish","type":"page","link":"https:\/\/www.ahnenforschung-jackmuth.de\/?page_id=11514","title":{"rendered":"OFB Becheln &#8211; M\u00f6seler"},"content":{"rendered":"<p><span style=\"font-family: 'times new roman', times, serif; font-size: 10pt;\"><em>M\u00f6sseler, M\u00f6\u00dfler, Mos(s)eler, M\u00fcsler, M\u00fcsseler, M\u00fchls(e)ler<\/em><\/span><\/p>\n<p style=\"text-align: justify;\"><span style=\"font-family: 'times new roman', times, serif; font-size: 10pt;\">Ende des 17. Jhs. und Anfang des 18. Jhs. in den Pfarreien Spie\u00df bzw. Oberlahnstein, Nievern, Schweighausen (<em>Moseler<\/em>), Dornholzhausen (<em>M\u00fc\u00dfeler<\/em>) und Ems (<em>M\u00fc\u00dfler<\/em>) belegter Familienname, dessen Ursprung in Filsen (ehem. Pfarrei Boppard) liegt. Ein Philipp <em>Mosel<\/em> aus <em>Fel\u00dfen<\/em> ist 21.04.1667 Pate bei Paul <em>Moseler<\/em> in Becheln, wohl einem Sohn des Richard Mosel (vgl. Frauenberger: Bopparder B\u00fcrgerbuch, Band 1, Nr. M\/316). Die meisten Zusammenh\u00e4nge sind aufgrund der d\u00fcrftigen kirchlichen Quellenlage, vor allem f\u00fcr die H\u00f6fe der Pfarrei Spie\u00df, unklar.<\/span><\/p>\n<hr \/>\n<p style=\"text-align: justify;\"><span style=\"font-family: 'times new roman', times, serif; font-size: 10pt;\"><span style=\"color: #ff0000;\"><strong><u>M\u00f6seler<\/u><\/strong><strong>, Paul:<\/strong><\/span> wohl Sohn von Richard Mosel in Filsen (Bopparder B\u00fcrgerbuch Nr. M\/316); 1676 breits tot (Kontraktenprotokollbuch des Sch\u00f6ffengerichts f\u00fcr das Amt Boppard 1668-1694 (LHAK, Best. IC, Nr. 8370))<\/span><\/p>\n<p><span style=\"font-family: 'times new roman', times, serif; font-size: 10pt;\"><strong>oo<\/strong> mit <strong><u>Schmidt<\/u>, Anna Christina<\/strong><\/span><\/p>\n<table style=\"width: 100%;\">\n<tbody>\n<tr>\n<td style=\"width: 5.47619%; text-align: center;\" width=\"22\"><span style=\"font-family: 'times new roman', times, serif; font-size: 10pt;\"><strong>Nr.<\/strong><\/span><\/td>\n<td style=\"width: 21.5476%;\" width=\"148\"><span style=\"font-family: 'times new roman', times, serif; font-size: 10pt;\"><strong>Vorname (normiert)<\/strong><\/span><\/td>\n<td style=\"width: 11.9048%; text-align: center;\" width=\"73\"><span style=\"font-family: 'times new roman', times, serif; font-size: 10pt;\"><strong>geboren<\/strong><\/span><\/td>\n<td style=\"width: 12.1429%; text-align: center;\" width=\"75\"><span style=\"font-family: 'times new roman', times, serif; font-size: 10pt;\"><strong>getauft<\/strong><\/span><\/td>\n<td style=\"width: 11.3095%; text-align: center;\" width=\"69\"><span style=\"font-family: 'times new roman', times, serif; font-size: 10pt;\"><strong>konfirmiert<\/strong><\/span><\/td>\n<td style=\"width: 11.1905%; text-align: center;\" width=\"68\"><span style=\"font-family: 'times new roman', times, serif; font-size: 10pt;\"><strong>gestorben<\/strong><\/span><\/td>\n<td style=\"width: 10.9524%; text-align: center;\" width=\"66\"><span style=\"font-family: 'times new roman', times, serif; font-size: 10pt;\"><strong>begraben<\/strong><\/span><\/td>\n<td style=\"width: 7.7381%; text-align: center;\" width=\"42\"><span style=\"font-family: 'times new roman', times, serif; font-size: 10pt;\"><strong>Alter<\/strong><\/span><\/td>\n<td style=\"width: 7.7381%; text-align: center;\" width=\"42\"><span style=\"font-family: 'times new roman', times, serif; font-size: 10pt;\"><strong>Stand<\/strong><\/span><\/td>\n<\/tr>\n<tr>\n<td style=\"width: 5.47619%; text-align: center;\" width=\"22\"><span style=\"font-family: 'times new roman', times, serif; font-size: 10pt;\">1<\/span><\/td>\n<td style=\"width: 21.5476%;\" width=\"148\"><span style=\"font-family: 'times new roman', times, serif; font-size: 10pt;\">Maria Katharina<\/span><\/td>\n<td style=\"width: 11.9048%; text-align: center;\" width=\"73\"><\/td>\n<td style=\"width: 12.1429%; text-align: center;\" width=\"75\"><span style=\"font-family: 'times new roman', times, serif; font-size: 10pt;\">21.04.1667<\/span><\/td>\n<td style=\"width: 11.3095%; text-align: center;\" width=\"69\"><\/td>\n<td style=\"width: 11.1905%; text-align: center;\" width=\"68\"><\/td>\n<td style=\"width: 10.9524%; text-align: center;\" width=\"66\"><\/td>\n<td style=\"width: 7.7381%; text-align: center;\" width=\"42\"><\/td>\n<td style=\"width: 7.7381%; text-align: center;\" width=\"42\"><\/td>\n<\/tr>\n<\/tbody>\n<\/table>\n<p><span style=\"font-family: 'times new roman', times, serif; font-size: 10pt;\"><strong>Paten: <\/strong><em>Philipp Mosel von Fel\u00dfen <\/em>[Filsen]<em>; Maria, die Altmutter; und Catharina, Friederich An\u00dfels Hau\u00dffrau<\/em><\/span><\/p>\n<hr \/>\n<p><span style=\"font-family: 'times new roman', times, serif; font-size: 10pt;\"><span style=\"color: #ff0000;\"><strong><u>M\u00f6seler<\/u><\/strong><strong>, Johannes:<\/strong> <\/span>1697-1703 Kirchheimersborn, 1705-1713 in Becheln; + vor 14.02.1740; Sohn von Thomas M\u00f6seler<\/span><\/p>\n<p><span style=\"font-family: 'times new roman', times, serif; font-size: 10pt;\"><strong>oo<\/strong> mit <strong>Agnes: <\/strong>+ 14.02.1740 Becheln, Witwe, 66 Jahre alt (bg. 18.08.)<\/span><\/p>\n<table style=\"width: 100%;\">\n<tbody>\n<tr>\n<td style=\"text-align: center; width: 5.95238%;\" width=\"29\"><span style=\"font-family: 'times new roman', times, serif; font-size: 10pt;\"><strong>Nr.<\/strong><\/span><\/td>\n<td style=\"width: 21.5476%;\" width=\"145\"><span style=\"font-family: 'times new roman', times, serif; font-size: 10pt;\"><strong>VN normiert<\/strong><\/span><\/td>\n<td style=\"text-align: center; width: 10.9524%;\" width=\"66\"><span style=\"font-family: times new roman, times, serif; font-size: 10pt;\"><strong>geboren<\/strong><\/span><\/td>\n<td style=\"text-align: center; width: 12.0238%;\" width=\"74\"><span style=\"font-family: 'times new roman', times, serif; font-size: 10pt;\"><strong>getauft<\/strong><\/span><\/td>\n<td style=\"text-align: center; width: 11.1905%;\" width=\"68\"><span style=\"font-family: 'times new roman', times, serif; font-size: 10pt;\"><strong>gefirmt<\/strong><\/span><\/td>\n<td style=\"text-align: center; width: 11.0714%;\" width=\"67\"><span style=\"font-family: 'times new roman', times, serif; font-size: 10pt;\"><strong>gestorben<\/strong><\/span><\/td>\n<td style=\"text-align: center; width: 11.0714%;\" width=\"67\"><span style=\"font-family: 'times new roman', times, serif; font-size: 10pt;\"><strong>begraben<\/strong><\/span><\/td>\n<td style=\"text-align: center; width: 7.85714%;\" width=\"43\"><span style=\"font-family: 'times new roman', times, serif; font-size: 10pt;\"><strong>Alter<\/strong><\/span><\/td>\n<td style=\"text-align: center; width: 8.45238%;\" width=\"48\"><span style=\"font-family: 'times new roman', times, serif; font-size: 10pt;\"><strong>Stand<\/strong><\/span><\/td>\n<\/tr>\n<tr>\n<td style=\"text-align: center; width: 5.95238%;\" width=\"29\"><span style=\"font-family: 'times new roman', times, serif; font-size: 10pt;\">1<\/span><\/td>\n<td style=\"width: 21.5476%;\" width=\"145\"><span style=\"font-family: 'times new roman', times, serif; font-size: 10pt;\">Paul<\/span><\/td>\n<td style=\"text-align: center; width: 10.9524%;\" width=\"66\"><span style=\"font-family: 'times new roman', times, serif; font-size: 10pt;\">08.05.1697<\/span><\/td>\n<td style=\"text-align: center; width: 12.0238%;\" width=\"74\"><span style=\"font-family: 'times new roman', times, serif; font-size: 10pt;\">12.05.1697<\/span><\/td>\n<td style=\"text-align: center; width: 11.1905%;\" width=\"68\"><\/td>\n<td style=\"text-align: center; width: 11.0714%;\" width=\"67\"><\/td>\n<td style=\"text-align: center; width: 11.0714%;\" width=\"67\"><\/td>\n<td style=\"text-align: center; width: 7.85714%;\" width=\"43\"><\/td>\n<td style=\"text-align: center; width: 8.45238%;\" width=\"48\"><\/td>\n<\/tr>\n<tr>\n<td style=\"text-align: center; width: 5.95238%;\" width=\"29\"><span style=\"font-family: 'times new roman', times, serif; font-size: 10pt;\">2<\/span><\/td>\n<td style=\"width: 21.5476%;\" width=\"145\"><span style=\"font-family: 'times new roman', times, serif; font-size: 10pt;\">Anna Katharina<\/span><\/td>\n<td style=\"text-align: center; width: 10.9524%;\" width=\"66\"><span style=\"font-family: 'times new roman', times, serif; font-size: 10pt;\">22.01.1699<\/span><\/td>\n<td style=\"text-align: center; width: 12.0238%;\" width=\"74\"><span style=\"font-family: 'times new roman', times, serif; font-size: 10pt;\">23.01.1699<\/span><\/td>\n<td style=\"text-align: center; width: 11.1905%;\" width=\"68\"><\/td>\n<td style=\"text-align: center; width: 11.0714%;\" width=\"67\"><\/td>\n<td style=\"text-align: center; width: 11.0714%;\" width=\"67\"><\/td>\n<td style=\"text-align: center; width: 7.85714%;\" width=\"43\"><\/td>\n<td style=\"text-align: center; width: 8.45238%;\" width=\"48\"><\/td>\n<\/tr>\n<tr>\n<td style=\"text-align: center; width: 5.95238%;\" width=\"29\"><span style=\"font-family: 'times new roman', times, serif; font-size: 10pt;\">3<\/span><\/td>\n<td style=\"width: 21.5476%;\" width=\"145\"><span style=\"font-family: 'times new roman', times, serif; font-size: 10pt;\">Elisabeth<\/span><\/td>\n<td style=\"text-align: center; width: 10.9524%;\" width=\"66\"><span style=\"font-family: 'times new roman', times, serif; font-size: 10pt;\">20.01.1701<\/span><\/td>\n<td style=\"text-align: center; width: 12.0238%;\" width=\"74\"><span style=\"font-family: 'times new roman', times, serif; font-size: 10pt;\">22.01.1701<\/span><\/td>\n<td style=\"text-align: center; width: 11.1905%;\" width=\"68\"><\/td>\n<td style=\"text-align: center; width: 11.0714%;\" width=\"67\"><\/td>\n<td style=\"text-align: center; width: 11.0714%;\" width=\"67\"><\/td>\n<td style=\"text-align: center; width: 7.85714%;\" width=\"43\"><\/td>\n<td style=\"text-align: center; width: 8.45238%;\" width=\"48\"><\/td>\n<\/tr>\n<tr>\n<td style=\"text-align: center; width: 5.95238%;\" width=\"29\"><span style=\"font-family: 'times new roman', times, serif; font-size: 10pt;\">4<\/span><\/td>\n<td style=\"width: 21.5476%;\" width=\"145\"><span style=\"font-family: 'times new roman', times, serif; font-size: 10pt;\">Johannes<\/span><\/td>\n<td style=\"text-align: center; width: 10.9524%;\" width=\"66\"><span style=\"font-family: 'times new roman', times, serif; font-size: 10pt;\">18.01.1703<\/span><\/td>\n<td style=\"text-align: center; width: 12.0238%;\" width=\"74\"><span style=\"font-family: 'times new roman', times, serif; font-size: 10pt;\">22.01.1703<\/span><\/td>\n<td style=\"text-align: center; width: 11.1905%;\" width=\"68\"><\/td>\n<td style=\"text-align: center; width: 11.0714%;\" width=\"67\"><\/td>\n<td style=\"text-align: center; width: 11.0714%;\" width=\"67\"><\/td>\n<td style=\"text-align: center; width: 7.85714%;\" width=\"43\"><\/td>\n<td style=\"text-align: center; width: 8.45238%;\" width=\"48\"><\/td>\n<\/tr>\n<tr>\n<td style=\"text-align: center; width: 5.95238%;\" width=\"29\"><span style=\"font-family: 'times new roman', times, serif; font-size: 10pt;\">5<\/span><\/td>\n<td style=\"width: 21.5476%;\" width=\"145\"><span style=\"font-family: 'times new roman', times, serif; font-size: 10pt;\">Maria Christina<\/span><\/td>\n<td style=\"text-align: center; width: 10.9524%;\" width=\"66\"><span style=\"font-family: 'times new roman', times, serif; font-size: 10pt;\">26.02.1705<\/span><\/td>\n<td style=\"text-align: center; width: 12.0238%;\" width=\"74\"><span style=\"font-family: 'times new roman', times, serif; font-size: 10pt;\">27.02.1705<\/span><\/td>\n<td style=\"text-align: center; width: 11.1905%;\" width=\"68\"><\/td>\n<td style=\"text-align: center; width: 11.0714%;\" width=\"67\"><span style=\"font-family: 'times new roman', times, serif; font-size: 10pt;\">08.03.1705<\/span><\/td>\n<td style=\"text-align: center; width: 11.0714%;\" width=\"67\"><span style=\"font-family: 'times new roman', times, serif; font-size: 10pt;\">09.03.1705<\/span><\/td>\n<td style=\"text-align: center; width: 7.85714%;\" width=\"43\"><\/td>\n<td style=\"text-align: center; width: 8.45238%;\" width=\"48\"><span style=\"font-family: 'times new roman', times, serif; font-size: 10pt;\">0,02<\/span><\/td>\n<\/tr>\n<tr>\n<td style=\"text-align: center; width: 5.95238%;\" width=\"29\"><span style=\"font-family: 'times new roman', times, serif; font-size: 10pt;\">6<\/span><\/td>\n<td style=\"width: 21.5476%;\" width=\"145\"><span style=\"font-family: 'times new roman', times, serif; font-size: 10pt;\">Maria Christina<\/span><\/td>\n<td style=\"text-align: center; width: 10.9524%;\" width=\"66\"><span style=\"font-family: 'times new roman', times, serif; font-size: 10pt;\">25.06.1706<\/span><\/td>\n<td style=\"text-align: center; width: 12.0238%;\" width=\"74\"><span style=\"font-family: 'times new roman', times, serif; font-size: 10pt;\">29.06.1706<\/span><\/td>\n<td style=\"text-align: center; width: 11.1905%;\" width=\"68\"><\/td>\n<td style=\"text-align: center; width: 11.0714%;\" width=\"67\"><\/td>\n<td style=\"text-align: center; width: 11.0714%;\" width=\"67\"><\/td>\n<td style=\"text-align: center; width: 7.85714%;\" width=\"43\"><\/td>\n<td style=\"text-align: center; width: 8.45238%;\" width=\"48\"><\/td>\n<\/tr>\n<tr>\n<td style=\"text-align: center; width: 5.95238%;\" width=\"29\"><span style=\"font-family: 'times new roman', times, serif; font-size: 10pt;\">7<\/span><\/td>\n<td style=\"width: 21.5476%;\" width=\"145\"><span style=\"font-family: 'times new roman', times, serif; font-size: 10pt;\">Johann Sebastian<\/span><\/td>\n<td style=\"text-align: center; width: 10.9524%;\" width=\"66\"><span style=\"font-family: 'times new roman', times, serif; font-size: 10pt;\">18.08.1708<\/span><\/td>\n<td style=\"text-align: center; width: 12.0238%;\" width=\"74\"><span style=\"font-family: 'times new roman', times, serif; font-size: 10pt;\">24.08.1708<\/span><\/td>\n<td style=\"text-align: center; width: 11.1905%;\" width=\"68\"><\/td>\n<td style=\"text-align: center; width: 11.0714%;\" width=\"67\"><span style=\"font-family: 'times new roman', times, serif; font-size: 10pt;\">01.09.1708<\/span><\/td>\n<td style=\"text-align: center; width: 11.0714%;\" width=\"67\"><span style=\"font-family: 'times new roman', times, serif; font-size: 10pt;\">02.09.1708<\/span><\/td>\n<td style=\"text-align: center; width: 7.85714%;\" width=\"43\"><\/td>\n<td style=\"text-align: center; width: 8.45238%;\" width=\"48\"><span style=\"font-family: 'times new roman', times, serif; font-size: 10pt;\">0,03<\/span><\/td>\n<\/tr>\n<tr>\n<td style=\"text-align: center; width: 5.95238%;\" width=\"29\"><span style=\"font-family: 'times new roman', times, serif; font-size: 10pt;\">8<\/span><\/td>\n<td style=\"width: 21.5476%;\" width=\"145\"><span style=\"font-family: 'times new roman', times, serif; font-size: 10pt;\">Elisabeth Margaretha<\/span><\/td>\n<td style=\"text-align: center; width: 10.9524%;\" width=\"66\"><span style=\"font-family: 'times new roman', times, serif; font-size: 10pt;\">10.08.1709<\/span><\/td>\n<td style=\"text-align: center; width: 12.0238%;\" width=\"74\"><span style=\"font-family: 'times new roman', times, serif; font-size: 10pt;\">15.08.1709<\/span><\/td>\n<td style=\"text-align: center; width: 11.1905%;\" width=\"68\"><\/td>\n<td style=\"text-align: center; width: 11.0714%;\" width=\"67\"><\/td>\n<td style=\"text-align: center; width: 11.0714%;\" width=\"67\"><\/td>\n<td style=\"text-align: center; width: 7.85714%;\" width=\"43\"><\/td>\n<td style=\"text-align: center; width: 8.45238%;\" width=\"48\"><\/td>\n<\/tr>\n<tr>\n<td style=\"text-align: center; width: 5.95238%;\" width=\"29\"><span style=\"font-family: 'times new roman', times, serif; font-size: 10pt;\">9<\/span><\/td>\n<td style=\"width: 21.5476%;\" width=\"145\"><span style=\"font-family: 'times new roman', times, serif; font-size: 10pt;\">Anna Eva<\/span><\/td>\n<td style=\"text-align: center; width: 10.9524%;\" width=\"66\"><span style=\"font-family: 'times new roman', times, serif; font-size: 10pt;\">16.01.1713<\/span><\/td>\n<td style=\"text-align: center; width: 12.0238%;\" width=\"74\"><span style=\"font-family: 'times new roman', times, serif; font-size: 10pt;\">22.01.1713<\/span><\/td>\n<td style=\"text-align: center; width: 11.1905%;\" width=\"68\"><\/td>\n<td style=\"text-align: center; width: 11.0714%;\" width=\"67\"><\/td>\n<td style=\"text-align: center; width: 11.0714%;\" width=\"67\"><\/td>\n<td style=\"text-align: center; width: 7.85714%;\" width=\"43\"><\/td>\n<td style=\"text-align: center; width: 8.45238%;\" width=\"48\"><\/td>\n<\/tr>\n<\/tbody>\n<\/table>\n<p><span style=\"font-family: 'times new roman', times, serif; font-size: 10pt;\">Kind Nr. 1) \u2013 4) * Kirchheimersborn (KB Oberlahnstein)<br \/>\n<\/span><span style=\"font-family: 'times new roman', times, serif; font-size: 10pt;\">Kind Nr. 5) \u2013 9) * Becheln<\/span><\/p>\n<p style=\"text-align: justify;\"><span style=\"font-family: 'times new roman', times, serif; font-size: 10pt;\"><strong>Paten: zu 1) <\/strong><em>Paulus \u2026 <\/em>[<em>Land<\/em> ?]<em>, Confluentinus, et pudica virgo Catharina Moselerin <\/em>\u2014 <strong>zu 2) <\/strong><em>Joannes Matthia ihm Krentzloch et Anna Maria, uxor Antonii ihm Baad <\/em>[?] \u2014 <strong>zu 3) <\/strong><em>Elisabetha R\u00fcbenachin et Petrus Museler, frater parentis, cohabitans in dem Kirschhemer Born <\/em>\u2014 <strong>zu 4) <\/strong><em>Joannes Jackmuth et Anna Maria \u2026 <\/em><em>Kirschmannsborn <\/em>\u2014 <strong>zu 5) <\/strong><em>Johann Peter, Hans T\u00f6nges G\u00f6then Sohn; Maria Kunigunda, Gottfr. Wageners Tochter, undt Anna Christina Mo\u00dfelin, patris soror <\/em>\u2014 <strong>zu 6) <\/strong><em>Simon Hoffmann; Anna Christina, Georg Metzen uxor; v[nd] Maria Catharina, Johannes Wageners Tochter <\/em>\u2014 <strong>zu 7) <\/strong><em>Johann Friederich Hoffmann; Sebastian Mosel; und Anna Apolonia, Gottfried Metzen Tochter <\/em>\u2014 <strong>zu 8) <\/strong><em>Peter Adler; Anna Margretha, Peter Freunden Tochter; v[nd] Anna Elisabeth Metzin <\/em>\u2014 <strong>zu 9) <\/strong><em>Adam Adler; Anna Maria, Matth\u00e6i Wageners Fr[au]; v[nd] Eva Moselin, patris soror<\/em><\/span><\/p>\n<hr \/>\n<p><span style=\"font-size: 10pt; font-family: times new roman, times, serif;\"><b>Letztes Update: 5. Juni 2024<\/b><\/span><br \/>\n<span style=\"font-size: 10pt; font-family: times new roman, times, serif;\"><b>Ralph Jackmuth<\/b><\/span><\/p>\n","protected":false},"excerpt":{"rendered":"<p>M\u00f6sseler, M\u00f6\u00dfler, Mos(s)eler, M\u00fcsler, M\u00fcsseler, M\u00fchls(e)ler Ende des 17. Jhs. und Anfang des 18. Jhs. in den Pfarreien Spie\u00df bzw. Oberlahnstein, Nievern, Schweighausen (Moseler), Dornholzhausen (M\u00fc\u00dfeler) und Ems (M\u00fc\u00dfler) belegter Familienname, dessen Ursprung in Filsen (ehem. Pfarrei Boppard) liegt. Ein Philipp Mosel aus Fel\u00dfen ist 21.04.1667 Pate bei Paul Moseler in Becheln, wohl einem Sohn &hellip; <a href=\"https:\/\/www.ahnenforschung-jackmuth.de\/?page_id=11514\" class=\"more-link\"><span class=\"screen-reader-text\">\u201eOFB Becheln &#8211; M\u00f6seler\u201c<\/span> weiterlesen<\/a><\/p>\n","protected":false},"author":1,"featured_media":0,"parent":0,"menu_order":0,"comment_status":"closed","ping_status":"closed","template":"","meta":{"footnotes":""},"class_list":["post-11514","page","type-page","status-publish","hentry"],"_links":{"self":[{"href":"https:\/\/www.ahnenforschung-jackmuth.de\/index.php?rest_route=\/wp\/v2\/pages\/11514","targetHints":{"allow":["GET"]}}],"collection":[{"href":"https:\/\/www.ahnenforschung-jackmuth.de\/index.php?rest_route=\/wp\/v2\/pages"}],"about":[{"href":"https:\/\/www.ahnenforschung-jackmuth.de\/index.php?rest_route=\/wp\/v2\/types\/page"}],"author":[{"embeddable":true,"href":"https:\/\/www.ahnenforschung-jackmuth.de\/index.php?rest_route=\/wp\/v2\/users\/1"}],"replies":[{"embeddable":true,"href":"https:\/\/www.ahnenforschung-jackmuth.de\/index.php?rest_route=%2Fwp%2Fv2%2Fcomments&post=11514"}],"version-history":[{"count":0,"href":"https:\/\/www.ahnenforschung-jackmuth.de\/index.php?rest_route=\/wp\/v2\/pages\/11514\/revisions"}],"wp:attachment":[{"href":"https:\/\/www.ahnenforschung-jackmuth.de\/index.php?rest_route=%2Fwp%2Fv2%2Fmedia&parent=11514"}],"curies":[{"name":"wp","href":"https:\/\/api.w.org\/{rel}","templated":true}]}}