{"id":10538,"date":"2023-08-10T14:33:24","date_gmt":"2023-08-10T14:33:24","guid":{"rendered":"http:\/\/www.ahnenforschung-jackmuth.de\/?page_id=10538"},"modified":"2024-06-08T14:29:27","modified_gmt":"2024-06-08T14:29:27","slug":"ofb-schweighausen-schuck","status":"publish","type":"page","link":"https:\/\/www.ahnenforschung-jackmuth.de\/?page_id=10538","title":{"rendered":"OFB Schweighausen &#8211; Schuck"},"content":{"rendered":"<p style=\"text-align: justify;\"><span style=\"font-family: times new roman, times, serif; font-size: 10pt;\"><strong><u>Schuck<\/u><\/strong><strong>, Johann Melchior:<\/strong> 1667-1686 Pfarrer in Schweighausen und Becheln; beginnt 1667 kontinuierliche KB-F\u00fchrung (Wahlspruch lt. Pfarrerliste am Beginn des KB: \u201eMea justitia meritum salvatoris\u201c (Meine Gerichtigkeit der Verdienst des Erl\u00f6sers)); Sohn des Sebastian <em>Schugk<\/em>, Gerichtssch\u00f6ffe in Langenschwalbach (+ vor 1668)<\/span><\/p>\n<p><span style=\"font-family: times new roman, times, serif; font-size: 10pt;\"><strong>oo 21.01.1668 Langenschwalbach<\/strong> mit <strong><u>Hilchen<\/u>, Anna Kunigunde: <\/strong>Tochter des Johann Philipp Hilchen, Oberschulthei\u00df in Langenschwalbach<\/span><\/p>\n<p style=\"text-align: justify;\"><span style=\"font-family: times new roman, times, serif; font-size: 10pt;\">Eintragstext: <em>Den 21ten Januarij wurden trina pr\u00e6missa proclamatione alhir copulirt Herr M[agister] Johann Melchior Schugk, Pfarrer zu Schweigkhau\u00dfen und Becheln, Sebastian Schugks seel[ig], gewesenen Gerichtsch\u00f6ffens alhir, nachgelassener ehelicher Sohn, und Jungfrau Anna C\u00fcnigund, Herrn Johann Philipps Hilchens, Oberschulthei\u00dfen alhir, eheleibliche Tochter <\/em>(Langenschwalbach, KB 3, Bild 62 auf archion.de)<\/span><\/p>\n<table style=\"width: 100%;\">\n<tbody>\n<tr>\n<td style=\"text-align: center; width: 5.47619%;\" width=\"21\"><span style=\"font-family: times new roman, times, serif; font-size: 10pt;\"><strong>Nr.<\/strong><\/span><\/td>\n<td style=\"width: 17.9762%;\" width=\"123\"><span style=\"font-family: times new roman, times, serif; font-size: 10pt;\"><strong>VN normiert<\/strong><\/span><\/td>\n<td style=\"text-align: center; width: 13.0952%;\" width=\"82\"><span style=\"font-family: times new roman, times, serif; font-size: 10pt;\"><strong>Geburt<\/strong><\/span><\/td>\n<td style=\"text-align: center; width: 13.0952%;\" width=\"82\"><span style=\"font-family: times new roman, times, serif; font-size: 10pt;\"><strong>Taufe<\/strong><\/span><\/td>\n<td style=\"text-align: center; width: 11.3095%;\" width=\"69\"><span style=\"font-family: times new roman, times, serif; font-size: 10pt;\"><strong>konf.<\/strong><\/span><\/td>\n<td style=\"text-align: center; width: 11.3095%;\" width=\"69\"><span style=\"font-family: times new roman, times, serif; font-size: 10pt;\"><strong>gestorben<\/strong><\/span><\/td>\n<td style=\"text-align: center; width: 12.381%;\" width=\"77\"><span style=\"font-family: times new roman, times, serif; font-size: 10pt;\"><strong>begraben<\/strong><\/span><\/td>\n<td style=\"text-align: center; width: 7.85714%;\" width=\"43\"><span style=\"font-family: times new roman, times, serif; font-size: 10pt;\"><strong>Alter<\/strong><\/span><\/td>\n<td style=\"text-align: center; width: 7.5%;\" width=\"41\"><span style=\"font-family: times new roman, times, serif; font-size: 10pt;\"><strong>Stand<\/strong><\/span><\/td>\n<\/tr>\n<tr>\n<td style=\"text-align: center; width: 5.47619%;\" width=\"21\"><span style=\"font-family: times new roman, times, serif; font-size: 10pt;\">1<\/span><\/td>\n<td style=\"width: 17.9762%;\" width=\"123\"><span style=\"font-family: times new roman, times, serif; font-size: 10pt;\">Anna Sibylla<\/span><\/td>\n<td style=\"text-align: center; width: 13.0952%;\" width=\"82\"><span style=\"font-family: times new roman, times, serif; font-size: 10pt;\">28.02.1669<\/span><\/td>\n<td style=\"text-align: center; width: 13.0952%;\" width=\"82\"><span style=\"font-family: times new roman, times, serif; font-size: 10pt;\">07.03.1669<\/span><\/td>\n<td style=\"text-align: center; width: 11.3095%;\" width=\"69\"><\/td>\n<td style=\"text-align: center; width: 11.3095%;\" width=\"69\"><span style=\"font-family: times new roman, times, serif; font-size: 10pt;\">06.05.1669<\/span><\/td>\n<td style=\"text-align: center; width: 12.381%;\" width=\"77\"><span style=\"font-family: times new roman, times, serif; font-size: 10pt;\">08.05.1669<\/span><\/td>\n<td style=\"text-align: center; width: 7.85714%;\" width=\"43\"><span style=\"font-family: times new roman, times, serif; font-size: 10pt;\">0,18<\/span><\/td>\n<td style=\"text-align: center; width: 7.5%;\" width=\"41\"><\/td>\n<\/tr>\n<tr>\n<td style=\"text-align: center; width: 5.47619%;\"><span style=\"font-family: times new roman, times, serif; font-size: 10pt;\">2<\/span><\/td>\n<td style=\"width: 17.9762%;\"><span style=\"font-family: times new roman, times, serif; font-size: 10pt;\">Anna Margaretha<\/span><\/td>\n<td style=\"text-align: center; width: 13.0952%;\"><span style=\"font-family: times new roman, times, serif; font-size: 10pt;\">07.02.1670<\/span><\/td>\n<td style=\"text-align: center; width: 13.0952%;\"><span style=\"font-family: times new roman, times, serif; font-size: 10pt;\">15.02.1670<\/span><\/td>\n<td style=\"text-align: center; width: 11.3095%;\"><span style=\"font-family: times new roman, times, serif; font-size: 10pt;\">16.04.1682<\/span><\/td>\n<td style=\"text-align: center; width: 11.3095%;\"><\/td>\n<td style=\"text-align: center; width: 12.381%;\"><\/td>\n<td style=\"text-align: center; width: 7.85714%;\"><\/td>\n<td style=\"text-align: center; width: 7.5%;\"><span style=\"font-family: times new roman, times, serif; font-size: 10pt;\">verh.<\/span><\/td>\n<\/tr>\n<tr>\n<td style=\"text-align: center; width: 5.47619%;\"><span style=\"font-family: times new roman, times, serif; font-size: 10pt;\">3<\/span><\/td>\n<td style=\"width: 17.9762%;\"><span style=\"font-family: times new roman, times, serif; font-size: 10pt;\">Hedwig Elisabeth<\/span><\/td>\n<td style=\"text-align: center; width: 13.0952%;\"><span style=\"font-family: times new roman, times, serif; font-size: 10pt;\">23.04.1673<\/span><\/td>\n<td style=\"text-align: center; width: 13.0952%;\"><span style=\"font-family: times new roman, times, serif; font-size: 10pt;\">27.04.1673<\/span><\/td>\n<td style=\"text-align: center; width: 11.3095%;\"><span style=\"font-family: times new roman, times, serif; font-size: 10pt;\">16.04.1685<\/span><\/td>\n<td style=\"text-align: center; width: 11.3095%;\"><\/td>\n<td style=\"text-align: center; width: 12.381%;\"><\/td>\n<td style=\"text-align: center; width: 7.85714%;\"><\/td>\n<td style=\"text-align: center; width: 7.5%;\"><\/td>\n<\/tr>\n<tr>\n<td style=\"text-align: center; width: 5.47619%;\"><span style=\"font-family: times new roman, times, serif; font-size: 10pt;\">4<\/span><\/td>\n<td style=\"width: 17.9762%;\"><span style=\"font-family: times new roman, times, serif; font-size: 10pt;\">Christina Juliana<\/span><\/td>\n<td style=\"text-align: center; width: 13.0952%;\"><span style=\"font-family: times new roman, times, serif; font-size: 10pt;\">10.09.1677<\/span><\/td>\n<td style=\"text-align: center; width: 13.0952%;\"><span style=\"font-family: times new roman, times, serif; font-size: 10pt;\">14.09.1677<\/span><\/td>\n<td style=\"text-align: center; width: 11.3095%;\"><\/td>\n<td style=\"text-align: center; width: 11.3095%;\"><\/td>\n<td style=\"text-align: center; width: 12.381%;\"><\/td>\n<td style=\"text-align: center; width: 7.85714%;\"><\/td>\n<td style=\"text-align: center; width: 7.5%;\"><\/td>\n<\/tr>\n<tr>\n<td style=\"text-align: center; width: 5.47619%;\"><span style=\"font-family: times new roman, times, serif; font-size: 10pt;\">5<\/span><\/td>\n<td style=\"width: 17.9762%;\"><span style=\"font-family: times new roman, times, serif; font-size: 10pt;\">Johann Friedrich<\/span><\/td>\n<td style=\"text-align: center; width: 13.0952%;\"><span style=\"font-family: times new roman, times, serif; font-size: 10pt;\">12.07.1681<\/span><\/td>\n<td style=\"text-align: center; width: 13.0952%;\"><span style=\"font-family: times new roman, times, serif; font-size: 10pt;\">17.07.1681<\/span><\/td>\n<td style=\"text-align: center; width: 11.3095%;\"><\/td>\n<td style=\"text-align: center; width: 11.3095%;\"><\/td>\n<td style=\"text-align: center; width: 12.381%;\"><\/td>\n<td style=\"text-align: center; width: 7.85714%;\"><\/td>\n<td style=\"text-align: center; width: 7.5%;\"><\/td>\n<\/tr>\n<tr>\n<td style=\"text-align: center; width: 5.47619%;\"><span style=\"font-family: times new roman, times, serif; font-size: 10pt;\">6<\/span><\/td>\n<td style=\"width: 17.9762%;\"><span style=\"font-family: times new roman, times, serif; font-size: 10pt;\">Engel Margaretha<\/span><\/td>\n<td style=\"text-align: center; width: 13.0952%;\"><span style=\"font-family: times new roman, times, serif; font-size: 10pt;\">11.07.1685<\/span><\/td>\n<td style=\"text-align: center; width: 13.0952%;\"><span style=\"font-family: times new roman, times, serif; font-size: 10pt;\">16.07.1685<\/span><\/td>\n<td style=\"text-align: center; width: 11.3095%;\"><\/td>\n<td style=\"text-align: center; width: 11.3095%;\"><\/td>\n<td style=\"text-align: center; width: 12.381%;\"><\/td>\n<td style=\"text-align: center; width: 7.85714%;\"><\/td>\n<td style=\"text-align: center; width: 7.5%;\"><\/td>\n<\/tr>\n<\/tbody>\n<\/table>\n<p><span style=\"font-family: times new roman, times, serif; font-size: 10pt;\">Kind Nr. 1) erstgeboren; + in der Kirche im Chor<\/span><\/p>\n<p style=\"text-align: justify;\"><span style=\"font-family: times new roman, times, serif; font-size: 10pt;\"><strong>Paten:<\/strong> <strong>zu 1) <\/strong><em>Ihre Gnaden Fr[au] Anna Sibylla vom Stein gebohrne von Koppenstein <\/em>[Anna Sibilla von Koppenstein: * 03.04.1612 Mandel bei Kreuznach, + 16.11.1684 Oberlahnstein, oo 27.11.\/07.12.1633 Kirchheim-Bolanden mit Ludwig Freiherr vom Stein zu Nassau (* 30.07.1604, + 27.02.1650 Oberlahnstein, bg. Nassau Tochter des Hans Georg von Koppenstein und der Magdalena Elisabeth von Geispitzheim]<em>; H[err] Johannes Zippel, Brunnemeister zu Langen-Schwalbach al\u00df Uhraltvatter; undt Fr[au] Anna Barbara, Adam Hilchen, Rathsverwandten zu Lang[en] Schwalbach, Hau\u00dffrau <\/em>\u2014 <strong>zu 2) <\/strong><em>&#8230; Henrich Archenholtz, freyh[errlich] steinischer Hoffmeister; Fr[au] Anna Margaretha, H[errn] Amptmanns zu &#8230; Plebani <\/em>[?]<em> Hau\u00dffrau; undt J[ung]f[e]r Anna Elisabeth Hilchin, matris soror <\/em>\u2014 <strong>zu 3) <\/strong><em>Frau Hedwig Sch\u00e4fferin, H[err]n Amptmann zu Braubach Hau\u00dffraw; M[eiste]r Philipps Kneupper, Rathsverwandter undt &#8230; &#8230; Ibid[em]; undt J[ung]f[e]r Anna Elisabeth <\/em><em>Vietorin<\/em><em>, Johann Jost Westerburgern sponsa von Langen Schwalbach <\/em>\u2014 <strong>zu 4) <\/strong><em>H[err] Johann Peter Mose <\/em>[?]<em>, Pfarrer in Dienethall; Fr[au] Juliana Hilchin gebohrne Bo\u00dfin <\/em>[?]<em>, H[errn] &#8230; Hilchen, Ober-Schulthei\u00dfen zu Sontra in Hessen, Eheliebste; und Fr[au] Christina &#8230;rin gebohrne Christianin, H[err]n Pfarrh[err]n zu Braubach Eheliebste <\/em>\u2014 <strong>zu 5) <\/strong><em>Ihro hochfreyh[errliche] Gn[aden] H[err] Joh. Friederich vom Stein, churpf\u00e4ltzisch[er] Hoffrichter, geheimber Rath, undt Oberamptmann zu Sim[m]ern; H[err] Joh. Friederich Franz Freyh[err] vom Stein, ihro hochfreyh[errliche] Gnad[en] H[errn] Ludwig Christophs junges Herrgen; undt Fraw Maria Christina Dorothea R\u00fchlin <\/em>[?]<em> gebohrne Hilchin, matertera, hochf\u00fcrst[lich] w\u00fcrtenb[ergischen] Kam[m]erdieners Eheliebste <\/em>\u2014 <strong>zu 6) <\/strong><em>Reverend[us] D[omi]n[us] Joh. Nicola[us] Schlosser, pastor substitut[us] Nassovij et ordinari[us] in Dienenthal; Fr[au] Anna Margareta, H[err]n Pamponis <\/em>[?]<em>, Pf[arre]rs zu Dausenaw Hau\u00dffraw; u. Fr[au] Engel Vrsula, H[errn] Zippelij, Pfarrers zu Beerstad, Hau\u00dffraw<\/em><\/span><\/p>\n<hr \/>\n<p><span style=\"font-size: 10pt; font-family: times new roman, times, serif;\"><strong>Letzte \u00c4nderung: 10. August 2023<\/strong><\/span><br \/>\n<span style=\"font-size: 10pt; font-family: times new roman, times, serif;\"><strong>Ralph Jackmuth<\/strong><\/span><\/p>\n","protected":false},"excerpt":{"rendered":"<p>Schuck, Johann Melchior: 1667-1686 Pfarrer in Schweighausen und Becheln; beginnt 1667 kontinuierliche KB-F\u00fchrung (Wahlspruch lt. Pfarrerliste am Beginn des KB: \u201eMea justitia meritum salvatoris\u201c (Meine Gerichtigkeit der Verdienst des Erl\u00f6sers)); Sohn des Sebastian Schugk, Gerichtssch\u00f6ffe in Langenschwalbach (+ vor 1668) oo 21.01.1668 Langenschwalbach mit Hilchen, Anna Kunigunde: Tochter des Johann Philipp Hilchen, Oberschulthei\u00df in Langenschwalbach &hellip; <a href=\"https:\/\/www.ahnenforschung-jackmuth.de\/?page_id=10538\" class=\"more-link\"><span class=\"screen-reader-text\">\u201eOFB Schweighausen &#8211; Schuck\u201c<\/span> weiterlesen<\/a><\/p>\n","protected":false},"author":1,"featured_media":0,"parent":0,"menu_order":0,"comment_status":"closed","ping_status":"closed","template":"","meta":{"footnotes":""},"class_list":["post-10538","page","type-page","status-publish","hentry"],"_links":{"self":[{"href":"https:\/\/www.ahnenforschung-jackmuth.de\/index.php?rest_route=\/wp\/v2\/pages\/10538","targetHints":{"allow":["GET"]}}],"collection":[{"href":"https:\/\/www.ahnenforschung-jackmuth.de\/index.php?rest_route=\/wp\/v2\/pages"}],"about":[{"href":"https:\/\/www.ahnenforschung-jackmuth.de\/index.php?rest_route=\/wp\/v2\/types\/page"}],"author":[{"embeddable":true,"href":"https:\/\/www.ahnenforschung-jackmuth.de\/index.php?rest_route=\/wp\/v2\/users\/1"}],"replies":[{"embeddable":true,"href":"https:\/\/www.ahnenforschung-jackmuth.de\/index.php?rest_route=%2Fwp%2Fv2%2Fcomments&post=10538"}],"version-history":[{"count":0,"href":"https:\/\/www.ahnenforschung-jackmuth.de\/index.php?rest_route=\/wp\/v2\/pages\/10538\/revisions"}],"wp:attachment":[{"href":"https:\/\/www.ahnenforschung-jackmuth.de\/index.php?rest_route=%2Fwp%2Fv2%2Fmedia&parent=10538"}],"curies":[{"name":"wp","href":"https:\/\/api.w.org\/{rel}","templated":true}]}}

<p style="text-align: justify;"><span style="font-family: times new roman, times, serif; font-size: 10pt;"><strong><u>Schuck</u></strong><strong>, Johann Melchior:</strong> 1667-1686 Pfarrer in Schweighausen und Becheln; beginnt 1667 kontinuierliche KB-Führung (Wahlspruch lt. Pfarrerliste am Beginn des KB: „Mea justitia meritum salvatoris“ (Meine Gerichtigkeit der Verdienst des Erlösers)); Sohn des Sebastian <em>Schugk</em>, Gerichtsschöffe in Langenschwalbach (+ vor 1668)</span></p>
<p><span style="font-family: times new roman, times, serif; font-size: 10pt;"><strong>oo 21.01.1668 Langenschwalbach</strong> mit <strong><u>Hilchen</u>, Anna Kunigunde: </strong>Tochter des Johann Philipp Hilchen, Oberschultheiß in Langenschwalbach</span></p>
<p style="text-align: justify;"><span style="font-family: times new roman, times, serif; font-size: 10pt;">Eintragstext: <em>Den 21ten Januarij wurden trina præmissa proclamatione alhir copulirt Herr M[agister] Johann Melchior Schugk, Pfarrer zu Schweigkhaußen und Becheln, Sebastian Schugks seel[ig], gewesenen Gerichtschöffens alhir, nachgelassener ehelicher Sohn, und Jungfrau Anna Cünigund, Herrn Johann Philipps Hilchens, Oberschultheißen alhir, eheleibliche Tochter </em>(Langenschwalbach, KB 3, Bild 62 auf archion.de)</span></p>
<table style="width: 100%;">
<tbody>
<tr>
<td style="text-align: center; width: 5.47619%;" width="21"><span style="font-family: times new roman, times, serif; font-size: 10pt;"><strong>Nr.</strong></span></td>
<td style="width: 17.9762%;" width="123"><span style="font-family: times new roman, times, serif; font-size: 10pt;"><strong>VN normiert</strong></span></td>
<td style="text-align: center; width: 13.0952%;" width="82"><span style="font-family: times new roman, times, serif; font-size: 10pt;"><strong>Geburt</strong></span></td>
<td style="text-align: center; width: 13.0952%;" width="82"><span style="font-family: times new roman, times, serif; font-size: 10pt;"><strong>Taufe</strong></span></td>
<td style="text-align: center; width: 11.3095%;" width="69"><span style="font-family: times new roman, times, serif; font-size: 10pt;"><strong>konf.</strong></span></td>
<td style="text-align: center; width: 11.3095%;" width="69"><span style="font-family: times new roman, times, serif; font-size: 10pt;"><strong>gestorben</strong></span></td>
<td style="text-align: center; width: 12.381%;" width="77"><span style="font-family: times new roman, times, serif; font-size: 10pt;"><strong>begraben</strong></span></td>
<td style="text-align: center; width: 7.85714%;" width="43"><span style="font-family: times new roman, times, serif; font-size: 10pt;"><strong>Alter</strong></span></td>
<td style="text-align: center; width: 7.5%;" width="41"><span style="font-family: times new roman, times, serif; font-size: 10pt;"><strong>Stand</strong></span></td>
</tr>
<tr>
<td style="text-align: center; width: 5.47619%;" width="21"><span style="font-family: times new roman, times, serif; font-size: 10pt;">1</span></td>
<td style="width: 17.9762%;" width="123"><span style="font-family: times new roman, times, serif; font-size: 10pt;">Anna Sibylla</span></td>
<td style="text-align: center; width: 13.0952%;" width="82"><span style="font-family: times new roman, times, serif; font-size: 10pt;">28.02.1669</span></td>
<td style="text-align: center; width: 13.0952%;" width="82"><span style="font-family: times new roman, times, serif; font-size: 10pt;">07.03.1669</span></td>
<td style="text-align: center; width: 11.3095%;" width="69"></td>
<td style="text-align: center; width: 11.3095%;" width="69"><span style="font-family: times new roman, times, serif; font-size: 10pt;">06.05.1669</span></td>
<td style="text-align: center; width: 12.381%;" width="77"><span style="font-family: times new roman, times, serif; font-size: 10pt;">08.05.1669</span></td>
<td style="text-align: center; width: 7.85714%;" width="43"><span style="font-family: times new roman, times, serif; font-size: 10pt;">0,18</span></td>
<td style="text-align: center; width: 7.5%;" width="41"></td>
</tr>
<tr>
<td style="text-align: center; width: 5.47619%;"><span style="font-family: times new roman, times, serif; font-size: 10pt;">2</span></td>
<td style="width: 17.9762%;"><span style="font-family: times new roman, times, serif; font-size: 10pt;">Anna Margaretha</span></td>
<td style="text-align: center; width: 13.0952%;"><span style="font-family: times new roman, times, serif; font-size: 10pt;">07.02.1670</span></td>
<td style="text-align: center; width: 13.0952%;"><span style="font-family: times new roman, times, serif; font-size: 10pt;">15.02.1670</span></td>
<td style="text-align: center; width: 11.3095%;"><span style="font-family: times new roman, times, serif; font-size: 10pt;">16.04.1682</span></td>
<td style="text-align: center; width: 11.3095%;"></td>
<td style="text-align: center; width: 12.381%;"></td>
<td style="text-align: center; width: 7.85714%;"></td>
<td style="text-align: center; width: 7.5%;"><span style="font-family: times new roman, times, serif; font-size: 10pt;">verh.</span></td>
</tr>
<tr>
<td style="text-align: center; width: 5.47619%;"><span style="font-family: times new roman, times, serif; font-size: 10pt;">3</span></td>
<td style="width: 17.9762%;"><span style="font-family: times new roman, times, serif; font-size: 10pt;">Hedwig Elisabeth</span></td>
<td style="text-align: center; width: 13.0952%;"><span style="font-family: times new roman, times, serif; font-size: 10pt;">23.04.1673</span></td>
<td style="text-align: center; width: 13.0952%;"><span style="font-family: times new roman, times, serif; font-size: 10pt;">27.04.1673</span></td>
<td style="text-align: center; width: 11.3095%;"><span style="font-family: times new roman, times, serif; font-size: 10pt;">16.04.1685</span></td>
<td style="text-align: center; width: 11.3095%;"></td>
<td style="text-align: center; width: 12.381%;"></td>
<td style="text-align: center; width: 7.85714%;"></td>
<td style="text-align: center; width: 7.5%;"></td>
</tr>
<tr>
<td style="text-align: center; width: 5.47619%;"><span style="font-family: times new roman, times, serif; font-size: 10pt;">4</span></td>
<td style="width: 17.9762%;"><span style="font-family: times new roman, times, serif; font-size: 10pt;">Christina Juliana</span></td>
<td style="text-align: center; width: 13.0952%;"><span style="font-family: times new roman, times, serif; font-size: 10pt;">10.09.1677</span></td>
<td style="text-align: center; width: 13.0952%;"><span style="font-family: times new roman, times, serif; font-size: 10pt;">14.09.1677</span></td>
<td style="text-align: center; width: 11.3095%;"></td>
<td style="text-align: center; width: 11.3095%;"></td>
<td style="text-align: center; width: 12.381%;"></td>
<td style="text-align: center; width: 7.85714%;"></td>
<td style="text-align: center; width: 7.5%;"></td>
</tr>
<tr>
<td style="text-align: center; width: 5.47619%;"><span style="font-family: times new roman, times, serif; font-size: 10pt;">5</span></td>
<td style="width: 17.9762%;"><span style="font-family: times new roman, times, serif; font-size: 10pt;">Johann Friedrich</span></td>
<td style="text-align: center; width: 13.0952%;"><span style="font-family: times new roman, times, serif; font-size: 10pt;">12.07.1681</span></td>
<td style="text-align: center; width: 13.0952%;"><span style="font-family: times new roman, times, serif; font-size: 10pt;">17.07.1681</span></td>
<td style="text-align: center; width: 11.3095%;"></td>
<td style="text-align: center; width: 11.3095%;"></td>
<td style="text-align: center; width: 12.381%;"></td>
<td style="text-align: center; width: 7.85714%;"></td>
<td style="text-align: center; width: 7.5%;"></td>
</tr>
<tr>
<td style="text-align: center; width: 5.47619%;"><span style="font-family: times new roman, times, serif; font-size: 10pt;">6</span></td>
<td style="width: 17.9762%;"><span style="font-family: times new roman, times, serif; font-size: 10pt;">Engel Margaretha</span></td>
<td style="text-align: center; width: 13.0952%;"><span style="font-family: times new roman, times, serif; font-size: 10pt;">11.07.1685</span></td>
<td style="text-align: center; width: 13.0952%;"><span style="font-family: times new roman, times, serif; font-size: 10pt;">16.07.1685</span></td>
<td style="text-align: center; width: 11.3095%;"></td>
<td style="text-align: center; width: 11.3095%;"></td>
<td style="text-align: center; width: 12.381%;"></td>
<td style="text-align: center; width: 7.85714%;"></td>
<td style="text-align: center; width: 7.5%;"></td>
</tr>
</tbody>
</table>
<p><span style="font-family: times new roman, times, serif; font-size: 10pt;">Kind Nr. 1) erstgeboren; + in der Kirche im Chor</span></p>
<p style="text-align: justify;"><span style="font-family: times new roman, times, serif; font-size: 10pt;"><strong>Paten:</strong> <strong>zu 1) </strong><em>Ihre Gnaden Fr[au] Anna Sibylla vom Stein gebohrne von Koppenstein </em>[Anna Sibilla von Koppenstein: * 03.04.1612 Mandel bei Kreuznach, + 16.11.1684 Oberlahnstein, oo 27.11./07.12.1633 Kirchheim-Bolanden mit Ludwig Freiherr vom Stein zu Nassau (* 30.07.1604, + 27.02.1650 Oberlahnstein, bg. Nassau Tochter des Hans Georg von Koppenstein und der Magdalena Elisabeth von Geispitzheim]<em>; H[err] Johannes Zippel, Brunnemeister zu Langen-Schwalbach alß Uhraltvatter; undt Fr[au] Anna Barbara, Adam Hilchen, Rathsverwandten zu Lang[en] Schwalbach, Haußfrau </em>— <strong>zu 2) </strong><em>&#8230; Henrich Archenholtz, freyh[errlich] steinischer Hoffmeister; Fr[au] Anna Margaretha, H[errn] Amptmanns zu &#8230; Plebani </em>[?]<em> Haußfrau; undt J[ung]f[e]r Anna Elisabeth Hilchin, matris soror </em>— <strong>zu 3) </strong><em>Frau Hedwig Schäfferin, H[err]n Amptmann zu Braubach Haußfraw; M[eiste]r Philipps Kneupper, Rathsverwandter undt &#8230; &#8230; Ibid[em]; undt J[ung]f[e]r Anna Elisabeth </em><em>Vietorin</em><em>, Johann Jost Westerburgern sponsa von Langen Schwalbach </em>— <strong>zu 4) </strong><em>H[err] Johann Peter Mose </em>[?]<em>, Pfarrer in Dienethall; Fr[au] Juliana Hilchin gebohrne Boßin </em>[?]<em>, H[errn] &#8230; Hilchen, Ober-Schultheißen zu Sontra in Hessen, Eheliebste; und Fr[au] Christina &#8230;rin gebohrne Christianin, H[err]n Pfarrh[err]n zu Braubach Eheliebste </em>— <strong>zu 5) </strong><em>Ihro hochfreyh[errliche] Gn[aden] H[err] Joh. Friederich vom Stein, churpfältzisch[er] Hoffrichter, geheimber Rath, undt Oberamptmann zu Sim[m]ern; H[err] Joh. Friederich Franz Freyh[err] vom Stein, ihro hochfreyh[errliche] Gnad[en] H[errn] Ludwig Christophs junges Herrgen; undt Fraw Maria Christina Dorothea Rühlin </em>[?]<em> gebohrne Hilchin, matertera, hochfürst[lich] würtenb[ergischen] Kam[m]erdieners Eheliebste </em>— <strong>zu 6) </strong><em>Reverend[us] D[omi]n[us] Joh. Nicola[us] Schlosser, pastor substitut[us] Nassovij et ordinari[us] in Dienenthal; Fr[au] Anna Margareta, H[err]n Pamponis </em>[?]<em>, Pf[arre]rs zu Dausenaw Haußfraw; u. Fr[au] Engel Vrsula, H[errn] Zippelij, Pfarrers zu Beerstad, Haußfraw</em></span></p>
<hr />
<p><span style="font-size: 10pt; font-family: times new roman, times, serif;"><strong>Letzte Änderung: 10. August 2023</strong></span><br />
<span style="font-size: 10pt; font-family: times new roman, times, serif;"><strong>Ralph Jackmuth</strong></span></p>

<p>Schuck, Johann Melchior: 1667-1686 Pfarrer in Schweighausen und Becheln; beginnt 1667 kontinuierliche KB-Führung (Wahlspruch lt. Pfarrerliste am Beginn des KB: „Mea justitia meritum salvatoris“ (Meine Gerichtigkeit der Verdienst des Erlösers)); Sohn des Sebastian Schugk, Gerichtsschöffe in Langenschwalbach (+ vor 1668) oo 21.01.1668 Langenschwalbach mit Hilchen, Anna Kunigunde: Tochter des Johann Philipp Hilchen, Oberschultheiß in Langenschwalbach &hellip; <a href="https://www.ahnenforschung-jackmuth.de/?page_id=10538" class="more-link"><span class="screen-reader-text">„OFB Schweighausen &#8211; Schuck“</span> weiterlesen</a></p>
