{"id":10480,"date":"2023-08-10T11:42:26","date_gmt":"2023-08-10T11:42:26","guid":{"rendered":"http:\/\/www.ahnenforschung-jackmuth.de\/?page_id=10480"},"modified":"2024-06-08T14:14:09","modified_gmt":"2024-06-08T14:14:09","slug":"ofb-schweighausen-goeth","status":"publish","type":"page","link":"https:\/\/www.ahnenforschung-jackmuth.de\/?page_id=10480","title":{"rendered":"OFB Schweighausen &#8211; G\u00f6th"},"content":{"rendered":"<p style=\"text-align: justify;\"><span style=\"font-family: times new roman, times, serif; font-size: 10pt;\"><span style=\"color: #ff0000;\"><strong><u>G\u00f6th<\/u><\/strong><strong>, Johann Andreas: <\/strong><\/span>* 07.05.1712 Becheln (gt. 11.05.); konf. 13.05.1725; + 15.02.1772 Becheln (bg. 17.02.); Eltern: Johann Peter G\u00f6th und Maria Kunigunde geb. Wagner<\/span><\/p>\n<p style=\"text-align: justify;\"><span style=\"font-family: times new roman, times, serif; font-size: 10pt;\"><strong>oo 19.02.1743 Schweighausen<\/strong> mit <strong><u>Gerhard<\/u>, Christina Elisabeth:<\/strong> * 20.02.1717 Schweighausen (gt. 24.02.); konf. 15.04.1729; + 22.04.1767 Becheln; Eltern: Johann Gottfried Gerhard und Maria Magdalena geb. Heyer<\/span><\/p>\n<table style=\"width: 100%;\">\n<tbody>\n<tr>\n<td style=\"text-align: center; width: 6.19048%;\" width=\"21\"><span style=\"font-family: times new roman, times, serif; font-size: 10pt;\"><strong>Nr.<\/strong><\/span><\/td>\n<td style=\"width: 18.8095%;\" width=\"134\"><span style=\"font-family: times new roman, times, serif; font-size: 10pt;\"><strong>VN normiert<\/strong><\/span><\/td>\n<td style=\"text-align: center; width: 12.2619%;\" width=\"76\"><span style=\"font-family: times new roman, times, serif; font-size: 10pt;\"><strong>Geburt<\/strong><\/span><\/td>\n<td style=\"text-align: center; width: 11.9048%;\" width=\"73\"><span style=\"font-family: times new roman, times, serif; font-size: 10pt;\"><strong>Taufe<\/strong><\/span><\/td>\n<td style=\"text-align: center; width: 11.9048%;\" width=\"73\"><span style=\"font-family: times new roman, times, serif; font-size: 10pt;\"><strong>gefirmt<\/strong><\/span><\/td>\n<td style=\"text-align: center; width: 11.9048%;\" width=\"73\"><span style=\"font-family: times new roman, times, serif; font-size: 10pt;\"><strong>gestorben<\/strong><\/span><\/td>\n<td style=\"text-align: center; width: 11.4286%;\" width=\"70\"><span style=\"font-family: times new roman, times, serif; font-size: 10pt;\"><strong>begraben<\/strong><\/span><\/td>\n<td style=\"text-align: center; width: 7.85714%;\" width=\"43\"><span style=\"font-family: times new roman, times, serif; font-size: 10pt;\"><strong>Alter<\/strong><\/span><\/td>\n<td style=\"text-align: center; width: 7.7381%;\" width=\"42\"><span style=\"font-family: times new roman, times, serif; font-size: 10pt;\"><strong>Stand<\/strong><\/span><\/td>\n<\/tr>\n<tr>\n<td style=\"text-align: center; width: 6.19048%;\" width=\"21\"><span style=\"font-family: times new roman, times, serif; font-size: 10pt;\">1<\/span><\/td>\n<td style=\"width: 18.8095%;\" width=\"134\"><span style=\"font-family: times new roman, times, serif; font-size: 10pt;\">Johann Philipp<\/span><\/td>\n<td style=\"text-align: center; width: 12.2619%;\" width=\"76\"><span style=\"font-family: times new roman, times, serif; font-size: 10pt;\">05.10.1744<\/span><\/td>\n<td style=\"text-align: center; width: 11.9048%;\" width=\"73\"><span style=\"font-family: times new roman, times, serif; font-size: 10pt;\">09.10.1744<\/span><\/td>\n<td style=\"text-align: center; width: 11.9048%;\" width=\"73\"><span style=\"font-family: times new roman, times, serif; font-size: 10pt;\">16.05.1758<\/span><\/td>\n<td style=\"text-align: center; width: 11.9048%;\" width=\"73\"><span style=\"font-family: times new roman, times, serif; font-size: 10pt;\">09.06.1825<\/span><\/td>\n<td style=\"text-align: center; width: 11.4286%;\" width=\"70\"><span style=\"font-family: times new roman, times, serif; font-size: 10pt;\">11.06.1825<\/span><\/td>\n<td style=\"text-align: center; width: 7.85714%;\" width=\"43\"><span style=\"font-family: times new roman, times, serif; font-size: 10pt;\">80,72<\/span><\/td>\n<td style=\"text-align: center; width: 7.7381%;\" width=\"42\"><span style=\"font-family: times new roman, times, serif; font-size: 10pt;\">verh.<\/span><\/td>\n<\/tr>\n<tr>\n<td style=\"text-align: center; width: 6.19048%;\"><span style=\"font-family: times new roman, times, serif; font-size: 10pt;\">2<\/span><\/td>\n<td style=\"width: 18.8095%;\"><span style=\"font-family: times new roman, times, serif; font-size: 10pt;\">Elisabeth Katharina<\/span><\/td>\n<td style=\"text-align: center; width: 12.2619%;\"><span style=\"font-family: times new roman, times, serif; font-size: 10pt;\">21.11.1748<\/span><\/td>\n<td style=\"text-align: center; width: 11.9048%;\"><span style=\"font-family: times new roman, times, serif; font-size: 10pt;\">22.11.1748<\/span><\/td>\n<td style=\"text-align: center; width: 11.9048%;\"><\/td>\n<td style=\"text-align: center; width: 11.9048%;\"><span style=\"font-family: times new roman, times, serif; font-size: 10pt;\">03.07.1754<\/span><\/td>\n<td style=\"text-align: center; width: 11.4286%;\"><span style=\"font-family: times new roman, times, serif; font-size: 10pt;\">05.07.1754<\/span><\/td>\n<td style=\"text-align: center; width: 7.85714%;\"><span style=\"font-family: times new roman, times, serif; font-size: 10pt;\">5,62<\/span><\/td>\n<td style=\"text-align: center; width: 7.7381%;\"><\/td>\n<\/tr>\n<tr>\n<td style=\"text-align: center; width: 6.19048%;\"><span style=\"font-family: times new roman, times, serif; font-size: 10pt;\">3<\/span><\/td>\n<td style=\"width: 18.8095%;\"><span style=\"font-family: times new roman, times, serif; font-size: 10pt;\">Anna Maria<\/span><\/td>\n<td style=\"text-align: center; width: 12.2619%;\"><\/td>\n<td style=\"text-align: center; width: 11.9048%;\"><span style=\"font-family: times new roman, times, serif; font-size: 10pt;\">16.08.1750<\/span><\/td>\n<td style=\"text-align: center; width: 11.9048%;\"><\/td>\n<td style=\"text-align: center; width: 11.9048%;\"><\/td>\n<td style=\"text-align: center; width: 11.4286%;\"><\/td>\n<td style=\"text-align: center; width: 7.85714%;\"><\/td>\n<td style=\"text-align: center; width: 7.7381%;\"><\/td>\n<\/tr>\n<tr>\n<td style=\"text-align: center; width: 6.19048%;\"><span style=\"font-family: times new roman, times, serif; font-size: 10pt;\">4<\/span><\/td>\n<td style=\"width: 18.8095%;\"><span style=\"font-family: times new roman, times, serif; font-size: 10pt;\">Elisabeth Katharina<\/span><\/td>\n<td style=\"text-align: center; width: 12.2619%;\"><\/td>\n<td style=\"text-align: center; width: 11.9048%;\"><span style=\"font-family: times new roman, times, serif; font-size: 10pt;\">21.05.1756<\/span><\/td>\n<td style=\"text-align: center; width: 11.9048%;\"><\/td>\n<td style=\"text-align: center; width: 11.9048%;\"><span style=\"font-family: times new roman, times, serif; font-size: 10pt;\">22.03.1760<\/span><\/td>\n<td style=\"text-align: center; width: 11.4286%;\"><span style=\"font-family: times new roman, times, serif; font-size: 10pt;\">23.03.1760<\/span><\/td>\n<td style=\"text-align: center; width: 7.85714%;\"><span style=\"font-family: times new roman, times, serif; font-size: 10pt;\">3,84<\/span><\/td>\n<td style=\"text-align: center; width: 7.7381%;\"><\/td>\n<\/tr>\n<\/tbody>\n<\/table>\n<p style=\"text-align: justify;\"><span style=\"font-family: times new roman, times, serif; font-size: 10pt;\">Kind Nr. 1) * Becheln; + Becheln; oo I. 16.02.1768 Becheln mit Sophia Elisabeth Schaab (* 17.02.1742 Sulzbach; Eltern: Johann Anton Schab und Maria Margaretha (Dienethal, KB 1, Bild 62 auf archion.de); oo II. 26.01.1773 Becheln mit Elisabeth Katharina Schmidt aus Becheln<br \/>\n<\/span><span style=\"font-family: times new roman, times, serif; font-size: 10pt;\">Kind Nr. 2) * Becheln; + Becheln, an Geschwulst<br \/>\n<\/span><span style=\"font-family: times new roman, times, serif; font-size: 10pt;\">Kind Nr. 3) * Becheln<br \/>\n<\/span><span style=\"font-family: times new roman, times, serif; font-size: 10pt;\">Kind Nr. 4) * Schweighausen; + Becheln<br \/>\n<\/span><\/p>\n<p style=\"text-align: justify;\"><span style=\"font-family: times new roman, times, serif; font-size: 10pt;\"><strong>Paten: zu 1) <\/strong><em>Johann Peter Gerhard; Georg Philipps Rincker; Maria Catharina, T\u00f6nge\u00df G\u00f6tten Hau\u00dffrau <\/em>\u2014 <strong>zu 2) <\/strong><em>Georg Philipp Heyer von Schweig[hausen]; sodann Elis[abetha] Magd[alena], M[ei]st[e]r Joh[ann] Henr. Mayen Frau daselbst, wie auch Maria Cathar[ina], Fr[iedrich] G\u00f6tten T[ochter] von Becheln <\/em>\u2014 <strong>zu 3) <\/strong><em>Diel G\u00f6tt; Peter Wagners Fr[au] Anna [Chri]stina; u. wey[land] Matth[ias] Wagn[ers] W[ittib] Anna Maria <\/em>\u2014 <strong>zu 4) <\/strong><em>Johann Fr[iedrich] Becker; Anna Maria, des Ant[on] G\u00f6then, K[irchen]sen[ior] zu B[echeln] <\/em>[Tochter? Ehefrau?]<em>; Sophia Hegerin<\/em><\/span><\/p>\n<hr \/>\n<p><span style=\"font-size: 10pt; font-family: times new roman, times, serif;\"><strong>Letzte \u00c4nderung: 8. Juni 2024<\/strong><\/span><br \/>\n<span style=\"font-size: 10pt; font-family: times new roman, times, serif;\"><strong>Ralph Jackmuth<\/strong><\/span><\/p>\n","protected":false},"excerpt":{"rendered":"<p>G\u00f6th, Johann Andreas: * 07.05.1712 Becheln (gt. 11.05.); konf. 13.05.1725; + 15.02.1772 Becheln (bg. 17.02.); Eltern: Johann Peter G\u00f6th und Maria Kunigunde geb. Wagner oo 19.02.1743 Schweighausen mit Gerhard, Christina Elisabeth: * 20.02.1717 Schweighausen (gt. 24.02.); konf. 15.04.1729; + 22.04.1767 Becheln; Eltern: Johann Gottfried Gerhard und Maria Magdalena geb. Heyer Nr. VN normiert Geburt Taufe &hellip; <a href=\"https:\/\/www.ahnenforschung-jackmuth.de\/?page_id=10480\" class=\"more-link\"><span class=\"screen-reader-text\">\u201eOFB Schweighausen &#8211; G\u00f6th\u201c<\/span> weiterlesen<\/a><\/p>\n","protected":false},"author":1,"featured_media":0,"parent":0,"menu_order":0,"comment_status":"closed","ping_status":"closed","template":"","meta":{"footnotes":""},"class_list":["post-10480","page","type-page","status-publish","hentry"],"_links":{"self":[{"href":"https:\/\/www.ahnenforschung-jackmuth.de\/index.php?rest_route=\/wp\/v2\/pages\/10480","targetHints":{"allow":["GET"]}}],"collection":[{"href":"https:\/\/www.ahnenforschung-jackmuth.de\/index.php?rest_route=\/wp\/v2\/pages"}],"about":[{"href":"https:\/\/www.ahnenforschung-jackmuth.de\/index.php?rest_route=\/wp\/v2\/types\/page"}],"author":[{"embeddable":true,"href":"https:\/\/www.ahnenforschung-jackmuth.de\/index.php?rest_route=\/wp\/v2\/users\/1"}],"replies":[{"embeddable":true,"href":"https:\/\/www.ahnenforschung-jackmuth.de\/index.php?rest_route=%2Fwp%2Fv2%2Fcomments&post=10480"}],"version-history":[{"count":0,"href":"https:\/\/www.ahnenforschung-jackmuth.de\/index.php?rest_route=\/wp\/v2\/pages\/10480\/revisions"}],"wp:attachment":[{"href":"https:\/\/www.ahnenforschung-jackmuth.de\/index.php?rest_route=%2Fwp%2Fv2%2Fmedia&parent=10480"}],"curies":[{"name":"wp","href":"https:\/\/api.w.org\/{rel}","templated":true}]}}

OFB Schweighausen &#8211; Göth

<p style="text-align: justify;"><span style="font-family: times new roman, times, serif; font-size: 10pt;"><span style="color: #ff0000;"><strong><u>Göth</u></strong><strong>, Johann Andreas: </strong></span>* 07.05.1712 Becheln (gt. 11.05.); konf. 13.05.1725; + 15.02.1772 Becheln (bg. 17.02.); Eltern: Johann Peter Göth und Maria Kunigunde geb. Wagner</span></p>
<p style="text-align: justify;"><span style="font-family: times new roman, times, serif; font-size: 10pt;"><strong>oo 19.02.1743 Schweighausen</strong> mit <strong><u>Gerhard</u>, Christina Elisabeth:</strong> * 20.02.1717 Schweighausen (gt. 24.02.); konf. 15.04.1729; + 22.04.1767 Becheln; Eltern: Johann Gottfried Gerhard und Maria Magdalena geb. Heyer</span></p>
<table style="width: 100%;">
<tbody>
<tr>
<td style="text-align: center; width: 6.19048%;" width="21"><span style="font-family: times new roman, times, serif; font-size: 10pt;"><strong>Nr.</strong></span></td>
<td style="width: 18.8095%;" width="134"><span style="font-family: times new roman, times, serif; font-size: 10pt;"><strong>VN normiert</strong></span></td>
<td style="text-align: center; width: 12.2619%;" width="76"><span style="font-family: times new roman, times, serif; font-size: 10pt;"><strong>Geburt</strong></span></td>
<td style="text-align: center; width: 11.9048%;" width="73"><span style="font-family: times new roman, times, serif; font-size: 10pt;"><strong>Taufe</strong></span></td>
<td style="text-align: center; width: 11.9048%;" width="73"><span style="font-family: times new roman, times, serif; font-size: 10pt;"><strong>gefirmt</strong></span></td>
<td style="text-align: center; width: 11.9048%;" width="73"><span style="font-family: times new roman, times, serif; font-size: 10pt;"><strong>gestorben</strong></span></td>
<td style="text-align: center; width: 11.4286%;" width="70"><span style="font-family: times new roman, times, serif; font-size: 10pt;"><strong>begraben</strong></span></td>
<td style="text-align: center; width: 7.85714%;" width="43"><span style="font-family: times new roman, times, serif; font-size: 10pt;"><strong>Alter</strong></span></td>
<td style="text-align: center; width: 7.7381%;" width="42"><span style="font-family: times new roman, times, serif; font-size: 10pt;"><strong>Stand</strong></span></td>
</tr>
<tr>
<td style="text-align: center; width: 6.19048%;" width="21"><span style="font-family: times new roman, times, serif; font-size: 10pt;">1</span></td>
<td style="width: 18.8095%;" width="134"><span style="font-family: times new roman, times, serif; font-size: 10pt;">Johann Philipp</span></td>
<td style="text-align: center; width: 12.2619%;" width="76"><span style="font-family: times new roman, times, serif; font-size: 10pt;">05.10.1744</span></td>
<td style="text-align: center; width: 11.9048%;" width="73"><span style="font-family: times new roman, times, serif; font-size: 10pt;">09.10.1744</span></td>
<td style="text-align: center; width: 11.9048%;" width="73"><span style="font-family: times new roman, times, serif; font-size: 10pt;">16.05.1758</span></td>
<td style="text-align: center; width: 11.9048%;" width="73"><span style="font-family: times new roman, times, serif; font-size: 10pt;">09.06.1825</span></td>
<td style="text-align: center; width: 11.4286%;" width="70"><span style="font-family: times new roman, times, serif; font-size: 10pt;">11.06.1825</span></td>
<td style="text-align: center; width: 7.85714%;" width="43"><span style="font-family: times new roman, times, serif; font-size: 10pt;">80,72</span></td>
<td style="text-align: center; width: 7.7381%;" width="42"><span style="font-family: times new roman, times, serif; font-size: 10pt;">verh.</span></td>
</tr>
<tr>
<td style="text-align: center; width: 6.19048%;"><span style="font-family: times new roman, times, serif; font-size: 10pt;">2</span></td>
<td style="width: 18.8095%;"><span style="font-family: times new roman, times, serif; font-size: 10pt;">Elisabeth Katharina</span></td>
<td style="text-align: center; width: 12.2619%;"><span style="font-family: times new roman, times, serif; font-size: 10pt;">21.11.1748</span></td>
<td style="text-align: center; width: 11.9048%;"><span style="font-family: times new roman, times, serif; font-size: 10pt;">22.11.1748</span></td>
<td style="text-align: center; width: 11.9048%;"></td>
<td style="text-align: center; width: 11.9048%;"><span style="font-family: times new roman, times, serif; font-size: 10pt;">03.07.1754</span></td>
<td style="text-align: center; width: 11.4286%;"><span style="font-family: times new roman, times, serif; font-size: 10pt;">05.07.1754</span></td>
<td style="text-align: center; width: 7.85714%;"><span style="font-family: times new roman, times, serif; font-size: 10pt;">5,62</span></td>
<td style="text-align: center; width: 7.7381%;"></td>
</tr>
<tr>
<td style="text-align: center; width: 6.19048%;"><span style="font-family: times new roman, times, serif; font-size: 10pt;">3</span></td>
<td style="width: 18.8095%;"><span style="font-family: times new roman, times, serif; font-size: 10pt;">Anna Maria</span></td>
<td style="text-align: center; width: 12.2619%;"></td>
<td style="text-align: center; width: 11.9048%;"><span style="font-family: times new roman, times, serif; font-size: 10pt;">16.08.1750</span></td>
<td style="text-align: center; width: 11.9048%;"></td>
<td style="text-align: center; width: 11.9048%;"></td>
<td style="text-align: center; width: 11.4286%;"></td>
<td style="text-align: center; width: 7.85714%;"></td>
<td style="text-align: center; width: 7.7381%;"></td>
</tr>
<tr>
<td style="text-align: center; width: 6.19048%;"><span style="font-family: times new roman, times, serif; font-size: 10pt;">4</span></td>
<td style="width: 18.8095%;"><span style="font-family: times new roman, times, serif; font-size: 10pt;">Elisabeth Katharina</span></td>
<td style="text-align: center; width: 12.2619%;"></td>
<td style="text-align: center; width: 11.9048%;"><span style="font-family: times new roman, times, serif; font-size: 10pt;">21.05.1756</span></td>
<td style="text-align: center; width: 11.9048%;"></td>
<td style="text-align: center; width: 11.9048%;"><span style="font-family: times new roman, times, serif; font-size: 10pt;">22.03.1760</span></td>
<td style="text-align: center; width: 11.4286%;"><span style="font-family: times new roman, times, serif; font-size: 10pt;">23.03.1760</span></td>
<td style="text-align: center; width: 7.85714%;"><span style="font-family: times new roman, times, serif; font-size: 10pt;">3,84</span></td>
<td style="text-align: center; width: 7.7381%;"></td>
</tr>
</tbody>
</table>
<p style="text-align: justify;"><span style="font-family: times new roman, times, serif; font-size: 10pt;">Kind Nr. 1) * Becheln; + Becheln; oo I. 16.02.1768 Becheln mit Sophia Elisabeth Schaab (* 17.02.1742 Sulzbach; Eltern: Johann Anton Schab und Maria Margaretha (Dienethal, KB 1, Bild 62 auf archion.de); oo II. 26.01.1773 Becheln mit Elisabeth Katharina Schmidt aus Becheln<br />
</span><span style="font-family: times new roman, times, serif; font-size: 10pt;">Kind Nr. 2) * Becheln; + Becheln, an Geschwulst<br />
</span><span style="font-family: times new roman, times, serif; font-size: 10pt;">Kind Nr. 3) * Becheln<br />
</span><span style="font-family: times new roman, times, serif; font-size: 10pt;">Kind Nr. 4) * Schweighausen; + Becheln<br />
</span></p>
<p style="text-align: justify;"><span style="font-family: times new roman, times, serif; font-size: 10pt;"><strong>Paten: zu 1) </strong><em>Johann Peter Gerhard; Georg Philipps Rincker; Maria Catharina, Töngeß Götten Haußfrau </em>— <strong>zu 2) </strong><em>Georg Philipp Heyer von Schweig[hausen]; sodann Elis[abetha] Magd[alena], M[ei]st[e]r Joh[ann] Henr. Mayen Frau daselbst, wie auch Maria Cathar[ina], Fr[iedrich] Götten T[ochter] von Becheln </em>— <strong>zu 3) </strong><em>Diel Gött; Peter Wagners Fr[au] Anna [Chri]stina; u. wey[land] Matth[ias] Wagn[ers] W[ittib] Anna Maria </em>— <strong>zu 4) </strong><em>Johann Fr[iedrich] Becker; Anna Maria, des Ant[on] Göthen, K[irchen]sen[ior] zu B[echeln] </em>[Tochter? Ehefrau?]<em>; Sophia Hegerin</em></span></p>
<hr />
<p><span style="font-size: 10pt; font-family: times new roman, times, serif;"><strong>Letzte Änderung: 8. Juni 2024</strong></span><br />
<span style="font-size: 10pt; font-family: times new roman, times, serif;"><strong>Ralph Jackmuth</strong></span></p>

<p>Göth, Johann Andreas: * 07.05.1712 Becheln (gt. 11.05.); konf. 13.05.1725; + 15.02.1772 Becheln (bg. 17.02.); Eltern: Johann Peter Göth und Maria Kunigunde geb. Wagner oo 19.02.1743 Schweighausen mit Gerhard, Christina Elisabeth: * 20.02.1717 Schweighausen (gt. 24.02.); konf. 15.04.1729; + 22.04.1767 Becheln; Eltern: Johann Gottfried Gerhard und Maria Magdalena geb. Heyer Nr. VN normiert Geburt Taufe &hellip; <a href="https://www.ahnenforschung-jackmuth.de/?page_id=10480" class="more-link"><span class="screen-reader-text">„OFB Schweighausen &#8211; Göth“</span> weiterlesen</a></p>
