{"id":10169,"date":"2022-11-30T12:04:45","date_gmt":"2022-11-30T12:04:45","guid":{"rendered":"http:\/\/www.ahnenforschung-jackmuth.de\/?page_id=10169"},"modified":"2022-11-30T12:08:49","modified_gmt":"2022-11-30T12:08:49","slug":"ofb-fruecht-1615-1817-wolffius","status":"publish","type":"page","link":"https:\/\/www.ahnenforschung-jackmuth.de\/?page_id=10169","title":{"rendered":"OFB Fr\u00fccht 1615-1817 &#8211; Wolffius"},"content":{"rendered":"<p style=\"text-align: justify;\"><span style=\"font-family: times new roman, times, serif; font-size: 10pt;\"><span style=\"color: #ff0000;\"><strong><u>Wolffius<\/u>, Barthold:<\/strong> <\/span>von Stadtoldendorf (Lkr. Holzminden); 1652\u20141653 Schulmeister zu Kirberg, 1653 \u2013 + 1666 Pfarrer zu Fr\u00fccht (nach der Pfarrerliste von H. Gensicke in Frese\/Schaback: Fr\u00fccht, S. 58)<\/span><\/p>\n<p style=\"text-align: justify;\"><span style=\"font-family: times new roman, times, serif; font-size: 10pt;\"><strong>oo<\/strong> mit <strong>Anna: <\/strong>bg. 12.03.1700 Braubach, 66 Jahre alt; Witwe; oo II. oo 23.01.1667 Fr\u00fccht mit Johann Anton Schmidt, Pfarrer in Fr\u00fccht<\/span><\/p>\n<table style=\"width: 100%; height: 336px;\">\n<tbody>\n<tr style=\"height: 56px;\">\n<td style=\"text-align: center; height: 56px;\" width=\"26\"><span style=\"font-family: times new roman, times, serif; font-size: 10pt;\"><strong>Nr.<\/strong><\/span><\/td>\n<td style=\"height: 56px;\" width=\"151\"><span style=\"font-family: times new roman, times, serif; font-size: 10pt;\"><strong>Vorname (normiert)<\/strong><\/span><\/td>\n<td style=\"height: 56px; text-align: center;\" width=\"66\"><span style=\"font-family: times new roman, times, serif; font-size: 10pt;\"><strong>*<\/strong><\/span><\/td>\n<td style=\"height: 56px; text-align: center;\" width=\"78\"><span style=\"font-family: times new roman, times, serif; font-size: 10pt;\"><strong>gt.<\/strong><\/span><\/td>\n<td style=\"height: 56px; text-align: center;\" width=\"66\"><span style=\"font-family: times new roman, times, serif; font-size: 10pt;\"><strong>konf.<\/strong><\/span><\/td>\n<td style=\"height: 56px; text-align: center;\" width=\"66\"><span style=\"font-family: times new roman, times, serif; font-size: 10pt;\"><strong>+<\/strong><\/span><\/td>\n<td style=\"height: 56px; text-align: center;\" width=\"66\"><span style=\"font-family: times new roman, times, serif; font-size: 10pt;\"><strong>bg.<\/strong><\/span><\/td>\n<td style=\"height: 56px; text-align: center;\" width=\"45\"><span style=\"font-family: times new roman, times, serif; font-size: 10pt;\"><strong>Alter<\/strong><\/span><\/td>\n<td style=\"height: 56px; text-align: center;\" width=\"41\"><span style=\"font-family: times new roman, times, serif; font-size: 10pt;\"><strong>Stand<\/strong><\/span><\/td>\n<\/tr>\n<tr style=\"height: 56px;\">\n<td style=\"text-align: center; height: 56px;\" width=\"26\"><span style=\"font-family: times new roman, times, serif; font-size: 10pt;\">1<\/span><\/td>\n<td style=\"height: 56px;\" width=\"151\"><span style=\"font-family: times new roman, times, serif; font-size: 10pt;\">Anna Maria<\/span><\/td>\n<td style=\"height: 56px; text-align: center;\" width=\"66\"><\/td>\n<td style=\"height: 56px; text-align: center;\" width=\"78\"><\/td>\n<td style=\"height: 56px; text-align: center;\" width=\"66\"><\/td>\n<td style=\"height: 56px; text-align: center;\" width=\"66\"><\/td>\n<td style=\"height: 56px; text-align: center;\" width=\"66\"><span style=\"font-family: times new roman, times, serif; font-size: 10pt;\">22.05.1733<\/span><\/td>\n<td style=\"height: 56px; text-align: center;\" width=\"45\"><span style=\"font-family: times new roman, times, serif; font-size: 10pt;\">80<\/span><\/td>\n<td style=\"height: 56px; text-align: center;\" width=\"41\"><span style=\"font-family: times new roman, times, serif; font-size: 10pt;\">verh.<\/span><\/td>\n<\/tr>\n<tr style=\"height: 56px;\">\n<td style=\"text-align: center; height: 56px;\" width=\"26\"><span style=\"font-family: times new roman, times, serif; font-size: 10pt;\">2<\/span><\/td>\n<td style=\"height: 56px;\" width=\"151\"><span style=\"font-family: times new roman, times, serif; font-size: 10pt;\">Ludwig Konrad<\/span><\/td>\n<td style=\"height: 56px; text-align: center;\" width=\"66\"><\/td>\n<td style=\"height: 56px; text-align: center;\" width=\"78\"><span style=\"font-family: times new roman, times, serif; font-size: 10pt;\">25.08.1654<\/span><\/td>\n<td style=\"height: 56px; text-align: center;\" width=\"66\"><\/td>\n<td style=\"height: 56px; text-align: center;\" width=\"66\"><\/td>\n<td style=\"height: 56px; text-align: center;\" width=\"66\"><\/td>\n<td style=\"height: 56px; text-align: center;\" width=\"45\"><\/td>\n<td style=\"height: 56px; text-align: center;\" width=\"41\"><\/td>\n<\/tr>\n<tr style=\"height: 56px;\">\n<td style=\"text-align: center; height: 56px;\" width=\"26\"><span style=\"font-family: times new roman, times, serif; font-size: 10pt;\">3<\/span><\/td>\n<td style=\"height: 56px;\" width=\"151\"><span style=\"font-family: times new roman, times, serif; font-size: 10pt;\">Anna Katharina<\/span><\/td>\n<td style=\"height: 56px; text-align: center;\" width=\"66\"><\/td>\n<td style=\"height: 56px; text-align: center;\" width=\"78\"><\/td>\n<td style=\"height: 56px; text-align: center;\" width=\"66\"><\/td>\n<td style=\"height: 56px; text-align: center;\" width=\"66\"><span style=\"font-family: times new roman, times, serif; font-size: 10pt;\">xx.03.1680<\/span><\/td>\n<td style=\"height: 56px; text-align: center;\" width=\"66\"><span style=\"font-family: times new roman, times, serif; font-size: 10pt;\">10.03.1680<\/span><\/td>\n<td style=\"height: 56px; text-align: center;\" width=\"45\"><\/td>\n<td style=\"height: 56px; text-align: center;\" width=\"41\"><span style=\"font-family: times new roman, times, serif; font-size: 10pt;\">verh.<\/span><\/td>\n<\/tr>\n<tr style=\"height: 56px;\">\n<td style=\"text-align: center; height: 56px;\" width=\"26\"><span style=\"font-family: times new roman, times, serif; font-size: 10pt;\">4<\/span><\/td>\n<td style=\"height: 56px;\" width=\"151\"><span style=\"font-family: times new roman, times, serif; font-size: 10pt;\">Georg Philipp<\/span><\/td>\n<td style=\"height: 56px; text-align: center;\" width=\"66\"><\/td>\n<td style=\"height: 56px; text-align: center;\" width=\"78\"><\/td>\n<td style=\"height: 56px; text-align: center;\" width=\"66\"><\/td>\n<td style=\"height: 56px; text-align: center;\" width=\"66\"><\/td>\n<td style=\"height: 56px; text-align: center;\" width=\"66\"><\/td>\n<td style=\"height: 56px; text-align: center;\" width=\"45\"><\/td>\n<td style=\"height: 56px; text-align: center;\" width=\"41\"><\/td>\n<\/tr>\n<tr style=\"height: 56px;\">\n<td style=\"text-align: center; height: 56px;\"><span style=\"font-family: times new roman, times, serif; font-size: 10pt;\">5<\/span><\/td>\n<td style=\"height: 56px;\"><span style=\"font-family: times new roman, times, serif; font-size: 10pt;\">Anna Ottilia<\/span><\/td>\n<td style=\"height: 56px; text-align: center;\"><\/td>\n<td style=\"height: 56px; text-align: center;\"><span style=\"font-family: times new roman, times, serif; font-size: 10pt;\">24.02.1662<\/span><\/td>\n<td style=\"height: 56px; text-align: center;\"><\/td>\n<td style=\"height: 56px; text-align: center;\"><\/td>\n<td style=\"height: 56px; text-align: center;\"><\/td>\n<td style=\"height: 56px; text-align: center;\"><\/td>\n<td style=\"height: 56px; text-align: center;\"><span style=\"font-family: times new roman, times, serif; font-size: 10pt;\">verh.<\/span><\/td>\n<\/tr>\n<\/tbody>\n<\/table>\n<p style=\"text-align: justify;\"><span style=\"font-family: times new roman, times, serif; font-size: 10pt;\">Kind Nr. 1) + Braubach, war 80 Jahre und etliche Monate alt; oo 03.05.1670 Fr\u00fccht mit Hans Peter Stein, Glaser; Sohn des Matthias Stein aus Freudenburg (Lkr. Trier-Saarburg); Familie wohnt in Braubach<br \/>\n<\/span><span style=\"font-family: times new roman, times, serif; font-size: 10pt;\">Kind Nr. 3) oo 22.10.1672 Fr\u00fccht mit Hans Adam Wagner, Schmied in Fr\u00fccht<br \/>\n<\/span><span style=\"font-family: times new roman, times, serif; font-size: 10pt;\">Kind Nr. 4) belegt 1677-1682 (lt. Pfarrerliste)<br \/>\n<\/span><span style=\"font-family: times new roman, times, serif; font-size: 10pt;\">Kind Nr. 5) oo 19.01.1684 Fr\u00fccht mit Henrich Schmidt, Sohn des Anton Schmidt, Pfarrer in Fr\u00fccht<\/span><\/p>\n<p style=\"text-align: justify;\"><span style=\"font-family: times new roman, times, serif; font-size: 10pt;\"><strong>Paten: zu 2) <\/strong><em>Vnser Gepieter der Junckher Ludwig Christoff vom Stein; H[err] Cunradt Wirth <\/em>[?]<em>, vnser gebietender herrschaftlicher Kelner; vndt Ehrnn Johann Henrichs \u2026, Pfarherr zu Embs, Hausfraw \u2014 <\/em><strong>zu <\/strong><strong>5) <\/strong><em>H[err] Henrich Archenholtz, Steinischer Hoffmeister; Anna, H[errn] Andre\u00e6 Rhodii, Pf[arre]rs zu Schweickhaussen, H[aus]fr[au] Anna Ottilia; H[err] N. Hemelsmans, Pf[arre]rs zu Kirtorff, H[aus]fr[au]; vnd H[err] N. Willemer, Pr\u00e6ceptor vnd Caplan zu \u2026<\/em><\/span><\/p>\n<hr \/>\n<p><span style=\"font-size: 10pt; font-family: times new roman, times, serif;\"><b>Letztes Update: 30. November 2022<\/b><\/span><br \/>\n<span style=\"font-size: 10pt; font-family: times new roman, times, serif;\"><b>Ralph Jackmuth<\/b><\/span><\/p>\n","protected":false},"excerpt":{"rendered":"<p>Wolffius, Barthold: von Stadtoldendorf (Lkr. Holzminden); 1652\u20141653 Schulmeister zu Kirberg, 1653 \u2013 + 1666 Pfarrer zu Fr\u00fccht (nach der Pfarrerliste von H. Gensicke in Frese\/Schaback: Fr\u00fccht, S. 58) oo mit Anna: bg. 12.03.1700 Braubach, 66 Jahre alt; Witwe; oo II. oo 23.01.1667 Fr\u00fccht mit Johann Anton Schmidt, Pfarrer in Fr\u00fccht Nr. Vorname (normiert) * gt. &hellip; <a href=\"https:\/\/www.ahnenforschung-jackmuth.de\/?page_id=10169\" class=\"more-link\"><span class=\"screen-reader-text\">\u201eOFB Fr\u00fccht 1615-1817 &#8211; Wolffius\u201c<\/span> weiterlesen<\/a><\/p>\n","protected":false},"author":1,"featured_media":0,"parent":0,"menu_order":0,"comment_status":"closed","ping_status":"closed","template":"","meta":{"footnotes":""},"class_list":["post-10169","page","type-page","status-publish","hentry"],"_links":{"self":[{"href":"https:\/\/www.ahnenforschung-jackmuth.de\/index.php?rest_route=\/wp\/v2\/pages\/10169","targetHints":{"allow":["GET"]}}],"collection":[{"href":"https:\/\/www.ahnenforschung-jackmuth.de\/index.php?rest_route=\/wp\/v2\/pages"}],"about":[{"href":"https:\/\/www.ahnenforschung-jackmuth.de\/index.php?rest_route=\/wp\/v2\/types\/page"}],"author":[{"embeddable":true,"href":"https:\/\/www.ahnenforschung-jackmuth.de\/index.php?rest_route=\/wp\/v2\/users\/1"}],"replies":[{"embeddable":true,"href":"https:\/\/www.ahnenforschung-jackmuth.de\/index.php?rest_route=%2Fwp%2Fv2%2Fcomments&post=10169"}],"version-history":[{"count":0,"href":"https:\/\/www.ahnenforschung-jackmuth.de\/index.php?rest_route=\/wp\/v2\/pages\/10169\/revisions"}],"wp:attachment":[{"href":"https:\/\/www.ahnenforschung-jackmuth.de\/index.php?rest_route=%2Fwp%2Fv2%2Fmedia&parent=10169"}],"curies":[{"name":"wp","href":"https:\/\/api.w.org\/{rel}","templated":true}]}}