{"id":1006,"date":"2016-10-19T17:45:49","date_gmt":"2016-10-19T17:45:49","guid":{"rendered":"http:\/\/www.ahnenforschung-jackmuth.de\/?page_id=1006"},"modified":"2016-10-19T17:49:20","modified_gmt":"2016-10-19T17:49:20","slug":"archivbestand-kirchspiel-nievern-15","status":"publish","type":"page","link":"https:\/\/www.ahnenforschung-jackmuth.de\/?page_id=1006","title":{"rendered":"Archivbestand Kirchspiel Nievern 15"},"content":{"rendered":"<p>HHStAW = Hessisches Hauptstaatsarchiv Wiesbaden<br \/>\nLHAK = Landeshauptarchiv Koblenz<\/p>\n<hr \/>\n<h3><strong>Milit\u00e4r<br \/>\n<\/strong><\/h3>\n<table width=\"100%\">\n<tbody>\n<tr>\n<td style=\"text-align: center;\" width=\"13%\"><strong>Zeitraum <\/strong><\/td>\n<td style=\"text-align: center;\" width=\"15%\"><strong>Umfang <\/strong><\/td>\n<td style=\"text-align: center;\" width=\"22%\"><strong>Standort <\/strong><\/td>\n<td width=\"50%\"><strong>Bem. <\/strong><\/td>\n<\/tr>\n<tr>\n<td style=\"text-align: center;\" width=\"13%\">1545-1766<\/td>\n<td width=\"15%\"><\/td>\n<td style=\"text-align: center;\" width=\"22%\">LHAK Best. 48<br \/>\nNr. 3037<\/td>\n<td style=\"text-align: justify;\" width=\"50%\">Entrichtung von Steuern in den Ritterkantonen vom Nieder-, Mittel-, und Oberrhein. Enth\u00e4lt auch: Kapitulationsscheine f\u00fcr die Rekruten Johannes Pritz aus Niederberg, Karl Eichler aus Ems, Jakob Kleh aus Fachbach, Franz Hastenteufel aus Montabaur, Nikolaus Bayer aus Minfeld, 1766<\/td>\n<\/tr>\n<tr>\n<td style=\"text-align: center;\" width=\"13%\">1701-1760<\/td>\n<td width=\"15%\"><\/td>\n<td style=\"text-align: center;\" width=\"22%\">LHAK Best. 48<br \/>\nNr. 3194<\/td>\n<td style=\"text-align: justify;\" width=\"50%\">Entrichtung von Steuern in den Ritterkantonen vom Nieder-, Mittel-, und Oberrhein. Enth\u00e4lt v. a.: Verteilung von Kriegslasten auf die Einwohner von Fachbach, Nievern und Miellen<\/td>\n<\/tr>\n<tr>\n<td style=\"text-align: center;\" width=\"13%\">1734-1743<\/td>\n<td width=\"15%\"><\/td>\n<td style=\"text-align: center;\" width=\"22%\">LHAK Best. 48<br \/>\nNr. 3196<\/td>\n<td style=\"text-align: justify;\" width=\"50%\">Entrichtung von Steuern in den Ritterkantonen vom Nieder-, Mittel-, und Oberrhein. Enth\u00e4lt u. a.: Aufbringung frz. Kontributionen durch die Untertanen in der Herrschaft Nievern, 1734-1735; Heranziehung der Untertanen aus Nievern und Fachbach zu Fronfuhren und Festungsbauarbeiten in Ehrenbreitstein<\/td>\n<\/tr>\n<tr>\n<td style=\"text-align: center;\" width=\"13%\">1745<\/td>\n<td width=\"15%\"><\/td>\n<td style=\"text-align: center;\" width=\"22%\">LHAK Best. 48<br \/>\nNr. 3952<\/td>\n<td style=\"text-align: justify;\" width=\"50%\">Einquartierung von Truppen der \u00f6sterreichischen alliierten Armee in Fachbach, Nievern und Miellen<\/td>\n<\/tr>\n<tr>\n<td style=\"text-align: center;\" width=\"13%\">1790<\/td>\n<td width=\"15%\"><\/td>\n<td style=\"text-align: center;\" width=\"22%\">LHAK Best. 48<br \/>\nNr. 4542<\/td>\n<td style=\"text-align: justify;\" width=\"50%\">Werbung von Soldaten f\u00fcr die \u00f6sterreichische Armee<\/td>\n<\/tr>\n<tr>\n<td style=\"text-align: center;\" width=\"13%\">1792<\/td>\n<td width=\"15%\"><\/td>\n<td style=\"text-align: center;\" width=\"22%\">LHAK Best. 48<br \/>\nNr. 2415<\/td>\n<td style=\"text-align: justify;\" width=\"50%\">Einquartierung preu\u00dfischer Soldaten im Kirchspiel Nievern. Enth\u00e4lt u. a.: Kurtrierische Verordnung zur Auslieferung preu\u00dfischer Deserteure<\/td>\n<\/tr>\n<tr>\n<td style=\"text-align: center;\" width=\"13%\">1794<\/td>\n<td width=\"15%\"><\/td>\n<td style=\"text-align: center;\" width=\"22%\">LHAK Best. 48<br \/>\nNr. 2220<\/td>\n<td style=\"text-align: justify;\" width=\"50%\">Stellung von Truppen f\u00fcr das Reichskontingent und die kurtrierische Miliz aus den Herrschaften Adendorf und Nievern. Enth\u00e4lt u. a.: Kurtrierisches Intelligenzblatt N<sup>o<\/sup> 9 vom 31.1.1794; \u201eGenerale an gesamte Erzstiftisch-Trierische \u00c4mter vom 27.1.1794 in Betreff eines Verteidigungssausschusses von regulierter Miliz zu 6000 Mann\u201c<\/td>\n<\/tr>\n<tr>\n<td style=\"text-align: center;\" width=\"13%\">1801-1813<\/td>\n<td width=\"15%\"><\/td>\n<td style=\"text-align: center;\" width=\"22%\">LHAK Best. 48<br \/>\nNr. 2218<\/td>\n<td style=\"text-align: justify;\" width=\"50%\">Pr\u00fcfung der Kriegsrechnungen f\u00fcr das Kirchspiel Nievern durch eine Untersuchungskommission<\/td>\n<\/tr>\n<tr>\n<td style=\"text-align: center;\" width=\"13%\">1806-1807<\/td>\n<td width=\"15%\"><\/td>\n<td style=\"text-align: center;\" width=\"22%\">LHAK Best. 48<br \/>\nNr. 2481<\/td>\n<td style=\"text-align: justify;\" width=\"50%\">Streit mit dem Herzogtum Nassau um Mediatisierung der Herrschaft Nievern. Enth\u00e4lt u. a. Aushebung von Rekruten<\/td>\n<\/tr>\n<tr>\n<td style=\"text-align: center;\" width=\"13%\">1806-1817<\/td>\n<td width=\"15%\"><\/td>\n<td style=\"text-align: center;\" width=\"22%\">HHStAW Abt. 210<br \/>\nNr. 11136<\/td>\n<td style=\"text-align: justify;\" width=\"50%\">Akten der v. d. Leyenschen Regierung betr. das mit Nassau gemeinschaftl. Truppenkontingent<\/td>\n<\/tr>\n<tr>\n<td style=\"text-align: center;\" width=\"13%\">1807-1808<\/td>\n<td width=\"15%\"><\/td>\n<td style=\"text-align: center;\" width=\"22%\">LHAK Best. 48<br \/>\nNr. 2482<\/td>\n<td style=\"text-align: justify;\" width=\"50%\">Streit mit dem Herzogtum Nassau um Mediatisierung der Herrschaft Nievern. Enth\u00e4lt u. a. Aushebung von Rekruten<\/td>\n<\/tr>\n<tr>\n<td style=\"text-align: center;\" width=\"13%\">1808<\/td>\n<td width=\"15%\"><\/td>\n<td style=\"text-align: center;\" width=\"22%\">LHAK Best. 48<br \/>\nNr. 2486<\/td>\n<td style=\"text-align: justify;\" width=\"50%\">Verhaftung frz. Deserteure in der Herrschaft Nievern. Enth\u00e4lt u. a.: Steckbrief f\u00fcr Martin Cornu aus Mons<\/td>\n<\/tr>\n<tr>\n<td style=\"text-align: center;\" width=\"13%\">1813<\/td>\n<td width=\"15%\"><\/td>\n<td style=\"text-align: center;\" width=\"22%\">LHAK Best. 48<br \/>\nNr. 2216<\/td>\n<td style=\"text-align: justify;\" width=\"50%\">Allgemeine Landesbewaffnung im Herzogtum Nassau<\/td>\n<\/tr>\n<\/tbody>\n<\/table>\n<hr \/>\n<p><span style=\"font-size: small;\"><b>Letztes Update: Oktober 2016<\/b><\/span><br \/>\n<span style=\"font-size: small;\"><b>Ralph Jackmuth<\/b><\/span><\/p>\n","protected":false},"excerpt":{"rendered":"<p>HHStAW = Hessisches Hauptstaatsarchiv Wiesbaden LHAK = Landeshauptarchiv Koblenz Milit\u00e4r Zeitraum Umfang Standort Bem. 1545-1766 LHAK Best. 48 Nr. 3037 Entrichtung von Steuern in den Ritterkantonen vom Nieder-, Mittel-, und Oberrhein. Enth\u00e4lt auch: Kapitulationsscheine f\u00fcr die Rekruten Johannes Pritz aus Niederberg, Karl Eichler aus Ems, Jakob Kleh aus Fachbach, Franz Hastenteufel aus Montabaur, Nikolaus Bayer &hellip; <a href=\"https:\/\/www.ahnenforschung-jackmuth.de\/?page_id=1006\" class=\"more-link\"><span class=\"screen-reader-text\">\u201eArchivbestand Kirchspiel Nievern 15\u201c<\/span> weiterlesen<\/a><\/p>\n","protected":false},"author":1,"featured_media":0,"parent":0,"menu_order":0,"comment_status":"closed","ping_status":"closed","template":"","meta":{"footnotes":""},"class_list":["post-1006","page","type-page","status-publish","hentry"],"_links":{"self":[{"href":"https:\/\/www.ahnenforschung-jackmuth.de\/index.php?rest_route=\/wp\/v2\/pages\/1006","targetHints":{"allow":["GET"]}}],"collection":[{"href":"https:\/\/www.ahnenforschung-jackmuth.de\/index.php?rest_route=\/wp\/v2\/pages"}],"about":[{"href":"https:\/\/www.ahnenforschung-jackmuth.de\/index.php?rest_route=\/wp\/v2\/types\/page"}],"author":[{"embeddable":true,"href":"https:\/\/www.ahnenforschung-jackmuth.de\/index.php?rest_route=\/wp\/v2\/users\/1"}],"replies":[{"embeddable":true,"href":"https:\/\/www.ahnenforschung-jackmuth.de\/index.php?rest_route=%2Fwp%2Fv2%2Fcomments&post=1006"}],"version-history":[{"count":0,"href":"https:\/\/www.ahnenforschung-jackmuth.de\/index.php?rest_route=\/wp\/v2\/pages\/1006\/revisions"}],"wp:attachment":[{"href":"https:\/\/www.ahnenforschung-jackmuth.de\/index.php?rest_route=%2Fwp%2Fv2%2Fmedia&parent=1006"}],"curies":[{"name":"wp","href":"https:\/\/api.w.org\/{rel}","templated":true}]}}