{"id":10047,"date":"2022-11-29T19:07:13","date_gmt":"2022-11-29T19:07:13","guid":{"rendered":"http:\/\/www.ahnenforschung-jackmuth.de\/?page_id=10047"},"modified":"2023-08-16T19:38:07","modified_gmt":"2023-08-16T19:38:07","slug":"ofb-fruecht-1615-1817-merten","status":"publish","type":"page","link":"https:\/\/www.ahnenforschung-jackmuth.de\/?page_id=10047","title":{"rendered":"OFB Fr\u00fccht 1615-1817 &#8211; Merten"},"content":{"rendered":"<p><span style=\"font-family: times new roman, times, serif; font-size: 10pt;\"><span style=\"color: #ff0000;\"><strong><u>Merten<\/u><\/strong><strong>, Helena:<\/strong> <\/span>Witwe des Heinz Merten<\/span><\/p>\n<p><span style=\"font-family: times new roman, times, serif; font-size: 10pt;\"><strong>Weitere Belege:<\/strong> Fr\u00fccht, KB 1, Obligationen<\/span><\/p>\n<p style=\"text-align: justify;\"><span style=\"font-family: times new roman, times, serif; font-size: 10pt;\">[pag. 5] Helena, Witwe des Heinz Merten, schuldet der Kirche 8 fl. zu 10 alb. Zinsen j\u00e4hrlich, zahlbar auf Martini. Sicherheit: ein St\u00fcck Land auf Bauderich, oben grenzt Konrad Zimmermann, unten <em>Clo\u00dfen Hammans Jacob<\/em>. Die Sicherheit wird am 11.08.1623 als ausreichend angesehen von Schulthei\u00df D\u00f6nges Dalheim und den Gerichtssch\u00f6ffen Veltens D\u00f6nges, Peter Dalheim, Arnd Sch\u00fctz, Velten Schmidt und Johann Elbert, in Beisein Adam H\u00f6mberger und Konrad Zimmermann, dermaliger Kirchenmeister.<\/span><\/p>\n<hr \/>\n<p style=\"text-align: justify;\"><span style=\"font-family: times new roman, times, serif; font-size: 10pt;\"><span style=\"color: #ff0000;\"><strong><u>Merten<\/u>, Balthes:<\/strong><\/span> + 18.02.1618 Fr\u00fccht (bg. 19.02.), <em>welchen der halbe Schlag vf einer Seiten geruhret vnd beynahe ein halbes Jahr gangen vnd gelegen<\/em>; Balthasar Merten ist 1606 leibeigen den von Nassau-Weilburg-Saarbr\u00fccken, ein Heppenhauer (Frese\/Schaback: Fr\u00fccht; S. 10)<\/span><\/p>\n<p><span style=\"font-family: times new roman, times, serif; font-size: 10pt;\"><strong>Weitere Belege:<\/strong> Fr\u00fccht, KB 1, Obligationen<\/span><\/p>\n<p style=\"text-align: justify;\"><span style=\"font-family: times new roman, times, serif; font-size: 10pt;\">[pag. 8] Baltes Merten schuldet der Kirche 16 fl. zu 19 alb. Zinsen j\u00e4hrlich, zahlbar auf Martini. Sicherheiten: 1) seinen Anteil in Hartmanns Garten unten im Dorf Fr\u00fccht, hinter Peter Dalheims Haus; 2) eine Wiese in der Kaderdell, oben grenzt Peter Dalheim, unten Konrad Zimmermann, tr\u00e4gt eine B\u00fcrde Heu; 3) ein Kohlgarten, st\u00f6\u00dft oben an die gemeine Heide und unten auf den gemeinen Weg, Peter Dalheim liegt neben dran herab, tr\u00e4gt 12 B\u00fcrden; 4) ein Grasgarten im Kr\u00e4henschnabel, st\u00f6\u00dft unten auf den gemeinen Weg, Mertens Gerhard liegt neben dran herab, tr\u00e4gt 1 B\u00fcrde Heu; 5) ein Sester Saat auf Hasherich (<em>Haserich<\/em>) in den Kirch\u00e4ckern, oben grenzt Junker Adam vom Stein, unten D\u00f6nges Schumacher; 6) ein Wieschen im \u00e4u\u00dfersten Weickert, oben grenzt Enders Thiel, unten Peter Dalheim; 7) eine Wiese in der hohen Birk,oben grenzt Junker Gottfried vom Stein, unten die Deutschherren von Koblenz. Die Sicherheiten wurden am 11.08.1623 als ausreichend angesehen von Schulthei\u00df D\u00f6nges Dalheim und den Gerichtssch\u00f6ffen Veltens D\u00f6nges, Peter Dalheim, Arnd Sch\u00fctz, Velten Schmidt und Johann Elbert, in Beisein Adam H\u00f6mberger, Sendsch\u00f6ffe und Johann H\u00f6mberger und Konrad Zimmermann, dermalige Kirchenmeister.<\/span><\/p>\n<hr \/>\n<p><span style=\"font-family: times new roman, times, serif; font-size: 10pt; color: #ff0000;\"><strong><u>Merten<\/u>, Jost<\/strong><\/span><\/p>\n<p><span style=\"font-family: times new roman, times, serif; font-size: 10pt;\"><strong>oo<\/strong> mit <strong>N. N.<\/strong><\/span><\/p>\n<table>\n<tbody>\n<tr>\n<td style=\"text-align: center;\" width=\"30\"><span style=\"font-family: times new roman, times, serif; font-size: 10pt;\"><strong>Nr.<\/strong><\/span><\/td>\n<td width=\"147\"><span style=\"font-family: times new roman, times, serif; font-size: 10pt;\"><strong>Vorname (normiert)<\/strong><\/span><\/td>\n<td style=\"text-align: center;\" width=\"62\"><span style=\"font-family: times new roman, times, serif; font-size: 10pt;\"><strong>*<\/strong><\/span><\/td>\n<td style=\"text-align: center;\" width=\"67\"><span style=\"font-family: times new roman, times, serif; font-size: 10pt;\"><strong>gt.<\/strong><\/span><\/td>\n<td style=\"text-align: center;\" width=\"72\"><span style=\"font-family: times new roman, times, serif; font-size: 10pt;\"><strong>konf.<\/strong><\/span><\/td>\n<td style=\"text-align: center;\" width=\"69\"><span style=\"font-family: times new roman, times, serif; font-size: 10pt;\"><strong>+<\/strong><\/span><\/td>\n<td style=\"text-align: center;\" width=\"69\"><span style=\"font-family: times new roman, times, serif; font-size: 10pt;\"><strong>bg.<\/strong><\/span><\/td>\n<td style=\"text-align: center;\" width=\"40\"><span style=\"font-family: times new roman, times, serif; font-size: 10pt;\"><strong>Alter<\/strong><\/span><\/td>\n<td style=\"text-align: center;\" width=\"42\"><span style=\"font-family: times new roman, times, serif; font-size: 10pt;\"><strong>Stand<\/strong><\/span><\/td>\n<\/tr>\n<tr>\n<td style=\"text-align: center;\" width=\"30\"><span style=\"font-family: times new roman, times, serif; font-size: 10pt;\">1<\/span><\/td>\n<td width=\"147\"><span style=\"font-family: times new roman, times, serif; font-size: 10pt;\">Bernhard<\/span><\/td>\n<td style=\"text-align: center;\" width=\"62\"><\/td>\n<td style=\"text-align: center;\" width=\"67\"><\/td>\n<td style=\"text-align: center;\" width=\"72\"><\/td>\n<td style=\"text-align: center;\" width=\"69\"><span style=\"font-family: times new roman, times, serif; font-size: 10pt;\">11.02.1626<\/span><\/td>\n<td style=\"text-align: center;\" width=\"69\"><span style=\"font-family: times new roman, times, serif; font-size: 10pt;\">12.02.1626<\/span><\/td>\n<td style=\"text-align: center;\" width=\"40\"><\/td>\n<td style=\"text-align: center;\" width=\"42\"><span style=\"font-family: times new roman, times, serif; font-size: 10pt;\">verh.<\/span><\/td>\n<\/tr>\n<tr>\n<td style=\"text-align: center;\" width=\"30\"><span style=\"font-family: times new roman, times, serif; font-size: 10pt;\">2<\/span><\/td>\n<td width=\"147\"><span style=\"font-family: times new roman, times, serif; font-size: 10pt;\">Hans Enders<\/span><\/td>\n<td style=\"text-align: center;\" width=\"62\"><\/td>\n<td style=\"text-align: center;\" width=\"67\"><\/td>\n<td style=\"text-align: center;\" width=\"72\"><\/td>\n<td style=\"text-align: center;\" width=\"69\"><span style=\"font-family: times new roman, times, serif; font-size: 10pt;\">11.09.1620<\/span><\/td>\n<td style=\"text-align: center;\" width=\"69\"><span style=\"font-family: times new roman, times, serif; font-size: 10pt;\">12.09.1620<\/span><\/td>\n<td style=\"text-align: center;\" width=\"40\"><\/td>\n<td style=\"text-align: center;\" width=\"42\"><span style=\"font-family: times new roman, times, serif; font-size: 10pt;\">verh.<\/span><\/td>\n<\/tr>\n<\/tbody>\n<\/table>\n<p><span style=\"font-family: times new roman, times, serif; font-size: 10pt;\">Kind Nr. 1) oo mit Margaretha<br \/>\n<\/span><span style=\"font-family: times new roman, times, serif; font-size: 10pt;\">Kind Nr. 2) oo mit <em>Fray<\/em><\/span><\/p>\n<p><span style=\"font-family: times new roman, times, serif; font-size: 10pt;\"><strong>Weitere Belege:<\/strong><\/span><\/p>\n<p><span style=\"font-family: times new roman, times, serif; font-size: 10pt;\"><strong>1) Fr\u00fccht, KB 1, Obligationen<\/strong><\/span><\/p>\n<p style=\"text-align: justify;\"><span style=\"font-family: times new roman, times, serif; font-size: 10pt;\">[pag. 13] Die Erben des Mertens Jost (<em>Mertens Josten Erben<\/em>) schulden der Kirche 23 fl. zu 1 fl. 4 alb. 3 d.Zinsen j\u00e4hrlich, zahlbar auf Martini. Sicherheiten: 1) ein St\u00fcck Land auf der Hohen Burg, h\u00e4lt 1 \u00bd Sester, oben grenzt <em>Guth<\/em>, die alte Gl\u00f6cknerin, unten Josten Hammann; 2) ein St\u00fcck \u201ein der Mittelsten\u201c genannt, h\u00e4lt 1 \u00bd Sester Saat, oben grenzt Enders He\u00df, unten Arnold Sch\u00fctz; 3) ein St\u00fcck Land <em>auf der Hellen<\/em>, h\u00e4lt \u00bd Achtel Saat, unten grenzt <em>Lehna, <\/em>Witwe des Mertes Heinz; 4) eine Wiese in der Niederwiese, oben grenzt Enders Thiel, unten Rinckers Erben; 5) eine Wiese im Kreuzweg, unten grenzt Mertes Bernhard, oben die Pfarrwiese; 6) eine Hofst\u00e4tte in Fr\u00fccht, oben grenzt Enders He\u00df, unten die gemeine Gasse.<\/span><\/p>\n<p><span style=\"font-family: times new roman, times, serif; font-size: 10pt;\"><strong>2) Gerichtsbuch Fr\u00fccht<\/strong><\/span><\/p>\n<p><span style=\"font-family: times new roman, times, serif; font-size: 10pt;\"><strong>Sitzung vom 17.01.1626:<\/strong> Johannes Mangold d. A. von Oberlahnstein gegen Merten Josten Erben zu Fr\u00fccht wegen Schulden (s. u. Johannes Mangold)<\/span><\/p>\n<hr \/>\n<p style=\"text-align: justify;\"><span style=\"font-family: times new roman, times, serif; font-size: 10pt;\"><span style=\"color: #ff0000;\"><strong><u>Merten<\/u><\/strong><strong>, Bernhard: <\/strong><\/span>Sohn des Jost; + 11.02.1626 Fr\u00fccht (bg. 12.02.); <em>Josten Bernhard vnnd seine Hausfraw Greth den 11ten Februarii in Gott seliglich entschlaffen vnnd folgends den 13 ejusdem ehrlich vnd christlich zur Erden bestattet worden.<\/em><\/span><\/p>\n<p><span style=\"font-family: times new roman, times, serif; font-size: 10pt;\"><em>\u00a0<\/em><\/span><span style=\"font-family: times new roman, times, serif; font-size: 10pt;\"><strong>oo<\/strong> mit<strong> Margaretha (<em>Greth<\/em>):<\/strong> + 11.02.1626 Fr\u00fccht (bg. 12.02.)<\/span><\/p>\n<p><span style=\"font-family: times new roman, times, serif; font-size: 10pt;\"><strong>Weitere Belege:<\/strong> Fr\u00fccht, KB 1, Obligationen<\/span><\/p>\n<p style=\"text-align: justify;\"><span style=\"font-family: times new roman, times, serif; font-size: 10pt;\">[pag. 3] Bernhard, Sohn des Jost Merten (Mertens Josten Bernhard) schuldet der Kirche 13 fl. zu 16 alb. 2 d. Zinsen j\u00e4hrlich, zahlbar auf Martini. Sicherheiten: 1) ein Sester Saat beim dem B\u00e4umchen, oben grenzt Guta, die alte Gl\u00f6cknerin, unten Balthes Merten; 2) ein Sester Saat \u201eim Mittelsten\u201c genannt, oben grenzt Hans Eudelborn, unten <em>Clo\u00dfen Heintz<\/em>, diesen Sester Saat hat Bernhard seinem Sohn als Hochzeitsgabe (<em>hienlichs Gab<\/em>) gegeben; 3) ein St\u00fcck obig Schnabels Kirschb\u00e4umen, oben grenzt Gerhard Korb, unten Johannes Holzh\u00e4user; 4) ein Sester Saat <em>zu hindersten T\u00e4hln<\/em>, unten grenzt Johannes Holzh\u00e4user, oben Junker Johann Gottfried vom Stein; 5) 3 Sester Saat am M\u00fchlpfad, oben grenzt Johannes Holzh\u00e4user, unten Johann Elbert; 6) \u00bd Sester Saat mit dem G\u00e4rtchen <em>hinder Schrammen Hau\u00df <\/em>(\u2026), diese Sicherheit wurde an \u2026 verkauft und ersetzt durch 1 Sester Saat beim B\u00e4umchen, oben grenzt (\u2026) [Text bisher nicht lesbar]. Die Sicherheiten werden am 11.08.1623 als ausreichend angesehen von Schulthei\u00df D\u00f6nges Dalheim, und den Gerichtssch\u00f6ffen Veltens D\u00f6nges, Peter Dalheim, Arnd Sch\u00fctz, Velten Schmidt und Johann Elbert, in Beisein von Adam H\u00f6mberger, Sendsch\u00f6ffe, Konrad Zimmermann und Johann H\u00f6mberger, dermalige Kirchenmeister. Weiter verliehen an Thiel Zimmermann.<\/span><\/p>\n<p><span style=\"font-family: times new roman, times, serif; font-size: 10pt;\">[pag. 16] Bernhard Merten schuldet der Kirche 10 fl. zu 12 \u00bd alb. Zinsen j\u00e4hrlich, zahlbar auf Martini. Sicherheit: ein St\u00fcck Land im Sand, unten grenzt Marx Meuschet, ist ein Anwender. Das Kapital wird weiter verliehen an Philipp B\u00f6cking.<\/span><\/p>\n<hr \/>\n<p style=\"text-align: justify;\"><span style=\"font-family: times new roman, times, serif; font-size: 10pt;\"><span style=\"color: #ff0000;\"><strong><u>Merten<\/u><\/strong><strong>, Hans Enders:<\/strong> k<\/span>ath.; Sohn des Bernhard (Sohn des Jost); + 11.09.1620 Fr\u00fccht (bg. 12.09.); <em>Josten Bernharts Sohn Han\u00df Enders, welcher ein Jahr zu Coblentz sich verhalten vnnd der p\u00e4bstischen Religion zugethan, mit den Kriegern gezogen vnnd allerlej \u2026 \u2026, sich dem b\u00f6sen Feind v[er]sprochen, die Kirch zu Fr\u00fccht nimmer zu besuchen, noch das h[eilige] Abendmal zu gebrauch, den 11ten [Septem]bris, al\u00df er vf die 16 Wochen kranck vnnd dick geschwollen gewesen, wie ein Gottloser gestorben vnnd den 12ten ejusdem v\u00df Befehl der Oberkeit (doch ohne Geleut vnd Predigt, weil ers nit wurdig) des Abends in der Nacht begraben worden<\/em><\/span><\/p>\n<p><span style=\"font-family: times new roman, times, serif; font-size: 10pt;\"><strong>oo<\/strong> mit <strong><em>Fray<\/em><\/strong>: + 25.11.1626 Fr\u00fccht, Pest (bg. 26.11.)<\/span><\/p>\n<hr \/>\n<p><span style=\"font-family: times new roman, times, serif; font-size: 10pt;\"><span style=\"color: #ff0000;\"><strong><u>Merten<\/u>, Johannes:<\/strong> <\/span>bg. 04.04.1636 Braubach<\/span><\/p>\n<p style=\"text-align: justify;\"><span style=\"font-family: times new roman, times, serif; font-size: 10pt;\"><strong>oo I. <\/strong>mit<strong> Katharina:<\/strong> + 22.12.1624 Fr\u00fccht (bg. 23.12.); <em>so anfangs an den R\u00f6den <\/em>[R\u00f6teln ?] <em>kranck gelegen, nachmal\u00df aber auch durch andere Schwacheiten angegrieffen worden<\/em><\/span><\/p>\n<table>\n<tbody>\n<tr>\n<td style=\"text-align: center;\" width=\"30\"><span style=\"font-family: times new roman, times, serif; font-size: 10pt;\"><strong>Nr.<\/strong><\/span><\/td>\n<td width=\"147\"><span style=\"font-family: times new roman, times, serif; font-size: 10pt;\"><strong>Vorname (normiert)<\/strong><\/span><\/td>\n<td style=\"text-align: center;\" width=\"62\"><span style=\"font-family: times new roman, times, serif; font-size: 10pt;\"><strong>*<\/strong><\/span><\/td>\n<td style=\"text-align: center;\" width=\"67\"><span style=\"font-family: times new roman, times, serif; font-size: 10pt;\"><strong>gt.<\/strong><\/span><\/td>\n<td style=\"text-align: center;\" width=\"72\"><span style=\"font-family: times new roman, times, serif; font-size: 10pt;\"><strong>konf.<\/strong><\/span><\/td>\n<td style=\"text-align: center;\" width=\"63\"><span style=\"font-family: times new roman, times, serif; font-size: 10pt;\"><strong>+<\/strong><\/span><\/td>\n<td style=\"text-align: center;\" width=\"64\"><span style=\"font-family: times new roman, times, serif; font-size: 10pt;\"><strong>bg.<\/strong><\/span><\/td>\n<td style=\"text-align: center;\" width=\"40\"><span style=\"font-family: times new roman, times, serif; font-size: 10pt;\"><strong>Alter<\/strong><\/span><\/td>\n<td style=\"text-align: center;\" width=\"42\"><span style=\"font-family: times new roman, times, serif; font-size: 10pt;\"><strong>Stand<\/strong><\/span><\/td>\n<\/tr>\n<tr>\n<td style=\"text-align: center;\" width=\"30\"><span style=\"font-family: times new roman, times, serif; font-size: 10pt;\">1<\/span><\/td>\n<td width=\"147\"><span style=\"font-family: times new roman, times, serif; font-size: 10pt;\">Maria<\/span><\/td>\n<td style=\"text-align: center;\" width=\"62\"><\/td>\n<td style=\"text-align: center;\" width=\"67\"><span style=\"font-family: times new roman, times, serif; font-size: 10pt;\">10.08.1617<\/span><\/td>\n<td style=\"text-align: center;\" width=\"72\"><\/td>\n<td style=\"text-align: center;\" width=\"63\"><\/td>\n<td style=\"text-align: center;\" width=\"64\"><\/td>\n<td style=\"text-align: center;\" width=\"40\"><\/td>\n<td style=\"text-align: center;\" width=\"42\"><\/td>\n<\/tr>\n<\/tbody>\n<\/table>\n<p><span style=\"font-family: times new roman, times, serif; font-size: 10pt;\"><strong>Paten: <\/strong><em>Velten\u00df Jacob; Velten Schmids Hausfraw; vnd Matthe\u00df Schneiders Hausfraw; s\u00e4mptlich zu Fr\u00fccht<\/em><\/span><\/p>\n<p><span style=\"font-family: times new roman, times, serif; font-size: 10pt;\"><strong>oo II.<\/strong> mit <strong>Margaretha:<\/strong> bg. 07.04.1636 Braubach<\/span><\/p>\n<table>\n<tbody>\n<tr>\n<td style=\"text-align: center;\" width=\"30\"><span style=\"font-family: times new roman, times, serif; font-size: 10pt;\"><strong>Nr.<\/strong><\/span><\/td>\n<td width=\"147\"><span style=\"font-family: times new roman, times, serif; font-size: 10pt;\"><strong>Vorname (normiert)<\/strong><\/span><\/td>\n<td style=\"text-align: center;\" width=\"62\"><span style=\"font-family: times new roman, times, serif; font-size: 10pt;\"><strong>*<\/strong><\/span><\/td>\n<td style=\"text-align: center;\" width=\"67\"><span style=\"font-family: times new roman, times, serif; font-size: 10pt;\"><strong>gt.<\/strong><\/span><\/td>\n<td style=\"text-align: center;\" width=\"72\"><span style=\"font-family: times new roman, times, serif; font-size: 10pt;\"><strong>konf.<\/strong><\/span><\/td>\n<td style=\"text-align: center;\" width=\"63\"><span style=\"font-family: times new roman, times, serif; font-size: 10pt;\"><strong>+<\/strong><\/span><\/td>\n<td style=\"text-align: center;\" width=\"64\"><span style=\"font-family: times new roman, times, serif; font-size: 10pt;\"><strong>bg.<\/strong><\/span><\/td>\n<td style=\"text-align: center;\" width=\"40\"><span style=\"font-family: times new roman, times, serif; font-size: 10pt;\"><strong>Alter<\/strong><\/span><\/td>\n<td style=\"text-align: center;\" width=\"42\"><span style=\"font-family: times new roman, times, serif; font-size: 10pt;\"><strong>Stand<\/strong><\/span><\/td>\n<\/tr>\n<tr>\n<td style=\"text-align: center;\" width=\"30\"><span style=\"font-family: times new roman, times, serif; font-size: 10pt;\">1<\/span><\/td>\n<td width=\"147\"><span style=\"font-family: times new roman, times, serif; font-size: 10pt;\">Anna Maria<\/span><\/td>\n<td style=\"text-align: center;\" width=\"62\"><\/td>\n<td style=\"text-align: center;\" width=\"67\"><span style=\"font-family: times new roman, times, serif; font-size: 10pt;\">07.04.1629<\/span><\/td>\n<td style=\"text-align: center;\" width=\"72\"><\/td>\n<td style=\"text-align: center;\" width=\"63\"><\/td>\n<td style=\"text-align: center;\" width=\"64\"><\/td>\n<td style=\"text-align: center;\" width=\"40\"><\/td>\n<td style=\"text-align: center;\" width=\"42\"><\/td>\n<\/tr>\n<tr>\n<td style=\"text-align: center;\" width=\"30\"><span style=\"font-family: times new roman, times, serif; font-size: 10pt;\">2<\/span><\/td>\n<td width=\"147\"><span style=\"font-family: times new roman, times, serif; font-size: 10pt;\">Emmerich Arnold<\/span><\/td>\n<td style=\"text-align: center;\" width=\"62\"><\/td>\n<td style=\"text-align: center;\" width=\"67\"><\/td>\n<td style=\"text-align: center;\" width=\"72\"><\/td>\n<td style=\"text-align: center;\" width=\"63\"><\/td>\n<td style=\"text-align: center;\" width=\"64\"><span style=\"font-family: times new roman, times, serif; font-size: 10pt;\">10.04.1636<\/span><\/td>\n<td style=\"text-align: center;\" width=\"40\"><\/td>\n<td style=\"text-align: center;\" width=\"42\"><\/td>\n<\/tr>\n<\/tbody>\n<\/table>\n<p><span style=\"font-family: times new roman, times, serif; font-size: 10pt;\">Kind Nr. 2) + Braubach<\/span><\/p>\n<p><span style=\"font-family: times new roman, times, serif; font-size: 10pt;\"><strong>Paten:<\/strong> <em>Jacob Rincker; D\u00f6ngesen vff der Kratzen Hau\u00dffr[au] Anna; vnd Endre\u00df Rinckers Weib Maria<\/em><\/span><\/p>\n<p><span style=\"font-family: times new roman, times, serif; font-size: 10pt;\"><strong>Weitere Belege:<\/strong> Fr\u00fccht, KB 1, Obligationen<\/span><\/p>\n<p style=\"text-align: justify;\"><span style=\"font-family: times new roman, times, serif; font-size: 10pt;\">[pag. 59] Johannes Merten schuldet der Kirche 28 fl. zu 1 fl. 11 alb. Zinsen j\u00e4hrlich. Sicherheiten: 1) ein Weingarten im Tal, unten grenzt der Pfarrwingert, unten Enders Rincker; 2) ein Baumgarten oben im Bauderich, oben grenzt Johannes Holzh\u00e4user, unten <em>Thilen<\/em> Emmerich; 3) eine Wiese in den Semeln, unten grenzen die Deutschherren, oben <em>Mertes<\/em> Bernhard; 4) ein Weingarten im H\u00fcttental, grenzt zwischen Adam H\u00f6mberger; 5) ein St\u00fcck gelegen am Kreuzweg, oben grenzt der gemeine Weg, unten Junker Ludwig vom Stein; 6) ein Wiesenpl\u00e4cklein hinter <em>Schrammen Haussen<\/em> [?], oben grenzt Ludwig vom Stein, unden die Erben des D\u00f6nges Rincker; 7) ein St\u00fcck auf dem M\u00fchlberg auf der \u2026 Gemarkung, oben grenzt Junker Gottfried vom Stein, unten Enders Rincker. Die Sicherheiten wurden von Schulthei\u00df und Sch\u00f6ffen zu Fr\u00fccht in Beisein beider Kirchenmeister als ausreichend angesehen.<\/span><\/p>\n<hr \/>\n<p style=\"text-align: justify;\"><span style=\"font-family: times new roman, times, serif; font-size: 10pt;\"><span style=\"color: #ff0000;\"><strong>Mertes Peter<\/strong>:<\/span> aus Ems; Fr\u00fccht, KB 1, Obligationen, pag. 27: Mertes Peter aus Ems schuldet der Kirche in Fr\u00fccht 10 \u00bd fl. zu 11 alb. 7 d. Zinsen j\u00e4hrlich. Sicherheit: ein Weingarten auf dem<em> Hart <\/em>samt dem Garten daran, zwischen <em>Elen <\/em>[?] <em>Micheln <\/em>n\u00e4chst dem Dorf und Friederichs Simon auf der anderen Seite. Sollte die Sicherheit nicht ausreichend sein, st\u00fcnden seine anderen G\u00fcter zur Verf\u00fcgung. Das Kapital wird am 02.01.1632 von Johannes Holzh\u00e4user \u00fcbernommen.<\/span><\/p>\n<hr \/>\n<p><span style=\"font-size: 10pt; font-family: times new roman, times, serif;\"><b>Letztes Update: 29. November 2022<\/b><\/span><br \/>\n<span style=\"font-size: 10pt; font-family: times new roman, times, serif;\"><b>Ralph Jackmuth<\/b><\/span><\/p>\n","protected":false},"excerpt":{"rendered":"<p>Merten, Helena: Witwe des Heinz Merten Weitere Belege: Fr\u00fccht, KB 1, Obligationen [pag. 5] Helena, Witwe des Heinz Merten, schuldet der Kirche 8 fl. zu 10 alb. Zinsen j\u00e4hrlich, zahlbar auf Martini. Sicherheit: ein St\u00fcck Land auf Bauderich, oben grenzt Konrad Zimmermann, unten Clo\u00dfen Hammans Jacob. Die Sicherheit wird am 11.08.1623 als ausreichend angesehen von &hellip; <a href=\"https:\/\/www.ahnenforschung-jackmuth.de\/?page_id=10047\" class=\"more-link\"><span class=\"screen-reader-text\">\u201eOFB Fr\u00fccht 1615-1817 &#8211; Merten\u201c<\/span> weiterlesen<\/a><\/p>\n","protected":false},"author":1,"featured_media":0,"parent":0,"menu_order":0,"comment_status":"closed","ping_status":"closed","template":"","meta":{"footnotes":""},"class_list":["post-10047","page","type-page","status-publish","hentry"],"_links":{"self":[{"href":"https:\/\/www.ahnenforschung-jackmuth.de\/index.php?rest_route=\/wp\/v2\/pages\/10047","targetHints":{"allow":["GET"]}}],"collection":[{"href":"https:\/\/www.ahnenforschung-jackmuth.de\/index.php?rest_route=\/wp\/v2\/pages"}],"about":[{"href":"https:\/\/www.ahnenforschung-jackmuth.de\/index.php?rest_route=\/wp\/v2\/types\/page"}],"author":[{"embeddable":true,"href":"https:\/\/www.ahnenforschung-jackmuth.de\/index.php?rest_route=\/wp\/v2\/users\/1"}],"replies":[{"embeddable":true,"href":"https:\/\/www.ahnenforschung-jackmuth.de\/index.php?rest_route=%2Fwp%2Fv2%2Fcomments&post=10047"}],"version-history":[{"count":0,"href":"https:\/\/www.ahnenforschung-jackmuth.de\/index.php?rest_route=\/wp\/v2\/pages\/10047\/revisions"}],"wp:attachment":[{"href":"https:\/\/www.ahnenforschung-jackmuth.de\/index.php?rest_route=%2Fwp%2Fv2%2Fmedia&parent=10047"}],"curies":[{"name":"wp","href":"https:\/\/api.w.org\/{rel}","templated":true}]}}